{"id":3663,"date":"2015-04-09T18:03:23","date_gmt":"2015-04-09T16:03:23","guid":{"rendered":"http:\/\/surmedicalisation.fr\/?page_id=3663"},"modified":"2016-05-20T14:47:16","modified_gmt":"2016-05-20T12:47:16","slug":"colloque-2015-programme-definitif","status":"publish","type":"page","link":"http:\/\/surmedicalisation.fr\/?page_id=3663","title":{"rendered":"Colloque 2015 &#8211; Programme d\u00e9finitif"},"content":{"rendered":"<p><script>\/\/ <![CDATA[\n(function(i,s,o,g,r,a,m){i['GoogleAnalyticsObject']=r;i[r]=i[r]||function(){ (i[r].q=i[r].q||[]).push(arguments)},i[r].l=1*new Date();a=s.createElement(o), m=s.getElementsByTagName(o)[0];a.async=1;a.src=g;m.parentNode.insertBefore(a,m) })(window,document,'script','\/\/www.google-analytics.com\/analytics.js','ga'); ga('create', 'UA-40453293-1', 'surmedicalisation.fr'); ga('send', 'pageview');\n\/\/ ]]><\/script><\/p>\n<p><strong><span style=\"color: #000000;\">09\/04\/2015 &#8211; Programme d\u00e9finitif du colloque 2015<\/span><\/strong><\/p>\n<p>Le groupe Princeps, le D\u00e9partement de M\u00e9decine G\u00e9n\u00e9rale de la Facult\u00e9 de M\u00e9decine de Bobigny, la Soci\u00e9t\u00e9 de Formation Th\u00e9rapeutique du G\u00e9n\u00e9raliste (SFTG) et l\u2019association Civic Sant\u00e9 ont le plaisir de vous pr\u00e9ciser le programme<\/p>\n<p><strong>4\u00b0 Colloque de Bobigny\u00a0: \u00ab\u00a0Sur- et sous-m\u00e9dicalisation, surdiagnostics et surtraitements\u00a0\u00bb<\/strong><\/p>\n<p>Qui se tiendra, sous la haute autorit\u00e9 du Doyen de la Facult\u00e9 de M\u00e9decine de Bobigny (UFR SMBH), les <strong>vendredi 17 et samedi 18 avril 2015<\/strong>, Facult\u00e9 de m\u00e9decine de Bobigny (entr\u00e9e du parking et des pi\u00e9tons avenue de la Convention)<\/p>\n<p>&nbsp;<\/p>\n<p><strong><em><span style=\"text-decoration: underline;\">&gt; Vendredi 17 avril 2015 le matin<\/span><\/em><\/strong>,<\/p>\n<p>8H30 &#8211; Accueil des participants<\/p>\n<p>9h00 \u00a0 &#8211; Accueil du Doyen de la facult\u00e9 de m\u00e9decine de Bobigny<\/p>\n<p><strong><em>Atelier 1<\/em><\/strong><em> d\u00e9di\u00e9 \u00e0 la m\u00e9moire de <strong>Bernard JUNOD<\/strong><\/em>\u00a0: <strong><em>Apports et exc\u00e8s de la m\u00e9decine pr\u00e9dictive et des d\u00e9pistages.<\/em><\/strong><\/p>\n<p>9h15 \u00a0 &#8211; Conf\u00e9rence introductive du <strong>Pr.<\/strong> <strong>Philippe RAVAUD<\/strong>, Centre Cochrane fran\u00e7ais, INSERM U1153, Universit\u00e9 Ren\u00e9 Descartes\u00a0: <strong>\u00ab\u00a0M\u00e9decine personnalis\u00e9e\u00a0: mythes ou r\u00e9alit\u00e9\u00a0?\u00a0\u00bb <\/strong>(30 min.)<\/p>\n<p style=\"text-align: justify;\">9h45<strong> \u00a0 <\/strong>&#8211; Introduction<strong> Jean-Claude SALOMON <\/strong>(5 min.)<br \/>\n&#8211; Pr\u00e9sentation <strong>Bernard PABION \u00ab\u00a0Balance B\u00e9n\u00e9fices Risques du d\u00e9pistag organis\u00e9 par mammographie en France\u00a0\u00bb <\/strong>(10 min.)<br \/>\n&#8211; Pr\u00e9sentation <strong>Lionel POURTAU \u00ab\u00a0Perception et repr\u00e9sentations d\u2019un<br \/>\nnouvel outil de calcul du risque de cancer du sein\u00a0\u00bb\u00a0<\/strong>(10 min.)<\/p>\n<p>10h15 &#8211; Pause-caf\u00e9 et coup d\u2019\u0153il sur les posters<\/p>\n<p>10h45 &#8211; Discussion en sous-groupes (3 dans l\u2019amphi et 2 dans la salle R37 en face)<\/p>\n<p>12h00 &#8211; Pl\u00e9ni\u00e8re &#8211; Rapports des sous-groupes (10 minutes par sous-groupe)<\/p>\n<p>Les dix questions suivantes relatives \u00e0 la th\u00e9matique de l\u2019atelier 1 alimenteront les travaux des participants r\u00e9partis dans les 5 sous-groupes\u00a0:<\/p>\n<ol>\n<li>M\u00e9decine personnalis\u00e9e\u00a0: mythes ou r\u00e9alit\u00e9\u00a0?<\/li>\n<li>Les calculateurs de risque cardio-vasculaire permettent-ils ou permettront-ils d\u2019am\u00e9liorer les conditions du d\u00e9pistage\u00a0?<\/li>\n<li>Apr\u00e8s Big Pharma, Big Data contribuera-t-il plus \u00e0 la sant\u00e9 du march\u00e9 qu\u2019\u00e0 la sant\u00e9 des hommes\u00a0?<\/li>\n<li>Quelle d\u00e9cision est prise le plus souvent par le patient ou la patiente en \u00e2ge d\u2019\u00eatre d\u00e9pist\u00e9(e) lorsqu\u2019il ou elle est bien inform\u00e9(e) des risques de surdiagnostic ?<\/li>\n<li>Comment mieux prendre en compte les pr\u00e9f\u00e9rences du patient en mati\u00e8re de d\u00e9pistage de masse\u00a0?<\/li>\n<li>Comment d\u00e9mystifier, aupr\u00e8s des professionnels de sant\u00e9 et du grand public, l\u2019apport de la g\u00e9nomique dans les progr\u00e8s th\u00e9rapeutiques\u00a0?<\/li>\n<li>Quelles sont la validit\u00e9 et l\u2019utilit\u00e9 cliniques des bioth\u00e9rapies associ\u00e9es \u00e0 leurs biotests\u00a0?<\/li>\n<li>Pourquoi mieux informer le patient sur le rapport b\u00e9n\u00e9fice \/ risque d\u2019un d\u00e9pistage\u00a0?<\/li>\n<li>Comment mieux informer le patient sur le rapport b\u00e9n\u00e9fice \/ risque d\u2019un d\u00e9pistage\u00a0?<\/li>\n<li>Comment \u00e9tablir la liste des \u00ab\u00a0d\u00e9pistages essentiels\u00a0\u00bb\u00a0?<\/li>\n<\/ol>\n<p>12h30 &#8211; D\u00e9jeuner<\/p>\n<p>&nbsp;<\/p>\n<p><strong><em><span style=\"text-decoration: underline;\">Vendredi 17 avril 2015 apr\u00e8s midi<\/span><\/em><\/strong>\u00a0:<\/p>\n<p>13h45 &#8211; Visite guid\u00e9e des posters- Alain SIARY, Ma\u00eflys MICHOT-CASBAS (45 min.)<\/p>\n<p><strong><em><span style=\"text-decoration: underline;\">\u00a0<\/span><\/em><\/strong><\/p>\n<p><strong><em>Atelier 2<\/em><\/strong> &#8211; <strong><em>Cons\u00e9quences des modes de r\u00e9mun\u00e9ration des professionnels de sant\u00e9 et des structures de soins sur la pertinence des soins<\/em><\/strong>.<\/p>\n<p>14h30 &#8211; Conf\u00e9rence introductive de Madame <strong>Dominique POLTON<\/strong>, Conseill\u00e8re aupr\u00e8s du Directeur G\u00e9n\u00e9ral de la CNAMTS. (30 min.)<\/p>\n<p>15h00 &#8211; Introduction<strong> Omar BRIXI <\/strong>(5 min.)<br \/>\n&#8211; Pr\u00e9sentation <strong>Didier M\u00c9NARD \u00ab\u00a0d\u00e9finir d&rsquo;abord le service, ensuite le mode de r\u00e9mun\u00e9ration\u00a0\u00bb <\/strong>(10 min.)<br \/>\n&#8211; Pr\u00e9sentation <strong>L\u00e9a<\/strong> <strong>TOULEMON \u00ab\u00a0D\u00e9m\u00e9nager vers un syst\u00e8me o\u00f9 l\u2019assurance maladie est plus g\u00e9n\u00e9reuse augmente-t-il la consommation de soins de sant\u00e9 ? \u00bb\u00a0<\/strong>(10 min.)<br \/>\n&#8211; Pr\u00e9sentation <strong>Pierre DRIELSMA, Belgique \u00ab\u00a0Impact du changement de r\u00e9mun\u00e9ration sur les pratiques de soins et de sant\u00e9 ; impact sur les patients ; impact sur le positionnement des MM, impact politique, obstacle et menace \u00bb\u00a0<\/strong>(10 min.)<\/p>\n<p>15h35 &#8211; Discussion en sous-groupes (3 dans l\u2019amphi et 2 dans la salle R37 en face)<\/p>\n<p>16h50 &#8211; Pl\u00e9ni\u00e8re &#8211; Rapports des sous-groupes (10 minutes par sous-groupe)<\/p>\n<p>Les dix questions relatives \u00e0 la th\u00e9matique de l\u2019atelier 2 sur lesquelles plancheront les participants\u00a0r\u00e9partis en 5 sous-groupes :<\/p>\n<ol>\n<li>Entre contenus, r\u00e8gles et pratiques des diff\u00e9rents modes de r\u00e9mun\u00e9rations (\u00e0 l\u2019acte, aux salaires, aux forfaits et des formules associ\u00e9es\u2026), qu\u2019en est-il en France et dans un certain nombre de pays ?<\/li>\n<li>Peut-on en tirer une typologie qui nous permette de disposer d\u2019une grille de lecture\u00a0plus syst\u00e9matique?<\/li>\n<li>De quelles donn\u00e9es disposons-nous sur leurs cons\u00e9quences au plan \u00e9conomique\u00a0?<\/li>\n<li>De quelles donn\u00e9es disposons-nous sur leurs cons\u00e9quences au plan des soins\u00a0: nature, cadre, ad\u00e9quations\u00a0?<\/li>\n<li>Pour avancer, quel abord\u00a0: celui des missions, des fonctions, des prestations\u00a0ou des organisations ?<\/li>\n<li>Qui, pour en convenir\u00a0: les corporations professionnelles, l\u2019assurance maladie, les assur\u00e9s, les pouvoirs publics\u00a0?<\/li>\n<li>Que voulons-nous dire, aujourd\u2019hui en 2015, qui apporte une plus-value pour un syst\u00e8me de soins au service de la sant\u00e9 pour tous.<\/li>\n<li>Que faudrait-il modifier prioritairement dans le financement T2A pour favoriser la pertinence et l\u2019efficience\u00a0?<\/li>\n<li>Comment le d\u00e9veloppement de l\u2019ambulatoire peut il favoriser les surdiagnostics et surtraitements ou au contraire la pertinence des soins\u00a0?<\/li>\n<li>Comment optimiser les programmes de r\u00e9mun\u00e9ration \u00e0 la performance des professionnels de sant\u00e9 (ROSP) afin d\u2019am\u00e9liorer la pertinence et l\u2019efficience\u00a0?<\/li>\n<\/ol>\n<p>&nbsp;<\/p>\n<p>17h20 &#8211; <span style=\"color: #0000ff;\"><strong>POINT de PRESSE<\/strong><\/span><\/p>\n<p>&nbsp;<\/p>\n<p><strong><em><span style=\"text-decoration: underline;\">Samedi 18 avril 2015 le matin<\/span><\/em><\/strong>\u00a0:<\/p>\n<p>8H30 &#8211; Accueil des participants<\/p>\n<p><strong><em>Atelier 3<\/em><\/strong> &#8211; <strong><em>M\u00e9dicaments essentiels, g\u00e9n\u00e9riques, m\u00e9dicaments co\u00fbteux<\/em><\/strong>.<\/p>\n<p>9h00 \u00a0 &#8211; Conf\u00e9rence introductive du <strong>Pr Michel THOMAS \u00ab\u00a0Le m\u00e9decin clinicien : premier des m\u00e9dicaments essentiels?\u00a0\u00bb<\/strong><\/p>\n<p>9h30 \u00a0 &#8211; Introduction <strong>Fran\u00e7ois PESTY<\/strong> (5 min.)<strong><br \/>\n<\/strong>&#8211; Pr\u00e9sentation <strong>Marthe PERRIAUX \u00ab\u00a0100 m\u00e9dicaments essentiels de m\u00e9decine g\u00e9n\u00e9rale\u00a0\u00bb <\/strong>(10 min.)<br \/>\n&#8211; Pr\u00e9sentation <strong>Amina TALEB \u00ab\u00a0Le co\u00fbt des nouveaux anticanc\u00e9reux \u00bb\u00a0<\/strong>(10 min.)<br \/>\n&#8211; Pr\u00e9sentation <strong>Jean-Claude SALOMON \u00ab\u00a0Formation du prix des m\u00e9dicaments (trop) co\u00fbteux \u00bb\u00a0<\/strong>(10 min.)<\/p>\n<p>10h05 &#8211; Pause-caf\u00e9 et coup d\u2019\u0153il sur les posters<\/p>\n<p>10h30 &#8211; Discussion en sous-groupes (3 dans l\u2019amphi et 2 dans la salle R37 en face)<\/p>\n<p>11h45 &#8211; Pl\u00e9ni\u00e8re &#8211; Rapports des sous-groupes (10 minutes par sous-groupe)<\/p>\n<p>Les dix questionnements pour les travaux des participants r\u00e9partis en 5 sous-groupes :<\/p>\n<ol>\n<li>Le m\u00e9decin\u00a0: le premier des m\u00e9dicaments essentiels (ME)\u00a0?<\/li>\n<li>Pourquoi une liste retreinte de ME et quels freins \u00e9ventuels \u00e0 sa mise au point\u00a0?<\/li>\n<li>ME\u00a0: gratuits sur ordonnance ou rembours\u00e9s \u00e0 100%, ou rembours\u00e9s \u00e0 100% uniquement si prescrits sur ordonnance?<\/li>\n<li>Une liste restreinte de ME doit elle \u00eatre opposable ou incitative\u00a0?<\/li>\n<li>Quelles modalit\u00e9s pour mettre au point, mettre \u00e0 jour et populariser une liste de ME.<\/li>\n<li>Toute mol\u00e9cule tomb\u00e9e dans le domaine public doit-elle \u00eatre g\u00e9n\u00e9riqu\u00e9e\u00a0?<\/li>\n<li>Y-a-t-il de bons et de mauvais g\u00e9n\u00e9riques d\u2019un m\u00eame princeps\u00a0?<\/li>\n<li>Que justifient ces prix exorbitants\u00a0?<\/li>\n<li>Est-ce une fa\u00e7on de ran\u00e7onner les budgets sociaux\u00a0?<\/li>\n<li>Y-a-t-il conflits avec les assurances priv\u00e9es (par ex aux USA)\u00a0?<\/li>\n<\/ol>\n<p>&nbsp;<\/p>\n<p>12h30\/12h45 &#8211; Conf\u00e9rence de cl\u00f4ture du <strong>Pr.<\/strong> <strong>Lo\u00efc GUILLEVIN<\/strong>, M\u00e9decin interniste, Professeur de th\u00e9rapeutique, Pr\u00e9sident de la Commission de la Transparence de la HAS. (30 min.)<\/p>\n<p>13h00-13h15 &#8211; Fin du colloque 2015<\/p>\n<p>&nbsp;<\/p>\n<p>&nbsp;<\/p>\n<p>&nbsp;<\/p>\n<p><strong>INSCRIPTIONS<\/strong><\/p>\n<p>Le montant de l\u2019inscription est de <strong>30 euros<\/strong>. L\u2019inscription comprend l\u2019accueil et les pauses caf\u00e9, le d\u00e9jeuner du vendredi.<\/p>\n<p>Les inscriptions doivent \u00eatre adress\u00e9es \u00e0 la <strong>SFTG, 233 bis rue de Tolbiac 75013 Paris<\/strong>, avec la mention \u00ab\u00a0Colloque de Bobigny\u00a0\u00bb. Une inscription en ligne\u00a0est \u00e9galement possible en suivant le lien : <a href=\"http:\/\/www.sftg.eu\/programme-par-dates\/avril-2015\/469-colloque-sur--et-sous-medicalisation-surdiagnostics-surtraitements.html\">http:\/\/www.sftg.eu\/programme-par-dates\/avril-2015\/469-colloque-sur&#8211;et-sous-medicalisation-surdiagnostics-surtraitements.html<\/a><\/p>\n<p>&nbsp;<\/p>\n<p>Le groupe Princeps<\/p>\n<p>T\u00e9l\u00e9charger le programme 2015 au format pdf : <a href=\"http:\/\/surmedicalisation.fr\/blog\/WordPress3\/wp-content\/uploads\/2015\/04\/Programme_Colloque_4S_2015_Bobigny_09-04-2015_vdef.pdf\" target=\"_blank\">ici<\/a><\/p>\n<p>Nota\u00a0: Les actes des \u00e9ditions 2012, 2013 et 2014 du Colloque sont accessibles en suivant le lien\u00a0: <a href=\"http:\/\/surmedicalisation.fr\/?page_id=103\">http:\/\/surmedicalisation.fr\/?page_id=103<\/a><\/p>\n<p><script>\/\/ <![CDATA[\n(function(i,s,o,g,r,a,m){i['GoogleAnalyticsObject']=r;i[r]=i[r]||function(){ (i[r].q=i[r].q||[]).push(arguments)},i[r].l=1*new Date();a=s.createElement(o), m=s.getElementsByTagName(o)[0];a.async=1;a.src=g;m.parentNode.insertBefore(a,m) })(window,document,'script','\/\/www.google-analytics.com\/analytics.js','ga'); ga('create', 'UA-40453293-1', 'surmedicalisation.fr'); ga('send', 'pageview');\n\/\/ ]]><\/script><\/p>\n","protected":false},"excerpt":{"rendered":"<p>09\/04\/2015 &#8211; Programme d\u00e9finitif du colloque 2015 Le groupe Princeps, le D\u00e9partement de M\u00e9decine G\u00e9n\u00e9rale de la Facult\u00e9 de M\u00e9decine de Bobigny, la Soci\u00e9t\u00e9 de Formation Th\u00e9rapeutique du G\u00e9n\u00e9raliste (SFTG) et l\u2019association Civic Sant\u00e9 ont le plaisir de vous pr\u00e9ciser &hellip; <a href=\"http:\/\/surmedicalisation.fr\/?page_id=3663\">Continuer la lecture <span class=\"meta-nav\">&rarr;<\/span><\/a><\/p>\n","protected":false},"author":1,"featured_media":0,"parent":3621,"menu_order":2,"comment_status":"open","ping_status":"open","template":"","meta":[],"_links":{"self":[{"href":"http:\/\/surmedicalisation.fr\/index.php?rest_route=\/wp\/v2\/pages\/3663"}],"collection":[{"href":"http:\/\/surmedicalisation.fr\/index.php?rest_route=\/wp\/v2\/pages"}],"about":[{"href":"http:\/\/surmedicalisation.fr\/index.php?rest_route=\/wp\/v2\/types\/page"}],"author":[{"embeddable":true,"href":"http:\/\/surmedicalisation.fr\/index.php?rest_route=\/wp\/v2\/users\/1"}],"replies":[{"embeddable":true,"href":"http:\/\/surmedicalisation.fr\/index.php?rest_route=%2Fwp%2Fv2%2Fcomments&post=3663"}],"version-history":[{"count":12,"href":"http:\/\/surmedicalisation.fr\/index.php?rest_route=\/wp\/v2\/pages\/3663\/revisions"}],"predecessor-version":[{"id":4006,"href":"http:\/\/surmedicalisation.fr\/index.php?rest_route=\/wp\/v2\/pages\/3663\/revisions\/4006"}],"up":[{"embeddable":true,"href":"http:\/\/surmedicalisation.fr\/index.php?rest_route=\/wp\/v2\/pages\/3621"}],"wp:attachment":[{"href":"http:\/\/surmedicalisation.fr\/index.php?rest_route=%2Fwp%2Fv2%2Fmedia&parent=3663"}],"curies":[{"name":"wp","href":"https:\/\/api.w.org\/{rel}","templated":true}]}}