{"id":3749,"date":"2016-02-26T18:59:06","date_gmt":"2016-02-26T17:59:06","guid":{"rendered":"http:\/\/surmedicalisation.fr\/?page_id=3749"},"modified":"2016-03-04T11:00:20","modified_gmt":"2016-03-04T10:00:20","slug":"1er-appel-a-contribution-26022016","status":"publish","type":"page","link":"http:\/\/surmedicalisation.fr\/?page_id=3749","title":{"rendered":"1er appel \u00e0 contribution &#8211; 26\/02\/2016"},"content":{"rendered":"<p><script>\/\/ <![CDATA[\n(function(i,s,o,g,r,a,m){i['GoogleAnalyticsObject']=r;i[r]=i[r]||function(){ (i[r].q=i[r].q||[]).push(arguments)},i[r].l=1*new Date();a=s.createElement(o), m=s.getElementsByTagName(o)[0];a.async=1;a.src=g;m.parentNode.insertBefore(a,m) })(window,document,'script','\/\/www.google-analytics.com\/analytics.js','ga'); ga('create', 'UA-40453293-1', 'surmedicalisation.fr'); ga('send', 'pageview');\n\/\/ ]]><\/script><\/p>\n<p>26\/02\/2016<\/p>\n<p><strong><span style=\"color: #000000;\">PREMI\u00c8RE ANNONCE ET APPEL \u00c1 COMMUNICATIONS<\/span><\/strong><\/p>\n<p>&nbsp;<\/p>\n<p style=\"text-align: justify;\">Le groupe Princeps, le D\u00e9partement de M\u00e9decine G\u00e9n\u00e9rale de la Facult\u00e9 de M\u00e9decine de Bobigny, la Soci\u00e9t\u00e9 de Formation Th\u00e9rapeutique du G\u00e9n\u00e9raliste (SFTG) et l\u2019association Civic Sant\u00e9 ont le plaisir de vous inviter au<\/p>\n<p>&nbsp;<\/p>\n<h1 style=\"text-align: justify;\"><strong><span style=\"color: #000000;\">5\u00b0 Colloque de Bobigny\u00a0: \u00ab\u00a0Sur- et sous-m\u00e9dicalisation, surdiagnostics et surtraitements\u00a0\u00bb<\/span><\/strong><\/h1>\n<p>&nbsp;<\/p>\n<p style=\"text-align: justify;\">Qui se tiendra, sous le patronage du Doyen de la Facult\u00e9 de M\u00e9decine de Bobigny (UFR SMBH),\u00a0 les vendredi 27 et samedi 28 mai 2016, Facult\u00e9 de m\u00e9decine de Bobigny (entr\u00e9e du parking et des pi\u00e9tons avenue de la Convention)<\/p>\n<p><strong><span style=\"color: #000000;\">Pr\u00e9programme\u00a0:<\/span><\/strong><\/p>\n<p style=\"text-align: justify;\">Vendredi 27 mai 2016 le matin, s\u00e9rie de 3 mises au point de 20 \u00e0 30 minutes suivies de d\u00e9bat en s\u00e9ances pl\u00e9ni\u00e8re\u00a0:<\/p>\n<p style=\"padding-left: 30px;\"><em>&#8211; Etat des lieux\u00a0 sur la surm\u00e9dicalisation<\/em><\/p>\n<p style=\"padding-left: 30px;\"><em>&#8211; Etat des lieux sur les m\u00e9dicaments essentiels<\/em><\/p>\n<p style=\"padding-left: 30px;\"><em>&#8211; Etat des lieux sur le d\u00e9pistage du cancer du sein<\/em><\/p>\n<p style=\"text-align: justify;\">Vendredi 27 mai 2016 apr\u00e8s midi, 2 ateliers (conf\u00e9rence introductive de 20-30 minutes, deux ou trois contributions de 10 minutes, puis discussion g\u00e9n\u00e9rale ouverte) sur les th\u00e9matiques suivantes\u00a0:<\/p>\n<p style=\"padding-left: 30px;\"><em>&#8211; Antibior\u00e9sistance, cons\u00e9quence de surdiagnostics et de surtraitements<\/em><\/p>\n<p style=\"padding-left: 30px;\"><em>&#8211; Surm\u00e9dicalisation et d\u00e9prescriptions chez les personnes \u00e2g\u00e9es<\/em><\/p>\n<p>Samedi 28 mai 2016 le matin, un atelier\u00a0:<\/p>\n<p style=\"padding-left: 30px;\"><em>&#8211; Prix et politiques des m\u00e9dicaments en 2016,<\/em><\/p>\n<p>&nbsp;<\/p>\n<p>Le d\u00e9jeuner du vendredi midi sera servi \u00e0 la facult\u00e9<\/p>\n<p style=\"text-align: center;\"><strong><span style=\"color: #000000;\">INSCRIPTIONS<\/span><\/strong><\/p>\n<p style=\"text-align: justify;\">Le montant de l\u2019inscription est de 40 euros (20 euros pour les \u00e9tudiants et Internes en M\u00e9decine).<\/p>\n<p style=\"text-align: justify;\">Ces frais d\u2019inscription tr\u00e8s limit\u00e9s, qui comprennent les accueils et pauses caf\u00e9, le repas de midi du vendredi, et l\u2019intendance du colloque, ne sont possibles que gr\u00e2ce aux locaux mis \u00e0 disposition par la Facult\u00e9 de m\u00e9decine de Bobigny, et l\u2019engagement de la SFTG. Cette modeste somme est le prix de notre ind\u00e9pendance.<\/p>\n<p style=\"text-align: justify;\">Les inscriptions doivent \u00eatre adress\u00e9es \u00e0 la SFTG, 233 bis rue de Tolbiac 75013 Paris, avec la mention \u00ab\u00a0Colloque de Bobigny\u00a0\u00bb. L\u2019inscription en ligne est possible : <a href=\"http:\/\/www.sftg.eu\/programme-par-dates\/annee-2016\/469-colloque-sur--et-sous-medicalisation-surdiagnostics-surtraitements.html\" target=\"_blank\">ici<\/a>.<\/p>\n<p style=\"text-align: justify;\">Vous pouvez \u00e9galement t\u00e9l\u00e9charger <a href=\"http:\/\/surmedicalisation.fr\/blog\/WordPress3\/wp-content\/uploads\/2016\/03\/SFTG_Colloque_surmedicalisation_2016_bulletin-dinscription.pdf\" target=\"_blank\">ici<\/a> le bulletin d&rsquo;inscription, le remplir et l&rsquo;adresser \u00e0 la SFTG<\/p>\n<p>&nbsp;<\/p>\n<p style=\"text-align: center;\"><strong><span style=\"color: #000000;\">APPEL A COMMUNICATIONS<\/span><\/strong><\/p>\n<p style=\"text-align: justify;\">Les communications devront \u00eatre soumises avant le 15 avril 2016 par voie \u00e9lectronique \u00e0 <a href=\"mailto:colloque_bobigny_2016@surmedicalisation.fr\" target=\"_blank\">colloque_bobigny_2016@surmedicalisation.fr<\/a> Toutes les communications s\u00e9lectionn\u00e9es pourront \u00eatre affich\u00e9es. Taille des posters\u00a0: 110 cm large, 160 cm haut.<\/p>\n<p style=\"text-align: justify;\">Le comit\u00e9 d\u2019organisation s\u00e9lectionnera de plus, deux (ou au maximum trois) communications qui seront pr\u00e9sent\u00e9es en 10 minutes par oral au d\u00e9but de chacun des trois ateliers. Ces six \u00e0 neuf communications orales devront traiter les th\u00e9matiques abord\u00e9es lors des ateliers. Les communications affich\u00e9es, quant \u00e0 elles, pourront embrasser l\u2019ensemble du champ immense de la sur- et sous-m\u00e9dicalisation, des surdiagnostics et surtraitements\u2026<\/p>\n<p style=\"text-align: justify;\">N&rsquo;h\u00e9sitez-pas \u00e0\u00a0diffuser \u00e0 vos r\u00e9seaux ou connaissances cette invitation et appel \u00e0 contribution<\/p>\n<p>Le groupe Princeps<\/p>\n<p style=\"text-align: justify;\">Nota\u00a0: Les actes des \u00e9ditions 2012, 2013 et 2014 du Colloque sont accessibles en cliquant <a href=\"http:\/\/surmedicalisation.fr\/?page_id=103\" target=\"_blank\">ici<\/a>. La rencontre organis\u00e9e le 12 janvier 2016 par le groupe Princeps et la SFTG sur le \u00ab\u00a0D\u00e9pistage organis\u00e9 des cancers du sein\u00a0\u00bb est accessible <a href=\"http:\/\/surmedicalisation.fr\/?page_id=3714\" target=\"_blank\">ici<\/a>. Les actes du colloque 2015 seront prochainement mis en ligne.<\/p>\n<p>T\u00e9l\u00e9charger cette annonce au format pdf : <a href=\"http:\/\/surmedicalisation.fr\/blog\/WordPress3\/wp-content\/uploads\/2016\/02\/PREMIERE-ANNONCE-ET-APPEL-A-COMMUNICATIONS_Colloque_2016_version_web.pdf\" target=\"_blank\">Ici<\/a>.<\/p>\n","protected":false},"excerpt":{"rendered":"<p>26\/02\/2016 PREMI\u00c8RE ANNONCE ET APPEL \u00c1 COMMUNICATIONS &nbsp; Le groupe Princeps, le D\u00e9partement de M\u00e9decine G\u00e9n\u00e9rale de la Facult\u00e9 de M\u00e9decine de Bobigny, la Soci\u00e9t\u00e9 de Formation Th\u00e9rapeutique du G\u00e9n\u00e9raliste (SFTG) et l\u2019association Civic Sant\u00e9 ont le plaisir de vous &hellip; <a href=\"http:\/\/surmedicalisation.fr\/?page_id=3749\">Continuer la lecture <span class=\"meta-nav\">&rarr;<\/span><\/a><\/p>\n","protected":false},"author":1,"featured_media":0,"parent":3747,"menu_order":4,"comment_status":"closed","ping_status":"closed","template":"","meta":[],"_links":{"self":[{"href":"http:\/\/surmedicalisation.fr\/index.php?rest_route=\/wp\/v2\/pages\/3749"}],"collection":[{"href":"http:\/\/surmedicalisation.fr\/index.php?rest_route=\/wp\/v2\/pages"}],"about":[{"href":"http:\/\/surmedicalisation.fr\/index.php?rest_route=\/wp\/v2\/types\/page"}],"author":[{"embeddable":true,"href":"http:\/\/surmedicalisation.fr\/index.php?rest_route=\/wp\/v2\/users\/1"}],"replies":[{"embeddable":true,"href":"http:\/\/surmedicalisation.fr\/index.php?rest_route=%2Fwp%2Fv2%2Fcomments&post=3749"}],"version-history":[{"count":10,"href":"http:\/\/surmedicalisation.fr\/index.php?rest_route=\/wp\/v2\/pages\/3749\/revisions"}],"predecessor-version":[{"id":3771,"href":"http:\/\/surmedicalisation.fr\/index.php?rest_route=\/wp\/v2\/pages\/3749\/revisions\/3771"}],"up":[{"embeddable":true,"href":"http:\/\/surmedicalisation.fr\/index.php?rest_route=\/wp\/v2\/pages\/3747"}],"wp:attachment":[{"href":"http:\/\/surmedicalisation.fr\/index.php?rest_route=%2Fwp%2Fv2%2Fmedia&parent=3749"}],"curies":[{"name":"wp","href":"https:\/\/api.w.org\/{rel}","templated":true}]}}