{"id":438,"date":"2013-05-14T14:38:10","date_gmt":"2013-05-14T12:38:10","guid":{"rendered":"http:\/\/surmedicalisation.fr\/?page_id=438"},"modified":"2020-03-20T10:57:39","modified_gmt":"2020-03-20T09:57:39","slug":"communique-de-presse-14052013","status":"publish","type":"page","link":"http:\/\/surmedicalisation.fr\/?page_id=438","title":{"rendered":"Communiqu\u00e9 de presse &#8211; 14\/05\/2013"},"content":{"rendered":"<p><script type=\"text\/javascript\">\/\/ <![CDATA[ (function(i,s,o,g,r,a,m){i['GoogleAnalyticsObject']=r;i[r]=i[r]||function(){ (i[r].q=i[r].q||[]).push(arguments)},i[r].l=1*new Date();a=s.createElement(o), m=s.getElementsByTagName(o)[0];a.async=1;a.src=g;m.parentNode.insertBefore(a,m) })(window,document,'script','\/\/www.google-analytics.com\/analytics.js','ga'); ga('create', 'UA-40453293-1', 'surmedicalisation.fr'); ga('send', 'pageview'); \/\/ ]]><\/script><\/p>\n<h4 style=\"text-align: justify;\"><b>Communiqu\u00e9 de presse &#8211; 14\/05\/2013 &#8211; T\u00e9l\u00e9charger le pdf en cliquant <a href=\"http:\/\/surmedicalisation.fr\/blog\/WordPress3\/wp-content\/uploads\/2013\/05\/Princeps-CP_Surm%C3%A9dicalisation_14-05-2013.pdf\" target=\"_blank\" rel=\"noopener noreferrer\">ici<\/a><br \/>\n<\/b>Groupe d\u2019\u00e9tudes Princeps &#8211; SFTG &#8211; D\u00e9partement de M\u00e9decine G\u00e9n\u00e9rale de la Facult\u00e9 de M\u00e9decine de Bobigny &#8211; Association Civic Sant\u00e9<\/h4>\n<p align=\"center\"><b>UNE MEILLEURE M\u00c9DECINE POUR UNE MEILLEURE SANT\u00c9<\/b><\/p>\n<p align=\"center\"><b><i>Le groupe \u00ab Princeps \u00bb et les participants souhaitent poursuivre<br \/>\net d\u00e9velopper leur action d\u2019alerte et de sensibilisation<\/i><\/b><b><i><\/i><\/b><\/p>\n<div>\n<h4 style=\"text-align: justify;\"><i>A l\u2019initiative du groupe \u00ab Princeps \u00bb, du D\u00e9partement de M\u00e9decine G\u00e9n\u00e9rale de la Facult\u00e9 de M\u00e9decine de Bobigny, de la Soci\u00e9t\u00e9 de Formation Th\u00e9rapeutique du G\u00e9n\u00e9raliste (SFTG) et de l\u2019association Civic Sant\u00e9, s\u2019est d\u00e9roul\u00e9 les 3 et 4 mai 2013 \u00e0 la Facult\u00e9 de Bobigny le 2\u00b0 colloque \u00ab Sur -et sous- m\u00e9dicalisation, surdiagnostics, surtraitements \u00bb. Il a r\u00e9uni plus de 60 m\u00e9decins, pharmaciens, sociologues, psychologues, ethnologues, philosophes et\u2026 patients venant de diff\u00e9rentes r\u00e9gions de France, de Belgique de Tunisie et d\u2019Espagne. Via des vid\u00e9os, des intervenants\u00a0 des Etats Unis, du Canada, de Grande\u00a0 Bretagne, de Su\u00e8de, d\u2019Australie ont apport\u00e9 leur contribution \u00e0 ces travaux.<\/i><\/h4>\n<\/div>\n<h4 style=\"text-align: justify;\">Les participants, accueillis par le Pr. J. L. Dumas, doyen de la Facult\u00e9, ont \u00e9cout\u00e9 les r\u00e9flexions introductives du Pr. Didier Sicard sur les exc\u00e8s du d\u00e9pistage en France\u00a0: \u00ab\u00a0la France est le pays du d\u00e9pistage et ce n\u2019est pas le pays de la pr\u00e9vention\u00a0\u00bb, car il est difficile \u00ab\u00a0d\u2019aller \u00e0 l\u2019encontre du march\u00e9 du d\u00e9pistage\u00a0\u00bb qui engendre (et co\u00fbte) des milliards d\u2019euros pour un b\u00e9n\u00e9fice de sant\u00e9 questionnable. Les facult\u00e9s devraient inclure un enseignement sur les th\u00e8mes du colloque\u2026<\/h4>\n<h4 style=\"text-align: justify;\">Un des six ateliers a cherch\u00e9 \u00e0 pr\u00e9ciser les fondements th\u00e9oriques de cette dys-m\u00e9dicalisation. A c\u00f4t\u00e9 de tout ce qui pousse \u00e0 la surm\u00e9dicalisation, les in\u00e9galit\u00e9s sociales de sant\u00e9, touchant particuli\u00e8rement les plus d\u00e9munis\u00a0: pauvres, fous, vieillards, d\u00e9ficients\u2026 ont \u00e9t\u00e9 d\u00e9nonc\u00e9es.\u00a0Un autre atelier a envisag\u00e9 comment les modifications des normes ont cr\u00e9\u00e9 (et cr\u00e9ent) de \u00ab\u00a0nouvelles\u00a0\u00bb pathologies selon les pr\u00e9ceptes du Dr. Knock. L\u2019\u00e9valuation critique du d\u00e9pistage et de ses d\u00e9rives, notamment en mati\u00e8re de cancers de la prostate et du sein, mais aussi de la trisomie 21 a \u00e9t\u00e9 discut\u00e9 dans un troisi\u00e8me. Un bilan des actions et r\u00e9flexions internationales a \u00e9galement fait l\u2019objet d\u2019un atelier, mettant\u00a0 en particulier en valeur la d\u00e9marche du \u00ab\u00a0<a href=\"http:\/\/www.choosingwisely.org\/\" target=\"_blank\" rel=\"noopener noreferrer\">choosing wisely<\/a>\u00a0\u00bb initi\u00e9e aux Etats Unis. Enfin deux ateliers ont tent\u00e9 de faire le point sur les d\u00e9marches capables d\u2019am\u00e9liorer l\u2019efficience m\u00e9dicale, d\u2019une part en \u00e9valuant les r\u00e9sultats des processus en cours (aussi bien la visite m\u00e9dicale que l\u2019utilisation de certaines classes th\u00e9rapeutiques comme les m\u00e9dicaments de l\u2019hypertension ou les anti-cholest\u00e9rol), d\u2019autre part en promouvant\u00a0 une liste restrictive de \u00ab\u00a0m\u00e9dicaments essentiels\u00a0\u00bb, d\u00e9marche en cours au sein des Soci\u00e9t\u00e9s Fran\u00e7aises de M\u00e9decine Interne et de G\u00e9n\u00e9ralistes enseignants, et en s\u2019attachant \u00e0 la d\u00e9prescription des m\u00e9dicaments inutiles et\/ou dangereux.<\/h4>\n<h4 style=\"text-align: justify;\">Le groupe \u00ab\u00a0Princeps\u00a0\u00bb et les participants souhaitent poursuivre et d\u00e9velopper leur action d\u2019alerte et de sensibilisation.<\/h4>\n<h4 style=\"text-align: justify;\">Les diverses communications seront mises en ligne sur les Blogs \u00ab\u00a0<a href=\"http:\/\/surmedicalisation.fr\/?page_id=285\" target=\"_blank\" rel=\"noopener noreferrer\">surm\u00e9dicalisation.fr<\/a>\u00a0\u00bb, \u00ab\u00a0<a href=\"http:\/\/pharmacritique.20minutes-blogs.fr\/\" target=\"_blank\" rel=\"noopener noreferrer\">Pharmacritique<\/a>\u00a0\u00bb, ainsi que sur les sites de la <a href=\"http:\/\/www.sftg.net\/\" target=\"_blank\" rel=\"noopener noreferrer\">SFTG<\/a> et de l\u2019association Civic Sant\u00e9.<\/h4>\n<h4 style=\"text-align: justify;\">Bobigny le 14 mai 2013<\/h4>\n<h4 style=\"text-align: justify;\"><b>Contact<\/b>\u00a0: Dr Jean-Claude Salomon\u00a0\u00a0 <a href=\"mailto:jcsalomon@tribunes.com\">jcsalomon@tribunes.com<\/a><\/h4>\n<h4 style=\"text-align: justify;\"><b><br \/>\nComit\u00e9 d\u2019organisation du colloque \u00ab\u00a0Sous-, surm\u00e9dicalisation, surdiagnostics, surtraitements\u00a0\u00bb, 3 &amp; 4 mai 2013, Bobigny, France<\/b><b><i>\u00a0:<\/i><\/b><\/h4>\n<h6 style=\"text-align: justify;\"><b><i>Le groupe d\u2019\u00e9tudes Princeps est constitu\u00e9 de\u00a0: Dr Jean-Claude SALOMON, M\u00e9decin, ancien chercheur en immunologie du Cancer\u00a0; Pr Michel THOMAS, M\u00e9decin interniste, ancien chef de service\u00a0; Dr Omar BRIXI, M\u00e9decin de Sant\u00e9 Publique, Consultant\u00a0; Dr Fran\u00e7ois PESTY, Pharmacien et consultant, Mme Elena PASCA, Philosophe et sociologue, Cr\u00e9atrice du blog Pharmacritique &#8211; La SFTG est repr\u00e9sent\u00e9e par le Dr Alain SIARY, M\u00e9decin g\u00e9n\u00e9raliste et enseignant en M\u00e9decine G\u00e9n\u00e9rale\u00a0; La Facult\u00e9 de M\u00e9decine de Bobigny est repr\u00e9sent\u00e9e par le Dr Michel DOR\u00c9, M\u00e9decin et Directeur du d\u00e9partement de M\u00e9decine G\u00e9n\u00e9rale. L\u2019Association Civic Sant\u00e9 est repr\u00e9sent\u00e9e par Mme le Dr Ma\u00eflys Michot-Casbas, Praticien Hospitalier.<\/i><\/b><\/h6>\n","protected":false},"excerpt":{"rendered":"<p>Communiqu\u00e9 de presse &#8211; 14\/05\/2013 &#8211; T\u00e9l\u00e9charger le pdf en cliquant ici Groupe d\u2019\u00e9tudes Princeps &#8211; SFTG &#8211; D\u00e9partement de M\u00e9decine G\u00e9n\u00e9rale de la Facult\u00e9 de M\u00e9decine de Bobigny &#8211; Association Civic Sant\u00e9 UNE MEILLEURE M\u00c9DECINE POUR UNE MEILLEURE SANT\u00c9 &hellip; <a href=\"http:\/\/surmedicalisation.fr\/?page_id=438\">Continuer la lecture <span class=\"meta-nav\">&rarr;<\/span><\/a><\/p>\n","protected":false},"author":1,"featured_media":0,"parent":317,"menu_order":4,"comment_status":"open","ping_status":"open","template":"","meta":[],"_links":{"self":[{"href":"http:\/\/surmedicalisation.fr\/index.php?rest_route=\/wp\/v2\/pages\/438"}],"collection":[{"href":"http:\/\/surmedicalisation.fr\/index.php?rest_route=\/wp\/v2\/pages"}],"about":[{"href":"http:\/\/surmedicalisation.fr\/index.php?rest_route=\/wp\/v2\/types\/page"}],"author":[{"embeddable":true,"href":"http:\/\/surmedicalisation.fr\/index.php?rest_route=\/wp\/v2\/users\/1"}],"replies":[{"embeddable":true,"href":"http:\/\/surmedicalisation.fr\/index.php?rest_route=%2Fwp%2Fv2%2Fcomments&post=438"}],"version-history":[{"count":14,"href":"http:\/\/surmedicalisation.fr\/index.php?rest_route=\/wp\/v2\/pages\/438\/revisions"}],"predecessor-version":[{"id":6221,"href":"http:\/\/surmedicalisation.fr\/index.php?rest_route=\/wp\/v2\/pages\/438\/revisions\/6221"}],"up":[{"embeddable":true,"href":"http:\/\/surmedicalisation.fr\/index.php?rest_route=\/wp\/v2\/pages\/317"}],"wp:attachment":[{"href":"http:\/\/surmedicalisation.fr\/index.php?rest_route=%2Fwp%2Fv2%2Fmedia&parent=438"}],"curies":[{"name":"wp","href":"https:\/\/api.w.org\/{rel}","templated":true}]}}