{"id":103,"date":"2013-01-29T10:25:31","date_gmt":"2013-01-29T09:25:31","guid":{"rendered":"http:\/\/surmedicalisation.fr\/?page_id=103"},"modified":"2020-08-19T13:22:27","modified_gmt":"2020-08-19T11:22:27","slug":"colloques-de-bobigny","status":"publish","type":"page","link":"https:\/\/surmedicalisation.fr\/?page_id=103","title":{"rendered":"Colloques \u00ab\u00a0dits\u00a0\u00bb de Bobigny"},"content":{"rendered":"<p><script>\/\/ <![CDATA[ (function(i,s,o,g,r,a,m){i['GoogleAnalyticsObject']=r;i[r]=i[r]||function(){ (i[r].q=i[r].q||[]).push(arguments)},i[r].l=1*new Date();a=s.createElement(o), m=s.getElementsByTagName(o)[0];a.async=1;a.src=g;m.parentNode.insertBefore(a,m) })(window,document,'script','\/\/www.google-analytics.com\/analytics.js','ga'); ga('create', 'UA-40453293-1', 'surmedicalisation.fr'); ga('send', 'pageview'); \/\/ ]]><\/script><\/p>\n<p style=\"text-align: justify;\"><span style=\"color: #000000;\">Les \u00ab\u00a0Colloques de Bobigny\u00a0\u00bb, constituent la premi\u00e8re manifestation scientifique et de r\u00e9flexion sur la th\u00e9matique <strong>\u00ab\u00a0Sous-m\u00e9dicalisation, Surm\u00e9dicalisation, Surdiagnostics, Surtraitements\u00a0\u00bb<\/strong>, d\u00e9j\u00e0 organis\u00e9e \u00e0 huit reprises en France par le <strong><a href=\"http:\/\/surmedicalisation.fr\/?page_id=83\" target=\"_blank\" rel=\"noopener noreferrer\">groupe d&rsquo;initiative Princeps<\/a><\/strong>, avec le concours de :<\/span><\/p>\n<p style=\"text-align: justify;\"><span style=\"color: #000000;\">&#8211; Le <a href=\"http:\/\/dmgparis13.fr\/Pages\/Presentation-departement.html\" target=\"_blank\" rel=\"noopener noreferrer\">D\u00e9partement de M\u00e9decine G\u00e9n\u00e9ral de la Facult\u00e9 de M\u00e9decine de Bobigny<\/a>, entre 2012 et 2018<br \/>\n<\/span><\/p>\n<p style=\"text-align: justify;\"><span style=\"color: #000000;\">&#8211; La <a href=\"http:\/\/www.sftg.net\/\" target=\"_blank\" rel=\"noopener noreferrer\">Soci\u00e9t\u00e9 de Formation Th\u00e9rapeutique du G\u00e9n\u00e9raliste<\/a><\/span><\/p>\n<p style=\"text-align: justify;\"><span style=\"color: #000000;\">&#8211; L&rsquo;Association \u00ab\u00a0Civic Sant\u00e9\u00a0\u00bb<\/span><\/p>\n<p style=\"text-align: justify;\">En voici les sept premi\u00e8res \u00e9ditions\u00a0 (cliquer sur les liens) :<\/p>\n<p>&nbsp;<\/p>\n<h3 style=\"text-align: justify;\"><strong><span style=\"color: #000000;\">1<sup>\u00e8re<\/sup> Edition &#8211; Colloque 2012 &#8211; Les 27 &amp; 28 avril 2012 &#8211; Bobigny<\/span><\/strong><\/h3>\n<p style=\"text-align: justify;\">&#8211; <a title=\"Visiter cette page en cliquant sur le lien\" href=\"http:\/\/surmedicalisation.fr\/?page_id=120\" target=\"_blank\" rel=\"noopener noreferrer\">Les Actes &#8211; Colloque 2012<\/a><\/p>\n<p style=\"text-align: justify;\">&#8211; <a title=\"Visiter cette page en cliquant sur le lien\" href=\"http:\/\/surmedicalisation.fr\/?page_id=2502\" target=\"_blank\" rel=\"noopener noreferrer\">Programme (Version du 12\/04\/2012)<\/a><\/p>\n<p style=\"text-align: justify;\">&#8211; <a title=\"Visiter cette page en cliquant sur le lien\" href=\"http:\/\/surmedicalisation.fr\/?page_id=2496\" target=\"_blank\" rel=\"noopener noreferrer\">Invitation &amp; Appel \u00e0 Contribution (25\/11\/2011)<\/a><\/p>\n<p>&nbsp;<\/p>\n<h3 style=\"text-align: justify;\"><strong><span style=\"color: #000000;\">2<sup>\u00e8me<\/sup> Edition &#8211; Colloque 2013 &#8211; Les 4 &amp; 5 mai 2013 &#8211; Bobigny<\/span><\/strong><\/h3>\n<p>&#8211; <a title=\"Visiter cette page en cliquant sur le lien\" href=\"http:\/\/surmedicalisation.fr\/?page_id=285\" target=\"_blank\" rel=\"noopener noreferrer\">Les Actes &#8211; Colloque 2013<\/a><\/p>\n<p>&#8211; <a title=\"Visiter cette page en cliquant sur le lien\" href=\"http:\/\/surmedicalisation.fr\/?page_id=115\" target=\"_blank\" rel=\"noopener noreferrer\">Programme (Version du 25\/04\/2013)<\/a><\/p>\n<p style=\"text-align: justify;\">&#8211; <a title=\"Visiter cette page en cliquant sur le lien\" href=\"http:\/\/surmedicalisation.fr\/?page_id=214\" target=\"_blank\" rel=\"noopener noreferrer\">Pr\u00e9sentation des ateliers (25\/03\/2013)<\/a><\/p>\n<p style=\"text-align: justify;\">&#8211; <a title=\"Visiter cette page en cliquant sur le lien\" href=\"http:\/\/surmedicalisation.fr\/?page_id=217\" target=\"_blank\" rel=\"noopener noreferrer\">2<sup>\u00e8me<\/sup> Appel \u00e0 Contribution (25\/03\/2013)<\/a><\/p>\n<p style=\"text-align: justify;\">&#8211; <a title=\"Visiter cette page en cliquant sur le lien\" href=\"http:\/\/surmedicalisation.fr\/?page_id=117\" target=\"_blank\" rel=\"noopener noreferrer\">1<sup>er<\/sup> Appel \u00e0 Contribution (29\/01\/2013)<\/a><\/p>\n<p>&nbsp;<\/p>\n<p><span style=\"color: #000000;\"><strong>3<sup>\u00e8me<\/sup> Edition &#8211; Colloque 2014- Les 25 &amp; 26 avril 2014 &#8211; Bobigny<\/strong>\u00a0<\/span><\/p>\n<p>&#8211; <a href=\"http:\/\/surmedicalisation.fr\/?page_id=2958\" target=\"_blank\" rel=\"noopener noreferrer\">Les actes &#8211; Colloque 2014<\/a><\/p>\n<p>&#8211; <a href=\"http:\/\/surmedicalisation.fr\/?page_id=2943\" target=\"_blank\" rel=\"noopener noreferrer\">Programme (Version du 16\/04\/2014)<\/a><\/p>\n<p>&#8211; <a href=\"http:\/\/surmedicalisation.fr\/?page_id=2922\" target=\"_blank\" rel=\"noopener noreferrer\">2<sup>\u00e8me<\/sup> appel \u00e0 contribution (17\/02\/2014)<\/a><\/p>\n<p>&#8211; <a href=\"http:\/\/surmedicalisation.fr\/\" target=\"_blank\" rel=\"noopener noreferrer\">1<sup>er<\/sup> Appel \u00e0 Contribution (19\/12\/2013)<\/a><\/p>\n<p>&nbsp;<\/p>\n<h3 style=\"text-align: justify;\"><strong><span style=\"color: #000000;\">4<sup>\u00e8me<\/sup> Edition &#8211; Colloque 2015 &#8211; Les 17 &amp; 18 avril 2015 &#8211; Bobigny<\/span><\/strong><\/h3>\n<p>&#8211; <a href=\"http:\/\/surmedicalisation.fr\/?page_id=3782\" target=\"_blank\" rel=\"noopener noreferrer\">Les actes &#8211; Colloque 2015<\/a><\/p>\n<p>&#8211; <a href=\"http:\/\/surmedicalisation.fr\/?page_id=3663\" target=\"_blank\" rel=\"noopener noreferrer\">Le programme d\u00e9finitif (09\/04\/2015)<\/a><\/p>\n<p>&#8211; <a href=\"http:\/\/surmedicalisation.fr\/?page_id=3646\" target=\"_blank\" rel=\"noopener noreferrer\">2<sup>\u00e8me<\/sup> appel \u00e0 contribution (04\/03\/2015)<\/a><\/p>\n<p>&#8211; <a href=\"http:\/\/surmedicalisation.fr\/\" target=\"_blank\" rel=\"noopener noreferrer\">1<sup>er<\/sup> Appel \u00e0 Contribution (29\/12\/2014)<\/a><\/p>\n<p>&nbsp;<\/p>\n<h3 style=\"text-align: justify;\"><strong><span style=\"color: #000000;\">5<sup>\u00e8me<\/sup> Edition &#8211; Colloque 2016 &#8211; Les 27 &amp; 28 mai 2016 &#8211; Bobigny<\/span><\/strong><\/h3>\n<p>&#8211; <a href=\"http:\/\/surmedicalisation.fr\/?page_id=4094\" target=\"_blank\" rel=\"noopener noreferrer\">Les actes &#8211; Colloque 2016<\/a><\/p>\n<p>&#8211; <a href=\"http:\/\/surmedicalisation.fr\/?page_id=3859\" target=\"_blank\" rel=\"noopener noreferrer\">Le programme d\u00e9finitif (20\/05\/2016)<\/a><\/p>\n<p>&#8211; <a href=\"http:\/\/surmedicalisation.fr\/?page_id=3772\" target=\"_blank\" rel=\"noopener noreferrer\">2<sup>\u00e8me<\/sup> appel \u00e0 contribution (30\/03\/2016<\/a><\/p>\n<p>&#8211; <a href=\"http:\/\/surmedicalisation.fr\/?page_id=3749\" target=\"_blank\" rel=\"noopener noreferrer\">1<sup>er<\/sup> appel \u00e0 contribution (26\/02\/2016)<\/a><\/p>\n<p>&nbsp;<\/p>\n<h3><strong>6<sup>\u00e8me<\/sup> Edition &#8211; Colloque 2017- Les 28 &amp; 29 avril 2017 &#8211; Bobigny<\/strong><\/h3>\n<p>&#8211; <a href=\"http:\/\/surmedicalisation.fr\/?page_id=4525\" target=\"_blank\" rel=\"noopener noreferrer\">Les actes &#8211; Colloque 2017<\/a><\/p>\n<p>&#8211; <a href=\"http:\/\/surmedicalisation.fr\/?page_id=4503\" target=\"_blank\" rel=\"noopener noreferrer\">Le programme d\u00e9finitif (04\/04\/2017)<\/a><\/p>\n<p>&#8211; <a href=\"http:\/\/surmedicalisation.fr\/?page_id=4488\" target=\"_blank\" rel=\"noopener noreferrer\">2<sup>\u00e8me<\/sup> appel \u00e0 contribution (15\/02\/2017)<\/a><\/p>\n<p>&#8211; <a href=\"http:\/\/surmedicalisation.fr\/?page_id=4477\" target=\"_blank\" rel=\"noopener noreferrer\">1<sup>er<\/sup> appel \u00e0 contribution (26\/12\/2016)<\/a><\/p>\n<p>&nbsp;<\/p>\n<h3><strong>7<sup>\u00e8me<\/sup> Edition &#8211; Colloque 2018- Les 13 &amp; 14 avril 2018 &#8211; Bobigny<\/strong><\/h3>\n<p>&#8211; <a href=\"http:\/\/surmedicalisation.fr\/?page_id=5028\" target=\"_blank\" rel=\"noopener noreferrer\">Les actes &#8211; Colloque 2018<\/a><\/p>\n<p>&#8211; <a href=\"http:\/\/surmedicalisation.fr\/?page_id=4978\" target=\"_blank\" rel=\"noopener noreferrer\">3<sup>\u00e8me<\/sup> annonce et programme d\u00e9finitif (26\/03\/2018)<\/a><\/p>\n<p>&#8211; <a href=\"http:\/\/surmedicalisation.fr\/?page_id=4967\" target=\"_blank\" rel=\"noopener noreferrer\">2<sup>\u00e8me<\/sup> annonce et pr\u00e9programme (05\/03\/2018)<\/a><\/p>\n<p>&#8211; <a href=\"http:\/\/surmedicalisation.fr\/?page_id=4951\" target=\"_blank\" rel=\"noopener noreferrer\">1<sup>er<\/sup> appel \u00e0 contribution (03\/01\/2018)<\/a><\/p>\n<p>&nbsp;<\/p>\n<h3><strong>8<sup>\u00e8me<\/sup> Edition &#8211; Colloque 2019- Les 29 &amp; 30 novembre 2019 &#8211; Paris (locaux de la revue ind\u00e9pendante PRESCRIRE)<br \/>\n<\/strong><\/h3>\n<p>&#8211; <a href=\"http:\/\/surmedicalisation.fr\/?page_id=5707\" target=\"_blank\" rel=\"noopener noreferrer\">Les actes du colloque 2019<\/a><\/p>\n<p>&#8211; <a href=\"http:\/\/surmedicalisation.fr\/?page_id=5649\" target=\"_blank\" rel=\"noopener noreferrer\">4<sup>\u00e8me<\/sup> annonce et programme d\u00e9finitif apr\u00e8s report du Colloque 2019 (26\/09\/2019)<\/a><\/p>\n<p>&#8211; <a href=\"http:\/\/surmedicalisation.fr\/?page_id=5647\" target=\"_blank\" rel=\"noopener noreferrer\">Communiqu\u00e9 (16\/05\/2019)<\/a><\/p>\n<p>&#8211; <a href=\"http:\/\/surmedicalisation.fr\/?page_id=5624\" target=\"_blank\" rel=\"noopener noreferrer\">3<sup>\u00e8me<\/sup> annonce et Programme d\u00e9finitif \u2013 Colloque 2019 (14\/05\/2019)<\/a><\/p>\n<p>&#8211; <a href=\"http:\/\/surmedicalisation.fr\/?page_id=5603\" target=\"_blank\" rel=\"noopener noreferrer\">2<sup>\u00e8me<\/sup> appel \u00e0 contribution (01\/04\/2019)<\/a><\/p>\n<p>&#8211;<a href=\"http:\/\/surmedicalisation.fr\/?page_id=5573\" target=\"_blank\" rel=\"noopener noreferrer\">1<sup>er<\/sup> appel \u00e0 contribution (15\/02\/2019)<\/a><\/p>\n<hr \/>\n<hr \/>\n<h5 style=\"text-align: justify;\"><b>Comit\u00e9 d\u2019organisation des colloques \u00ab Sous, Surm\u00e9dicalisation, surdiagnostics, surtraitements\u00a0\u00bb<\/b><b><i>\u00a0:<\/i><\/b><\/h5>\n<h5 style=\"text-align: justify;\"><b><i>Le groupe d\u2019\u00e9tudes Princeps est constitu\u00e9 de\u00a0: Dr Jean-Claude SALOMON, M\u00e9decin, ancien chercheur en immunologie du Cancer\u00a0; Pr Michel THOMAS, M\u00e9decin interniste, ancien chef de service\u00a0; Dr Omar BRIXI, M\u00e9decin de Sant\u00e9 Publique, Consultant\u00a0; Dr Fran\u00e7ois PESTY, Pharmacien et consultant,\u00a0Mme Florence AMROUCHE, Mandataire Judiciaire \u00e0 la Protection des Majeurs (Protection des personnes vuln\u00e9rables) &#8211; La SFTG est repr\u00e9sent\u00e9e par le Dr Alain SIARY, M\u00e9decin g\u00e9n\u00e9raliste et enseignant en M\u00e9decine G\u00e9n\u00e9rale\u00a0; La Facult\u00e9 de M\u00e9decine de Bobigny est repr\u00e9sent\u00e9e par le Dr Michel DOR\u00c9, M\u00e9decin et Directeur du d\u00e9partement de M\u00e9decine G\u00e9n\u00e9rale. L\u2019Association Civic Sant\u00e9 est repr\u00e9sent\u00e9e par Mme le Dr Ma\u00eflys MICHOT-CASBAS, Praticien Hospitalier.<\/i><\/b><\/h5>\n<p>&nbsp;<\/p>\n<p>&nbsp;<\/p>\n","protected":false},"excerpt":{"rendered":"<p>Les \u00ab\u00a0Colloques de Bobigny\u00a0\u00bb, constituent la premi\u00e8re manifestation scientifique et de r\u00e9flexion sur la th\u00e9matique \u00ab\u00a0Sous-m\u00e9dicalisation, Surm\u00e9dicalisation, Surdiagnostics, Surtraitements\u00a0\u00bb, d\u00e9j\u00e0 organis\u00e9e \u00e0 huit reprises en France par le groupe d&rsquo;initiative Princeps, avec le concours de : &#8211; Le D\u00e9partement de &hellip; <a href=\"https:\/\/surmedicalisation.fr\/?page_id=103\">Continuer la lecture <span class=\"meta-nav\">&rarr;<\/span><\/a><\/p>\n","protected":false},"author":1,"featured_media":0,"parent":0,"menu_order":2,"comment_status":"open","ping_status":"open","template":"","meta":[],"_links":{"self":[{"href":"https:\/\/surmedicalisation.fr\/index.php?rest_route=\/wp\/v2\/pages\/103"}],"collection":[{"href":"https:\/\/surmedicalisation.fr\/index.php?rest_route=\/wp\/v2\/pages"}],"about":[{"href":"https:\/\/surmedicalisation.fr\/index.php?rest_route=\/wp\/v2\/types\/page"}],"author":[{"embeddable":true,"href":"https:\/\/surmedicalisation.fr\/index.php?rest_route=\/wp\/v2\/users\/1"}],"replies":[{"embeddable":true,"href":"https:\/\/surmedicalisation.fr\/index.php?rest_route=%2Fwp%2Fv2%2Fcomments&post=103"}],"version-history":[{"count":46,"href":"https:\/\/surmedicalisation.fr\/index.php?rest_route=\/wp\/v2\/pages\/103\/revisions"}],"predecessor-version":[{"id":6292,"href":"https:\/\/surmedicalisation.fr\/index.php?rest_route=\/wp\/v2\/pages\/103\/revisions\/6292"}],"wp:attachment":[{"href":"https:\/\/surmedicalisation.fr\/index.php?rest_route=%2Fwp%2Fv2%2Fmedia&parent=103"}],"curies":[{"name":"wp","href":"https:\/\/api.w.org\/{rel}","templated":true}]}}