{"id":111,"date":"2013-01-29T10:35:34","date_gmt":"2013-01-29T09:35:34","guid":{"rendered":"http:\/\/surmedicalisation.fr\/?page_id=111"},"modified":"2013-09-14T19:31:38","modified_gmt":"2013-09-14T17:31:38","slug":"1er-colloque-27-28-avril-2012","status":"publish","type":"page","link":"https:\/\/surmedicalisation.fr\/?page_id=111","title":{"rendered":"1er Colloque &#8211; 27 &#038; 28 avril 2012"},"content":{"rendered":"<p><script type=\"text\/javascript\">\/\/ <![CDATA[\n(function(i,s,o,g,r,a,m){i['GoogleAnalyticsObject']=r;i[r]=i[r]||function(){   (i[r].q=i[r].q||[]).push(arguments)},i[r].l=1*new Date();a=s.createElement(o),   m=s.getElementsByTagName(o)[0];a.async=1;a.src=g;m.parentNode.insertBefore(a,m)   })(window,document,'script','\/\/www.google-analytics.com\/analytics.js','ga');   ga('create', 'UA-40453293-1', 'surmedicalisation.fr');   ga('send', 'pageview');\n\/\/ ]]><\/script><\/p>\n<p>&nbsp;<\/p>\n<h3><strong>1<sup>\u00e8re<\/sup> Edition &#8211; Colloque 2012 &#8211; Les 27 &amp; 28 avril 2012 &#8211; Bobigny<\/strong><\/h3>\n<p>&#8211; <a title=\"Visiter cette page en cliquant sur le lien\" href=\"http:\/\/surmedicalisation.fr\/?page_id=120\" target=\"_blank\">Les Actes &#8211; Colloque 2012<\/a><\/p>\n<p>&#8211; <a title=\"Visiter cette page en cliquant sur le lien\" href=\"http:\/\/surmedicalisation.fr\/?page_id=2502\" target=\"_blank\">Programme (Version du 12\/04\/2012)<\/a><\/p>\n<p>&#8211; <a title=\"Visiter cette page en cliquant sur le lien\" href=\"http:\/\/surmedicalisation.fr\/?page_id=2496\" target=\"_blank\">Invitation &amp; Appel \u00e0 Contribution (25\/11\/2011)<\/a><\/p>\n<p>&nbsp;<\/p>\n<h5 style=\"text-align: justify;\"><b>Comit\u00e9 d\u2019organisation du colloque \u00ab\u00a0Surm\u00e9dicalisation, surdiagnostics, surtraitements\u00a0\u00bb<\/b><b><i>\u00a0:<\/i><\/b><\/h5>\n<h5 style=\"text-align: justify;\"><b><i>Le groupe d\u2019\u00e9tudes Princeps est constitu\u00e9 de\u00a0: Dr Jean-Claude SALOMON, M\u00e9decin, ancien chercheur en immunologie du Cancer\u00a0; Pr Michel THOMAS, M\u00e9decin interniste, ancien chef de service\u00a0; Dr Omar BRIXI, M\u00e9decin de Sant\u00e9 Publique, Consultant\u00a0; Dr Fran\u00e7ois PESTY, Pharmacien et consultant, Mme Elena PASCA, Philosophe et sociologue, Cr\u00e9atrice du blog Pharmacritique &#8211; La SFTG est repr\u00e9sent\u00e9e par le Dr Alain SIARY, M\u00e9decin g\u00e9n\u00e9raliste et enseignant en M\u00e9decine G\u00e9n\u00e9rale\u00a0; La Facult\u00e9 de M\u00e9decine de Bobigny est repr\u00e9sent\u00e9e par le Dr Michel DOR\u00c9, M\u00e9decin et Directeur du d\u00e9partement de M\u00e9decine G\u00e9n\u00e9rale. L\u2019Association Civic Sant\u00e9 est repr\u00e9sent\u00e9e par Mme le Dr Ma\u00eflys Michot-Casbas, Praticien Hospitalier.<\/i><\/b><\/h5>\n<p><a href=\"http:\/\/surmedicalisation.fr\/blog\/WordPress3\/wp-content\/uploads\/2013\/05\/270420121917.jpg\"><img loading=\"lazy\" class=\"alignnone size-medium wp-image-479\" alt=\"270420121917\" src=\"http:\/\/surmedicalisation.fr\/blog\/WordPress3\/wp-content\/uploads\/2013\/05\/270420121917-300x225.jpg\" width=\"300\" height=\"225\" srcset=\"https:\/\/surmedicalisation.fr\/blog\/WordPress3\/wp-content\/uploads\/2013\/05\/270420121917-300x225.jpg 300w, https:\/\/surmedicalisation.fr\/blog\/WordPress3\/wp-content\/uploads\/2013\/05\/270420121917-1024x768.jpg 1024w, https:\/\/surmedicalisation.fr\/blog\/WordPress3\/wp-content\/uploads\/2013\/05\/270420121917.jpg 1600w\" sizes=\"(max-width: 300px) 100vw, 300px\" \/><\/a> <a href=\"http:\/\/surmedicalisation.fr\/blog\/WordPress3\/wp-content\/uploads\/2013\/05\/270420121914.jpg\"><img loading=\"lazy\" class=\"alignnone size-medium wp-image-477\" alt=\"270420121914\" src=\"http:\/\/surmedicalisation.fr\/blog\/WordPress3\/wp-content\/uploads\/2013\/05\/270420121914-300x225.jpg\" width=\"300\" height=\"225\" srcset=\"https:\/\/surmedicalisation.fr\/blog\/WordPress3\/wp-content\/uploads\/2013\/05\/270420121914-300x225.jpg 300w, https:\/\/surmedicalisation.fr\/blog\/WordPress3\/wp-content\/uploads\/2013\/05\/270420121914-1024x768.jpg 1024w, https:\/\/surmedicalisation.fr\/blog\/WordPress3\/wp-content\/uploads\/2013\/05\/270420121914.jpg 1600w\" sizes=\"(max-width: 300px) 100vw, 300px\" \/><\/a><\/p>\n<p><a href=\"http:\/\/surmedicalisation.fr\/blog\/WordPress3\/wp-content\/uploads\/2013\/05\/270420121916.jpg\"><img loading=\"lazy\" class=\"alignnone size-medium wp-image-483\" alt=\"270420121916\" src=\"http:\/\/surmedicalisation.fr\/blog\/WordPress3\/wp-content\/uploads\/2013\/05\/270420121916-300x225.jpg\" width=\"300\" height=\"225\" srcset=\"https:\/\/surmedicalisation.fr\/blog\/WordPress3\/wp-content\/uploads\/2013\/05\/270420121916-300x225.jpg 300w, https:\/\/surmedicalisation.fr\/blog\/WordPress3\/wp-content\/uploads\/2013\/05\/270420121916-1024x768.jpg 1024w, https:\/\/surmedicalisation.fr\/blog\/WordPress3\/wp-content\/uploads\/2013\/05\/270420121916.jpg 1600w\" sizes=\"(max-width: 300px) 100vw, 300px\" \/><\/a> <a href=\"http:\/\/surmedicalisation.fr\/blog\/WordPress3\/wp-content\/uploads\/2013\/05\/270420121918.jpg\"><img loading=\"lazy\" class=\"alignnone size-medium wp-image-572\" alt=\"270420121918\" src=\"http:\/\/surmedicalisation.fr\/blog\/WordPress3\/wp-content\/uploads\/2013\/05\/270420121918-300x225.jpg\" width=\"300\" height=\"225\" srcset=\"https:\/\/surmedicalisation.fr\/blog\/WordPress3\/wp-content\/uploads\/2013\/05\/270420121918-300x225.jpg 300w, https:\/\/surmedicalisation.fr\/blog\/WordPress3\/wp-content\/uploads\/2013\/05\/270420121918-1024x768.jpg 1024w, https:\/\/surmedicalisation.fr\/blog\/WordPress3\/wp-content\/uploads\/2013\/05\/270420121918.jpg 1600w\" sizes=\"(max-width: 300px) 100vw, 300px\" \/><\/a><\/p>\n<p><a href=\"http:\/\/surmedicalisation.fr\/blog\/WordPress3\/wp-content\/uploads\/2013\/01\/Colloque_3S_27-04-2012_5.jpg\"><img loading=\"lazy\" class=\"alignnone size-medium wp-image-2809\" alt=\"Colloque_3S_27-04-2012_5\" src=\"http:\/\/surmedicalisation.fr\/blog\/WordPress3\/wp-content\/uploads\/2013\/01\/Colloque_3S_27-04-2012_5-300x225.jpg\" width=\"300\" height=\"225\" srcset=\"https:\/\/surmedicalisation.fr\/blog\/WordPress3\/wp-content\/uploads\/2013\/01\/Colloque_3S_27-04-2012_5-300x225.jpg 300w, https:\/\/surmedicalisation.fr\/blog\/WordPress3\/wp-content\/uploads\/2013\/01\/Colloque_3S_27-04-2012_5-1024x768.jpg 1024w, https:\/\/surmedicalisation.fr\/blog\/WordPress3\/wp-content\/uploads\/2013\/01\/Colloque_3S_27-04-2012_5.jpg 1600w\" sizes=\"(max-width: 300px) 100vw, 300px\" \/><\/a> <a href=\"http:\/\/surmedicalisation.fr\/blog\/WordPress3\/wp-content\/uploads\/2013\/01\/Colloque_3S_27-04-2012_3.jpg\"><img loading=\"lazy\" class=\"alignnone size-medium wp-image-2810\" alt=\"Colloque_3S_27-04-2012_3\" src=\"http:\/\/surmedicalisation.fr\/blog\/WordPress3\/wp-content\/uploads\/2013\/01\/Colloque_3S_27-04-2012_3-300x225.jpg\" width=\"300\" height=\"225\" srcset=\"https:\/\/surmedicalisation.fr\/blog\/WordPress3\/wp-content\/uploads\/2013\/01\/Colloque_3S_27-04-2012_3-300x225.jpg 300w, https:\/\/surmedicalisation.fr\/blog\/WordPress3\/wp-content\/uploads\/2013\/01\/Colloque_3S_27-04-2012_3-1024x768.jpg 1024w, https:\/\/surmedicalisation.fr\/blog\/WordPress3\/wp-content\/uploads\/2013\/01\/Colloque_3S_27-04-2012_3.jpg 1600w\" sizes=\"(max-width: 300px) 100vw, 300px\" \/><\/a><\/p>\n<p><a href=\"http:\/\/surmedicalisation.fr\/blog\/WordPress3\/wp-content\/uploads\/2013\/01\/Colloque_3S_27-04-2012_1.jpg\"><img loading=\"lazy\" class=\"alignnone size-medium wp-image-2811\" alt=\"Colloque_3S_27-04-2012_1\" src=\"http:\/\/surmedicalisation.fr\/blog\/WordPress3\/wp-content\/uploads\/2013\/01\/Colloque_3S_27-04-2012_1-300x225.jpg\" width=\"300\" height=\"225\" srcset=\"https:\/\/surmedicalisation.fr\/blog\/WordPress3\/wp-content\/uploads\/2013\/01\/Colloque_3S_27-04-2012_1-300x225.jpg 300w, https:\/\/surmedicalisation.fr\/blog\/WordPress3\/wp-content\/uploads\/2013\/01\/Colloque_3S_27-04-2012_1-1024x768.jpg 1024w, https:\/\/surmedicalisation.fr\/blog\/WordPress3\/wp-content\/uploads\/2013\/01\/Colloque_3S_27-04-2012_1.jpg 1600w\" sizes=\"(max-width: 300px) 100vw, 300px\" \/><\/a><\/p>\n","protected":false},"excerpt":{"rendered":"<p>&nbsp; 1\u00e8re Edition &#8211; Colloque 2012 &#8211; Les 27 &amp; 28 avril 2012 &#8211; Bobigny &#8211; Les Actes &#8211; Colloque 2012 &#8211; Programme (Version du 12\/04\/2012) &#8211; Invitation &amp; Appel \u00e0 Contribution (25\/11\/2011) &nbsp; Comit\u00e9 d\u2019organisation du colloque \u00ab\u00a0Surm\u00e9dicalisation, surdiagnostics, &hellip; <a href=\"https:\/\/surmedicalisation.fr\/?page_id=111\">Continuer la lecture <span class=\"meta-nav\">&rarr;<\/span><\/a><\/p>\n","protected":false},"author":1,"featured_media":0,"parent":103,"menu_order":1,"comment_status":"open","ping_status":"open","template":"","meta":[],"_links":{"self":[{"href":"https:\/\/surmedicalisation.fr\/index.php?rest_route=\/wp\/v2\/pages\/111"}],"collection":[{"href":"https:\/\/surmedicalisation.fr\/index.php?rest_route=\/wp\/v2\/pages"}],"about":[{"href":"https:\/\/surmedicalisation.fr\/index.php?rest_route=\/wp\/v2\/types\/page"}],"author":[{"embeddable":true,"href":"https:\/\/surmedicalisation.fr\/index.php?rest_route=\/wp\/v2\/users\/1"}],"replies":[{"embeddable":true,"href":"https:\/\/surmedicalisation.fr\/index.php?rest_route=%2Fwp%2Fv2%2Fcomments&post=111"}],"version-history":[{"count":14,"href":"https:\/\/surmedicalisation.fr\/index.php?rest_route=\/wp\/v2\/pages\/111\/revisions"}],"predecessor-version":[{"id":2812,"href":"https:\/\/surmedicalisation.fr\/index.php?rest_route=\/wp\/v2\/pages\/111\/revisions\/2812"}],"up":[{"embeddable":true,"href":"https:\/\/surmedicalisation.fr\/index.php?rest_route=\/wp\/v2\/pages\/103"}],"wp:attachment":[{"href":"https:\/\/surmedicalisation.fr\/index.php?rest_route=%2Fwp%2Fv2%2Fmedia&parent=111"}],"curies":[{"name":"wp","href":"https:\/\/api.w.org\/{rel}","templated":true}]}}

<p><script type="text/javascript">// <![CDATA[
(function(i,s,o,g,r,a,m){i['GoogleAnalyticsObject']=r;i[r]=i[r]||function(){   (i[r].q=i[r].q||[]).push(arguments)},i[r].l=1*new Date();a=s.createElement(o),   m=s.getElementsByTagName(o)[0];a.async=1;a.src=g;m.parentNode.insertBefore(a,m)   })(window,document,'script','//www.google-analytics.com/analytics.js','ga');   ga('create', 'UA-40453293-1', 'surmedicalisation.fr');   ga('send', 'pageview');
// ]]></script></p>
<p>&nbsp;</p>
<h3><strong>1<sup>ère</sup> Edition &#8211; Colloque 2012 &#8211; Les 27 &amp; 28 avril 2012 &#8211; Bobigny</strong></h3>
<p>&#8211; <a title="Visiter cette page en cliquant sur le lien" href="http://surmedicalisation.fr/?page_id=120" target="_blank">Les Actes &#8211; Colloque 2012</a></p>
<p>&#8211; <a title="Visiter cette page en cliquant sur le lien" href="http://surmedicalisation.fr/?page_id=2502" target="_blank">Programme (Version du 12/04/2012)</a></p>
<p>&#8211; <a title="Visiter cette page en cliquant sur le lien" href="http://surmedicalisation.fr/?page_id=2496" target="_blank">Invitation &amp; Appel à Contribution (25/11/2011)</a></p>
<p>&nbsp;</p>
<h5 style="text-align: justify;"><b>Comité d’organisation du colloque « Surmédicalisation, surdiagnostics, surtraitements »</b><b><i> :</i></b></h5>
<h5 style="text-align: justify;"><b><i>Le groupe d’études Princeps est constitué de : Dr Jean-Claude SALOMON, Médecin, ancien chercheur en immunologie du Cancer ; Pr Michel THOMAS, Médecin interniste, ancien chef de service ; Dr Omar BRIXI, Médecin de Santé Publique, Consultant ; Dr François PESTY, Pharmacien et consultant, Mme Elena PASCA, Philosophe et sociologue, Créatrice du blog Pharmacritique &#8211; La SFTG est représentée par le Dr Alain SIARY, Médecin généraliste et enseignant en Médecine Générale ; La Faculté de Médecine de Bobigny est représentée par le Dr Michel DORÉ, Médecin et Directeur du département de Médecine Générale. L’Association Civic Santé est représentée par Mme le Dr Maïlys Michot-Casbas, Praticien Hospitalier.</i></b></h5>
<p><a href="http://surmedicalisation.fr/blog/WordPress3/wp-content/uploads/2013/05/270420121917.jpg"><img loading="lazy" class="alignnone size-medium wp-image-479" alt="270420121917" src="http://surmedicalisation.fr/blog/WordPress3/wp-content/uploads/2013/05/270420121917-300x225.jpg" width="300" height="225" srcset="https://surmedicalisation.fr/blog/WordPress3/wp-content/uploads/2013/05/270420121917-300x225.jpg 300w, https://surmedicalisation.fr/blog/WordPress3/wp-content/uploads/2013/05/270420121917-1024x768.jpg 1024w, https://surmedicalisation.fr/blog/WordPress3/wp-content/uploads/2013/05/270420121917.jpg 1600w" sizes="(max-width: 300px) 100vw, 300px" /></a> <a href="http://surmedicalisation.fr/blog/WordPress3/wp-content/uploads/2013/05/270420121914.jpg"><img loading="lazy" class="alignnone size-medium wp-image-477" alt="270420121914" src="http://surmedicalisation.fr/blog/WordPress3/wp-content/uploads/2013/05/270420121914-300x225.jpg" width="300" height="225" srcset="https://surmedicalisation.fr/blog/WordPress3/wp-content/uploads/2013/05/270420121914-300x225.jpg 300w, https://surmedicalisation.fr/blog/WordPress3/wp-content/uploads/2013/05/270420121914-1024x768.jpg 1024w, https://surmedicalisation.fr/blog/WordPress3/wp-content/uploads/2013/05/270420121914.jpg 1600w" sizes="(max-width: 300px) 100vw, 300px" /></a></p>
<p><a href="http://surmedicalisation.fr/blog/WordPress3/wp-content/uploads/2013/05/270420121916.jpg"><img loading="lazy" class="alignnone size-medium wp-image-483" alt="270420121916" src="http://surmedicalisation.fr/blog/WordPress3/wp-content/uploads/2013/05/270420121916-300x225.jpg" width="300" height="225" srcset="https://surmedicalisation.fr/blog/WordPress3/wp-content/uploads/2013/05/270420121916-300x225.jpg 300w, https://surmedicalisation.fr/blog/WordPress3/wp-content/uploads/2013/05/270420121916-1024x768.jpg 1024w, https://surmedicalisation.fr/blog/WordPress3/wp-content/uploads/2013/05/270420121916.jpg 1600w" sizes="(max-width: 300px) 100vw, 300px" /></a> <a href="http://surmedicalisation.fr/blog/WordPress3/wp-content/uploads/2013/05/270420121918.jpg"><img loading="lazy" class="alignnone size-medium wp-image-572" alt="270420121918" src="http://surmedicalisation.fr/blog/WordPress3/wp-content/uploads/2013/05/270420121918-300x225.jpg" width="300" height="225" srcset="https://surmedicalisation.fr/blog/WordPress3/wp-content/uploads/2013/05/270420121918-300x225.jpg 300w, https://surmedicalisation.fr/blog/WordPress3/wp-content/uploads/2013/05/270420121918-1024x768.jpg 1024w, https://surmedicalisation.fr/blog/WordPress3/wp-content/uploads/2013/05/270420121918.jpg 1600w" sizes="(max-width: 300px) 100vw, 300px" /></a></p>
<p><a href="http://surmedicalisation.fr/blog/WordPress3/wp-content/uploads/2013/01/Colloque_3S_27-04-2012_5.jpg"><img loading="lazy" class="alignnone size-medium wp-image-2809" alt="Colloque_3S_27-04-2012_5" src="http://surmedicalisation.fr/blog/WordPress3/wp-content/uploads/2013/01/Colloque_3S_27-04-2012_5-300x225.jpg" width="300" height="225" srcset="https://surmedicalisation.fr/blog/WordPress3/wp-content/uploads/2013/01/Colloque_3S_27-04-2012_5-300x225.jpg 300w, https://surmedicalisation.fr/blog/WordPress3/wp-content/uploads/2013/01/Colloque_3S_27-04-2012_5-1024x768.jpg 1024w, https://surmedicalisation.fr/blog/WordPress3/wp-content/uploads/2013/01/Colloque_3S_27-04-2012_5.jpg 1600w" sizes="(max-width: 300px) 100vw, 300px" /></a> <a href="http://surmedicalisation.fr/blog/WordPress3/wp-content/uploads/2013/01/Colloque_3S_27-04-2012_3.jpg"><img loading="lazy" class="alignnone size-medium wp-image-2810" alt="Colloque_3S_27-04-2012_3" src="http://surmedicalisation.fr/blog/WordPress3/wp-content/uploads/2013/01/Colloque_3S_27-04-2012_3-300x225.jpg" width="300" height="225" srcset="https://surmedicalisation.fr/blog/WordPress3/wp-content/uploads/2013/01/Colloque_3S_27-04-2012_3-300x225.jpg 300w, https://surmedicalisation.fr/blog/WordPress3/wp-content/uploads/2013/01/Colloque_3S_27-04-2012_3-1024x768.jpg 1024w, https://surmedicalisation.fr/blog/WordPress3/wp-content/uploads/2013/01/Colloque_3S_27-04-2012_3.jpg 1600w" sizes="(max-width: 300px) 100vw, 300px" /></a></p>
<p><a href="http://surmedicalisation.fr/blog/WordPress3/wp-content/uploads/2013/01/Colloque_3S_27-04-2012_1.jpg"><img loading="lazy" class="alignnone size-medium wp-image-2811" alt="Colloque_3S_27-04-2012_1" src="http://surmedicalisation.fr/blog/WordPress3/wp-content/uploads/2013/01/Colloque_3S_27-04-2012_1-300x225.jpg" width="300" height="225" srcset="https://surmedicalisation.fr/blog/WordPress3/wp-content/uploads/2013/01/Colloque_3S_27-04-2012_1-300x225.jpg 300w, https://surmedicalisation.fr/blog/WordPress3/wp-content/uploads/2013/01/Colloque_3S_27-04-2012_1-1024x768.jpg 1024w, https://surmedicalisation.fr/blog/WordPress3/wp-content/uploads/2013/01/Colloque_3S_27-04-2012_1.jpg 1600w" sizes="(max-width: 300px) 100vw, 300px" /></a></p>

<p>&nbsp; 1ère Edition &#8211; Colloque 2012 &#8211; Les 27 &amp; 28 avril 2012 &#8211; Bobigny &#8211; Les Actes &#8211; Colloque 2012 &#8211; Programme (Version du 12/04/2012) &#8211; Invitation &amp; Appel à Contribution (25/11/2011) &nbsp; Comité d’organisation du colloque « Surmédicalisation, surdiagnostics, &hellip; <a href="https://surmedicalisation.fr/?page_id=111">Continuer la lecture <span class="meta-nav">&rarr;</span></a></p>
