{"id":2496,"date":"2013-09-10T11:31:17","date_gmt":"2013-09-10T09:31:17","guid":{"rendered":"http:\/\/surmedicalisation.fr\/?page_id=2496"},"modified":"2016-09-30T10:08:04","modified_gmt":"2016-09-30T08:08:04","slug":"invitation-appel-a-contributions-25112011","status":"publish","type":"page","link":"https:\/\/surmedicalisation.fr\/?page_id=2496","title":{"rendered":"Invitation &#038; Appel \u00e0 contribution &#8211; 25\/11\/2011"},"content":{"rendered":"<p><script>\n  (function(i,s,o,g,r,a,m){i['GoogleAnalyticsObject']=r;i[r]=i[r]||function(){\n  (i[r].q=i[r].q||[]).push(arguments)},i[r].l=1*new Date();a=s.createElement(o),\n  m=s.getElementsByTagName(o)[0];a.async=1;a.src=g;m.parentNode.insertBefore(a,m)\n  })(window,document,'script','https:\/\/www.google-analytics.com\/analytics.js','ga');<\/p>\n<p>  ga('create', 'UA-40453293-1', 'auto');\n  ga('send', 'pageview');<\/p>\n<p><\/script><\/p>\n<h2 style=\"text-align: center;\"><\/h2>\n<h2 style=\"text-align: center;\"><\/h2>\n<h2 align=\"center\"><b>\u00a01<sup>\u00e8re<\/sup> annonce\u00a0: invitation et appel \u00e0 contribution<\/b><\/h2>\n<p>&nbsp;<\/p>\n<p style=\"text-align: justify;\">Le 25 novembre 2011<\/p>\n<p style=\"text-align: justify;\">Cher(e) Coll\u00e8gues,<\/p>\n<p style=\"text-align: justify;\">Le groupe Princeps, le D\u00e9partement de M\u00e9decine G\u00e9n\u00e9rale de la Facult\u00e9 de M\u00e9decine de Bobigny et la Soci\u00e9t\u00e9 de Formation Th\u00e9rapeutique du G\u00e9n\u00e9raliste (SFTG), organisent les 27 et 28 avril 2012 un colloque intitul\u00e9<b>\u00a0: <\/b><\/p>\n<p style=\"text-align: center;\"><b>\u00ab\u00a0Surm\u00e9dicalisation, surdiagnostics et surtraitements\u00a0<\/b>\u00bb<\/p>\n<p style=\"text-align: justify;\">qui aura lieu \u00e0 la Facult\u00e9 de M\u00e9decine de Bobigny.<\/p>\n<p style=\"text-align: justify;\">Vous \u00eates invit\u00e9s \u00e0 participer \u00e0 ce colloque et nous vous proposons de soumettre d\u00e8s que possible l\u2019intitul\u00e9 de vos contributions aux ateliers de ce colloque. Le titre et un r\u00e9sum\u00e9 de 500 caract\u00e8res (espaces compris) sont attendus au plus tard le 15\/01\/2012. Voir textes joints.<\/p>\n<p style=\"text-align: justify;\">Les propositions de communications retenues par le comit\u00e9 d&rsquo;organisation seront port\u00e9es \u00e0 la connaissance des auteurs le 15 f\u00e9vrier 2011.<\/p>\n<p style=\"text-align: justify;\">Les \u00e9changes se feront exclusivement par courrier \u00e9lectronique, les titres et les r\u00e9sum\u00e9s devront \u00eatre en format word (97-2003) sous forme de documents attach\u00e9s. Les r\u00e9ponses doivent \u00eatre adress\u00e9es \u00e0\u00a0:<\/p>\n<p style=\"text-align: center;\"><a href=\"surmedicalisation@tribunes.com\">surmedicalisation@tribunes.com<\/a><\/p>\n<p style=\"text-align: justify;\">les intervenants, m\u00e9decins ou non m\u00e9decins devront faire une d\u00e9claration de liens d\u2019int\u00e9r\u00eats.<\/p>\n<p style=\"text-align: justify;\">Dans un souci d\u2019ind\u00e9pendance, la participation individuelle sera de 30 \u20ac\/personne (10\u20ac internes)<\/p>\n<p style=\"text-align: justify;\">Esp\u00e9rant votre participation et vos contributions veuillez acceptez cher(e) Coll\u00e8gues l\u2019expression de nos meilleurs sentiments<\/p>\n<p style=\"text-align: justify;\">Le groupe Princeps<\/p>\n<p style=\"text-align: justify;\">p.j.<\/p>\n<p>&nbsp;<\/p>\n","protected":false},"excerpt":{"rendered":"<p>\u00a01\u00e8re annonce\u00a0: invitation et appel \u00e0 contribution &nbsp; Le 25 novembre 2011 Cher(e) Coll\u00e8gues, Le groupe Princeps, le D\u00e9partement de M\u00e9decine G\u00e9n\u00e9rale de la Facult\u00e9 de M\u00e9decine de Bobigny et la Soci\u00e9t\u00e9 de Formation Th\u00e9rapeutique du G\u00e9n\u00e9raliste (SFTG), organisent les &hellip; <a href=\"https:\/\/surmedicalisation.fr\/?page_id=2496\">Continuer la lecture <span class=\"meta-nav\">&rarr;<\/span><\/a><\/p>\n","protected":false},"author":1,"featured_media":0,"parent":111,"menu_order":3,"comment_status":"open","ping_status":"open","template":"","meta":[],"_links":{"self":[{"href":"https:\/\/surmedicalisation.fr\/index.php?rest_route=\/wp\/v2\/pages\/2496"}],"collection":[{"href":"https:\/\/surmedicalisation.fr\/index.php?rest_route=\/wp\/v2\/pages"}],"about":[{"href":"https:\/\/surmedicalisation.fr\/index.php?rest_route=\/wp\/v2\/types\/page"}],"author":[{"embeddable":true,"href":"https:\/\/surmedicalisation.fr\/index.php?rest_route=\/wp\/v2\/users\/1"}],"replies":[{"embeddable":true,"href":"https:\/\/surmedicalisation.fr\/index.php?rest_route=%2Fwp%2Fv2%2Fcomments&post=2496"}],"version-history":[{"count":9,"href":"https:\/\/surmedicalisation.fr\/index.php?rest_route=\/wp\/v2\/pages\/2496\/revisions"}],"predecessor-version":[{"id":2513,"href":"https:\/\/surmedicalisation.fr\/index.php?rest_route=\/wp\/v2\/pages\/2496\/revisions\/2513"}],"up":[{"embeddable":true,"href":"https:\/\/surmedicalisation.fr\/index.php?rest_route=\/wp\/v2\/pages\/111"}],"wp:attachment":[{"href":"https:\/\/surmedicalisation.fr\/index.php?rest_route=%2Fwp%2Fv2%2Fmedia&parent=2496"}],"curies":[{"name":"wp","href":"https:\/\/api.w.org\/{rel}","templated":true}]}}