{"id":3848,"date":"2016-04-19T23:16:52","date_gmt":"2016-04-19T21:16:52","guid":{"rendered":"http:\/\/surmedicalisation.fr\/?page_id=3848"},"modified":"2020-10-26T14:28:10","modified_gmt":"2020-10-26T13:28:10","slug":"communique-de-presse-19042016","status":"publish","type":"page","link":"https:\/\/surmedicalisation.fr\/?page_id=3848","title":{"rendered":"Communiqu\u00e9 de Presse &#8211; 19\/04\/2016"},"content":{"rendered":"<p><script>\/\/ <![CDATA[ (function(i,s,o,g,r,a,m){i['GoogleAnalyticsObject']=r;i[r]=i[r]||function(){ (i[r].q=i[r].q||[]).push(arguments)},i[r].l=1*new Date();a=s.createElement(o), m=s.getElementsByTagName(o)[0];a.async=1;a.src=g;m.parentNode.insertBefore(a,m) })(window,document,'script','\/\/www.google-analytics.com\/analytics.js','ga'); ga('create', 'UA-40453293-1', 'surmedicalisation.fr'); ga('send', 'pageview'); \/\/ ]]><\/script><\/p>\n<p>&nbsp;<\/p>\n<p>&nbsp;<\/p>\n<p><a href=\"http:\/\/surmedicalisation.fr\/blog\/WordPress3\/wp-content\/uploads\/2016\/04\/Bandeau_long.jpg\"><img loading=\"lazy\" class=\"aligncenter wp-image-3849\" src=\"http:\/\/surmedicalisation.fr\/blog\/WordPress3\/wp-content\/uploads\/2016\/04\/Bandeau_long-300x10.jpg\" alt=\"Bandeau_long\" width=\"1000\" height=\"34\" srcset=\"https:\/\/surmedicalisation.fr\/blog\/WordPress3\/wp-content\/uploads\/2016\/04\/Bandeau_long-300x10.jpg 300w, https:\/\/surmedicalisation.fr\/blog\/WordPress3\/wp-content\/uploads\/2016\/04\/Bandeau_long-768x26.jpg 768w, https:\/\/surmedicalisation.fr\/blog\/WordPress3\/wp-content\/uploads\/2016\/04\/Bandeau_long-1024x35.jpg 1024w, https:\/\/surmedicalisation.fr\/blog\/WordPress3\/wp-content\/uploads\/2016\/04\/Bandeau_long.jpg 1047w\" sizes=\"(max-width: 1000px) 100vw, 1000px\" \/><\/a><\/p>\n<h1 style=\"text-align: center;\">\u00ab\u00a0<strong>Cancers du sein\u00a0: Am\u00e9liorer ou repenser le d\u00e9pistage\u00a0?<\/strong>\u00a0\u00bb<\/h1>\n<h2 style=\"text-align: center;\"><span style=\"color: #333333;\">Communiqu\u00e9 de presse Princeps \/ SFTG<\/span><\/h2>\n<p>&nbsp;<\/p>\n<h4>Depuis quelques ann\u00e9es, nombre de professionnels et de femmes se posent des questions ou lisent des publications qui mettent en cause la pertinence du d\u00e9pistage de masse, notamment des cancers du sein, de ses modalit\u00e9s et certains de ses r\u00e9sultats.<\/h4>\n<h4>Une controverse est ainsi n\u00e9e, plus d\u00e9velopp\u00e9e dans les pays qui ont la culture du d\u00e9bat.<\/h4>\n<h4><\/h4>\n<h4>C\u2019est pour cela et dans ce cadre que le groupe Princeps<a href=\"#_ftn1\" name=\"_ftnref1\">[1]<\/a> a appuy\u00e9 l\u2019initiative de concertation publique lanc\u00e9e en octobre 2015 par la Ministre de la sant\u00e9 autour de ce d\u00e9pistage de masse des cancers du sein dont l\u2019objectif affich\u00e9 visait <strong><em>\u00ab <strong>\u00e0 recueillir l\u2019avis des femmes, des professionnels de sant\u00e9 qui les accompagnent, et plus largement de l\u2019ensemble des citoyens\u2026 \u00bb<\/strong><\/em><\/strong><a href=\"#_ftn2\" name=\"_ftnref2\">[2]<\/a><strong><em><strong>. <\/strong><\/em><\/strong><\/h4>\n<h4><\/h4>\n<h4>Une r\u00e9union de restitution, de d\u00e9bat et de cl\u00f4ture publique\u00a0est pr\u00e9vue pour le samedi matin 28 mai \u00e0 l&rsquo;Institut Pasteur \u00e0 Paris.<\/h4>\n<h4><strong>\u00a0<\/strong><\/h4>\n<h4>Le groupe Princeps, apr\u00e8s avoir organis\u00e9 une rencontre le 12 janvier 2016 (Vid\u00e9os\u00a0: <a href=\"http:\/\/surmedicalisation.fr\/?page_id=3714\">ici<\/a>,<br \/>\n5 d\u00e9pistages compar\u00e9s\u00a0: <a href=\"http:\/\/surmedicalisation.fr\/blog\/WordPress3\/wp-content\/uploads\/2016\/04\/Audition-PRINCEPS-SFTG-R\u00e9sultats-des-d\u00e9pistages-de-5-cancers-diff\u00e9rents-11-02-2016.pdf\">l\u00e0<\/a>), a contribu\u00e9 \u00e0 cette concertation et publi\u00e9 un argumentaire accessible sur son site<a href=\"#_ftn3\" name=\"_ftnref3\">[3]<\/a>, dans une double version, d\u00e9velopp\u00e9e (<a href=\"http:\/\/surmedicalisation.fr\/blog\/WordPress3\/wp-content\/uploads\/2016\/04\/PRINCEPS__SFTG_Contribution-au-d\u00e9pistage-13-02-2016.pdf\">ici<\/a>) et r\u00e9sum\u00e9e (<a href=\"http:\/\/surmedicalisation.fr\/blog\/WordPress3\/wp-content\/uploads\/2016\/04\/Argumentaire-court_Princeps_SFTG_Audition_INCa_11-02-2016.pdf\">l\u00e0<\/a>).<\/h4>\n<h4><\/h4>\n<h4>Il est attentif et reste contributeur et vigilant sur, tout au moins, trois exigences :<\/h4>\n<ul>\n<li>\n<h4>la prise en compte des avis et des donn\u00e9es dans toute leur diversit\u00e9,<\/h4>\n<\/li>\n<li>\n<h4>la prise en charge de l\u2019int\u00e9r\u00eat r\u00e9el des femmes,<\/h4>\n<\/li>\n<li>\n<h4>des r\u00e9orientations dans cette politique publique de sant\u00e9 dans un cadre plus ind\u00e9pendant des lobbies.<\/h4>\n<\/li>\n<\/ul>\n<h4><\/h4>\n<h4>Il le fait d\u2019autant qu\u2019il travaille depuis plusieurs ann\u00e9es sur les questions de surm\u00e9dicalisation, surdiagnostics et surtaitements, en coop\u00e9ration avec le coll\u00e8ge des enseignants de m\u00e9decine g\u00e9n\u00e9rale de la Facult\u00e9 de Bobigny et de la SFTG (Soci\u00e9t\u00e9 de Formation Th\u00e9rapeutique du G\u00e9n\u00e9raliste), \u00e0 travers des colloques annuels \u00e0 Bobigny (synth\u00e8se des contributions sur le sujet de 2012 \u00e0 2015\u00a0: <a href=\"http:\/\/surmedicalisation.fr\/blog\/WordPress3\/wp-content\/uploads\/2016\/01\/Contributions_d\u00e9pistage_K_Sein_Colloque_surm\u00e9dicalisation_Bobigny_2012-2015.pdf\">ici<\/a>), jusqu\u2019au prochain, 5<sup>\u00e8me<\/sup> du genre, les 27 et 28 mai 2016 (<a href=\"http:\/\/surmedicalisation.fr\/?page_id=3772\">l\u00e0<\/a>).<\/h4>\n<table>\n<tbody>\n<tr>\n<td width=\"291\">\n<h4><\/h4>\n<\/td>\n<\/tr>\n<tr>\n<td>\n<h4><\/h4>\n<\/td>\n<td width=\"317\">\n<table width=\"100%\">\n<tbody>\n<tr>\n<td>\n<h4>5\u00b0 Colloque de Bobigny\u00a0: \u00ab\u00a0Sur- et sous-m\u00e9dicalisation, surdiagnostics et surtraitements\u00a0\u00bb \u2013 Les 27 et 28 mai 2016<\/h4>\n<\/td>\n<\/tr>\n<\/tbody>\n<\/table>\n<h4><\/h4>\n<\/td>\n<\/tr>\n<\/tbody>\n<\/table>\n<h4><\/h4>\n<h4><\/h4>\n<h4>Groupe Princeps, Paris le 19 04 2016<\/h4>\n<h4><a href=\"mailto:contact@surmedicalisation.fr\">contact@surmedicalisation.fr<\/a><\/h4>\n<h4><a href=\"#_ftnref1\" name=\"_ftn1\">[1]<\/a> \u00ab Princeps\u00a0\u00bb est un r\u00e9seau de professionnels du soin et de la sant\u00e9, mobilis\u00e9 autour des probl\u00e9matiques de \u00ab\u00a0Surm\u00e9dicalisation, surdiagnostics et surtraitements\u00a0\u00bb. Il est anim\u00e9 par Michel Thomas, Omar Brixi, Jean-Claude Salomon, Alain Siary, Ma\u00eflys Michot, Fran\u00e7ois Pesty, Michel Dor\u00e9<\/h4>\n<h4><a href=\"#_ftnref2\" name=\"_ftn2\">[2]<\/a> <a href=\"http:\/\/www.concertation-depistage.fr\/\">http:\/\/www.concertation-depistage.fr\/<\/a><\/h4>\n<h4><a href=\"#_ftnref3\" name=\"_ftn3\">[3]<\/a> <a href=\"http:\/\/surmedicalisation.fr\/\">http:\/\/surmedicalisation.fr\/<\/a><\/h4>\n<p>&nbsp;<\/p>\n","protected":false},"excerpt":{"rendered":"<p>&nbsp; &nbsp; \u00ab\u00a0Cancers du sein\u00a0: Am\u00e9liorer ou repenser le d\u00e9pistage\u00a0?\u00a0\u00bb Communiqu\u00e9 de presse Princeps \/ SFTG &nbsp; Depuis quelques ann\u00e9es, nombre de professionnels et de femmes se posent des questions ou lisent des publications qui mettent en cause la pertinence &hellip; <a href=\"https:\/\/surmedicalisation.fr\/?page_id=3848\">Continuer la lecture <span class=\"meta-nav\">&rarr;<\/span><\/a><\/p>\n","protected":false},"author":1,"featured_media":0,"parent":317,"menu_order":3,"comment_status":"closed","ping_status":"closed","template":"","meta":[],"_links":{"self":[{"href":"https:\/\/surmedicalisation.fr\/index.php?rest_route=\/wp\/v2\/pages\/3848"}],"collection":[{"href":"https:\/\/surmedicalisation.fr\/index.php?rest_route=\/wp\/v2\/pages"}],"about":[{"href":"https:\/\/surmedicalisation.fr\/index.php?rest_route=\/wp\/v2\/types\/page"}],"author":[{"embeddable":true,"href":"https:\/\/surmedicalisation.fr\/index.php?rest_route=\/wp\/v2\/users\/1"}],"replies":[{"embeddable":true,"href":"https:\/\/surmedicalisation.fr\/index.php?rest_route=%2Fwp%2Fv2%2Fcomments&post=3848"}],"version-history":[{"count":9,"href":"https:\/\/surmedicalisation.fr\/index.php?rest_route=\/wp\/v2\/pages\/3848\/revisions"}],"predecessor-version":[{"id":3856,"href":"https:\/\/surmedicalisation.fr\/index.php?rest_route=\/wp\/v2\/pages\/3848\/revisions\/3856"}],"up":[{"embeddable":true,"href":"https:\/\/surmedicalisation.fr\/index.php?rest_route=\/wp\/v2\/pages\/317"}],"wp:attachment":[{"href":"https:\/\/surmedicalisation.fr\/index.php?rest_route=%2Fwp%2Fv2%2Fmedia&parent=3848"}],"curies":[{"name":"wp","href":"https:\/\/api.w.org\/{rel}","templated":true}]}}

Communiqué de Presse &#8211; 19/04/2016

<p><script>// <![CDATA[ (function(i,s,o,g,r,a,m){i['GoogleAnalyticsObject']=r;i[r]=i[r]||function(){ (i[r].q=i[r].q||[]).push(arguments)},i[r].l=1*new Date();a=s.createElement(o), m=s.getElementsByTagName(o)[0];a.async=1;a.src=g;m.parentNode.insertBefore(a,m) })(window,document,'script','//www.google-analytics.com/analytics.js','ga'); ga('create', 'UA-40453293-1', 'surmedicalisation.fr'); ga('send', 'pageview'); // ]]></script></p>
<p>&nbsp;</p>
<p>&nbsp;</p>
<p><a href="http://surmedicalisation.fr/blog/WordPress3/wp-content/uploads/2016/04/Bandeau_long.jpg"><img loading="lazy" class="aligncenter wp-image-3849" src="http://surmedicalisation.fr/blog/WordPress3/wp-content/uploads/2016/04/Bandeau_long-300x10.jpg" alt="Bandeau_long" width="1000" height="34" srcset="https://surmedicalisation.fr/blog/WordPress3/wp-content/uploads/2016/04/Bandeau_long-300x10.jpg 300w, https://surmedicalisation.fr/blog/WordPress3/wp-content/uploads/2016/04/Bandeau_long-768x26.jpg 768w, https://surmedicalisation.fr/blog/WordPress3/wp-content/uploads/2016/04/Bandeau_long-1024x35.jpg 1024w, https://surmedicalisation.fr/blog/WordPress3/wp-content/uploads/2016/04/Bandeau_long.jpg 1047w" sizes="(max-width: 1000px) 100vw, 1000px" /></a></p>
<h1 style="text-align: center;">« <strong>Cancers du sein : Améliorer ou repenser le dépistage ?</strong> »</h1>
<h2 style="text-align: center;"><span style="color: #333333;">Communiqué de presse Princeps / SFTG</span></h2>
<p>&nbsp;</p>
<h4>Depuis quelques années, nombre de professionnels et de femmes se posent des questions ou lisent des publications qui mettent en cause la pertinence du dépistage de masse, notamment des cancers du sein, de ses modalités et certains de ses résultats.</h4>
<h4>Une controverse est ainsi née, plus développée dans les pays qui ont la culture du débat.</h4>
<h4></h4>
<h4>C’est pour cela et dans ce cadre que le groupe Princeps<a href="#_ftn1" name="_ftnref1">[1]</a> a appuyé l’initiative de concertation publique lancée en octobre 2015 par la Ministre de la santé autour de ce dépistage de masse des cancers du sein dont l’objectif affiché visait <strong><em>« <strong>à recueillir l’avis des femmes, des professionnels de santé qui les accompagnent, et plus largement de l’ensemble des citoyens… »</strong></em></strong><a href="#_ftn2" name="_ftnref2">[2]</a><strong><em><strong>. </strong></em></strong></h4>
<h4></h4>
<h4>Une réunion de restitution, de débat et de clôture publique est prévue pour le samedi matin 28 mai à l&rsquo;Institut Pasteur à Paris.</h4>
<h4><strong> </strong></h4>
<h4>Le groupe Princeps, après avoir organisé une rencontre le 12 janvier 2016 (Vidéos : <a href="http://surmedicalisation.fr/?page_id=3714">ici</a>,<br />
5 dépistages comparés : <a href="http://surmedicalisation.fr/blog/WordPress3/wp-content/uploads/2016/04/Audition-PRINCEPS-SFTG-Résultats-des-dépistages-de-5-cancers-différents-11-02-2016.pdf">là</a>), a contribué à cette concertation et publié un argumentaire accessible sur son site<a href="#_ftn3" name="_ftnref3">[3]</a>, dans une double version, développée (<a href="http://surmedicalisation.fr/blog/WordPress3/wp-content/uploads/2016/04/PRINCEPS__SFTG_Contribution-au-dépistage-13-02-2016.pdf">ici</a>) et résumée (<a href="http://surmedicalisation.fr/blog/WordPress3/wp-content/uploads/2016/04/Argumentaire-court_Princeps_SFTG_Audition_INCa_11-02-2016.pdf">là</a>).</h4>
<h4></h4>
<h4>Il est attentif et reste contributeur et vigilant sur, tout au moins, trois exigences :</h4>
<ul>
<li>
<h4>la prise en compte des avis et des données dans toute leur diversité,</h4>
</li>
<li>
<h4>la prise en charge de l’intérêt réel des femmes,</h4>
</li>
<li>
<h4>des réorientations dans cette politique publique de santé dans un cadre plus indépendant des lobbies.</h4>
</li>
</ul>
<h4></h4>
<h4>Il le fait d’autant qu’il travaille depuis plusieurs années sur les questions de surmédicalisation, surdiagnostics et surtaitements, en coopération avec le collège des enseignants de médecine générale de la Faculté de Bobigny et de la SFTG (Société de Formation Thérapeutique du Généraliste), à travers des colloques annuels à Bobigny (synthèse des contributions sur le sujet de 2012 à 2015 : <a href="http://surmedicalisation.fr/blog/WordPress3/wp-content/uploads/2016/01/Contributions_dépistage_K_Sein_Colloque_surmédicalisation_Bobigny_2012-2015.pdf">ici</a>), jusqu’au prochain, 5<sup>ème</sup> du genre, les 27 et 28 mai 2016 (<a href="http://surmedicalisation.fr/?page_id=3772">là</a>).</h4>
<table>
<tbody>
<tr>
<td width="291">
<h4></h4>
</td>
</tr>
<tr>
<td>
<h4></h4>
</td>
<td width="317">
<table width="100%">
<tbody>
<tr>
<td>
<h4>5° Colloque de Bobigny : « Sur- et sous-médicalisation, surdiagnostics et surtraitements » – Les 27 et 28 mai 2016</h4>
</td>
</tr>
</tbody>
</table>
<h4></h4>
</td>
</tr>
</tbody>
</table>
<h4></h4>
<h4></h4>
<h4>Groupe Princeps, Paris le 19 04 2016</h4>
<h4><a href="mailto:contact@surmedicalisation.fr">contact@surmedicalisation.fr</a></h4>
<h4><a href="#_ftnref1" name="_ftn1">[1]</a> « Princeps » est un réseau de professionnels du soin et de la santé, mobilisé autour des problématiques de « Surmédicalisation, surdiagnostics et surtraitements ». Il est animé par Michel Thomas, Omar Brixi, Jean-Claude Salomon, Alain Siary, Maïlys Michot, François Pesty, Michel Doré</h4>
<h4><a href="#_ftnref2" name="_ftn2">[2]</a> <a href="http://www.concertation-depistage.fr/">http://www.concertation-depistage.fr/</a></h4>
<h4><a href="#_ftnref3" name="_ftn3">[3]</a> <a href="http://surmedicalisation.fr/">http://surmedicalisation.fr/</a></h4>
<p>&nbsp;</p>

<p>&nbsp; &nbsp; « Cancers du sein : Améliorer ou repenser le dépistage ? » Communiqué de presse Princeps / SFTG &nbsp; Depuis quelques années, nombre de professionnels et de femmes se posent des questions ou lisent des publications qui mettent en cause la pertinence &hellip; <a href="https://surmedicalisation.fr/?page_id=3848">Continuer la lecture <span class="meta-nav">&rarr;</span></a></p>
