{"id":4122,"date":"2016-09-16T14:39:19","date_gmt":"2016-09-16T12:39:19","guid":{"rendered":"http:\/\/surmedicalisation.fr\/?page_id=4122"},"modified":"2016-09-16T14:39:19","modified_gmt":"2016-09-16T12:39:19","slug":"3-etats-des-lieux-colloque-2016","status":"publish","type":"page","link":"https:\/\/surmedicalisation.fr\/?page_id=4122","title":{"rendered":"3 Etats des lieux &#8211; Colloque 2016"},"content":{"rendered":"<p><script>\/\/ <![CDATA[ (function(i,s,o,g,r,a,m){i['GoogleAnalyticsObject']=r;i[r]=i[r]||function(){ (i[r].q=i[r].q||[]).push(arguments)},i[r].l=1*new Date();a=s.createElement(o), m=s.getElementsByTagName(o)[0];a.async=1;a.src=g;m.parentNode.insertBefore(a,m) })(window,document,'script','\/\/www.google-analytics.com\/analytics.js','ga'); ga('create', 'UA-40453293-1', 'surmedicalisation.fr'); ga('send', 'pageview'); \/\/ ]]><\/script><\/p>\n<p style=\"text-align: center;\"><em>Vendredi 27 mai 2016 &#8211; matin\u00e9e<\/em><\/p>\n<h2 style=\"text-align: center;\"><a id=\"Ouverture\"><\/a>Ouverture<\/h2>\n<p>&nbsp;<\/p>\n<p style=\"text-align: center;\"><strong>Accueil de la Vice-Doyenne de la facult\u00e9 de m\u00e9decine de Bobigny<\/strong><\/p>\n<p><a href=\"http:\/\/surmedicalisation.fr\/blog\/WordPress3\/wp-content\/uploads\/2016\/09\/IMG_1016.jpg\"><img loading=\"lazy\" class=\"size-medium wp-image-4127 aligncenter\" src=\"http:\/\/surmedicalisation.fr\/blog\/WordPress3\/wp-content\/uploads\/2016\/09\/IMG_1016-300x225.jpg\" alt=\"img_1016\" width=\"300\" height=\"225\" srcset=\"https:\/\/surmedicalisation.fr\/blog\/WordPress3\/wp-content\/uploads\/2016\/09\/IMG_1016-300x225.jpg 300w, https:\/\/surmedicalisation.fr\/blog\/WordPress3\/wp-content\/uploads\/2016\/09\/IMG_1016.jpg 640w\" sizes=\"(max-width: 300px) 100vw, 300px\" \/><\/a><\/p>\n<p style=\"text-align: center;\"><strong><a id=\"Introduction_JCS\"><\/a>Mots de bienvenue\u00a0: Jean-Claude SALOMON<\/strong><\/p>\n<p>&nbsp;<\/p>\n<p><iframe loading=\"lazy\" src=\"https:\/\/www.youtube.com\/embed\/xOPO29jUIWs?list=PLsYpHIMDwFhhG4BsOR5DT2Y-nQLRxHkJm\" width=\"854\" height=\"480\" frameborder=\"0\" allowfullscreen=\"allowfullscreen\"><\/iframe><\/p>\n<h6 style=\"text-align: center;\">Cliquer sur l&rsquo;image ci-dessous pour ouvrir la pr\u00e9sentation diapositive du Dr Jean-Claude SALOMON<a href=\"http:\/\/surmedicalisation.fr\/blog\/WordPress3\/wp-content\/uploads\/2016\/09\/Salomon-Intro-Princeps-aujourd-hui.pdf\" target=\"_blank\"><img loading=\"lazy\" class=\"alignnone wp-image-4144 size-large\" style=\"border-width: 10px; margin: 1px;\" src=\"http:\/\/surmedicalisation.fr\/blog\/WordPress3\/wp-content\/uploads\/2016\/09\/Salomon-Intro-Princeps-aujourd\u2019hui-1024x576.jpg\" width=\"640\" height=\"360\" srcset=\"https:\/\/surmedicalisation.fr\/blog\/WordPress3\/wp-content\/uploads\/2016\/09\/Salomon-Intro-Princeps-aujourd\u2019hui-1024x576.jpg 1024w, https:\/\/surmedicalisation.fr\/blog\/WordPress3\/wp-content\/uploads\/2016\/09\/Salomon-Intro-Princeps-aujourd\u2019hui-300x169.jpg 300w, https:\/\/surmedicalisation.fr\/blog\/WordPress3\/wp-content\/uploads\/2016\/09\/Salomon-Intro-Princeps-aujourd\u2019hui-768x432.jpg 768w, https:\/\/surmedicalisation.fr\/blog\/WordPress3\/wp-content\/uploads\/2016\/09\/Salomon-Intro-Princeps-aujourd\u2019hui.jpg 1280w\" sizes=\"(max-width: 640px) 100vw, 640px\" \/><\/a><\/h6>\n<h1 style=\"text-align: center;\">\u00a0<a id=\"3_Etats\"><\/a><span style=\"color: #000000;\"><strong>3 Etats des lieux portant sur &#8230;<\/strong><\/span><\/h1>\n<h1 style=\"text-align: center;\"><span style=\"color: #0000ff;\"><a id=\"DO_K_Sein\"><\/a>1. Etat des lieux sur :<br \/>\nLe d\u00e9pistage organis\u00e9 des cancers du sein<br \/>\n<\/span><\/h1>\n<h3 style=\"text-align: center;\"><a href=\"http:\/\/surmedicalisation.fr\/blog\/WordPress3\/wp-content\/uploads\/2016\/09\/IMG_1029.jpg\"><img loading=\"lazy\" class=\"alignnone size-medium wp-image-4128\" src=\"http:\/\/surmedicalisation.fr\/blog\/WordPress3\/wp-content\/uploads\/2016\/09\/IMG_1029-300x225.jpg\" alt=\"img_1029\" width=\"300\" height=\"225\" srcset=\"https:\/\/surmedicalisation.fr\/blog\/WordPress3\/wp-content\/uploads\/2016\/09\/IMG_1029-300x225.jpg 300w, https:\/\/surmedicalisation.fr\/blog\/WordPress3\/wp-content\/uploads\/2016\/09\/IMG_1029.jpg 640w\" sizes=\"(max-width: 300px) 100vw, 300px\" \/><\/a><\/h3>\n<p>&nbsp;<\/p>\n<p style=\"text-align: left;\"><span style=\"text-decoration: underline;\"><span style=\"color: #000000;\"><strong><a id=\"Intro_K_sein_JCS\"><\/a>Expos\u00e9 introductif \u2013 Jean-Claude SALOMON<\/strong><\/span><\/span><\/p>\n<p>&nbsp;<\/p>\n<p><iframe loading=\"lazy\" src=\"https:\/\/www.youtube.com\/embed\/KQU548X8wqE?list=PLsYpHIMDwFhhG4BsOR5DT2Y-nQLRxHkJm\" width=\"854\" height=\"480\" frameborder=\"0\" allowfullscreen=\"allowfullscreen\"><\/iframe><\/p>\n<p>&nbsp;<\/p>\n<h6 style=\"text-align: center;\">Cliquer sur l&rsquo;image ci-dessous pour ouvrir la pr\u00e9sentation diapositive du Dr Jean-Claude SALOMON <a href=\"http:\/\/surmedicalisation.fr\/blog\/WordPress3\/wp-content\/uploads\/2016\/09\/SALOMON-JC-Etat-des-lieux-sur-le-d\u00e9pistage-des-cancers-du-sein.pdf\" target=\"_blank\"><img loading=\"lazy\" class=\"alignnone wp-image-4141 size-large\" src=\"http:\/\/surmedicalisation.fr\/blog\/WordPress3\/wp-content\/uploads\/2016\/09\/SALOMON-JC-Etat-des-lieux-sur-le-d\u00e9pistage-des-cancers-du-sein-1-1024x576.jpg\" width=\"640\" height=\"360\" srcset=\"https:\/\/surmedicalisation.fr\/blog\/WordPress3\/wp-content\/uploads\/2016\/09\/SALOMON-JC-Etat-des-lieux-sur-le-d\u00e9pistage-des-cancers-du-sein-1-1024x576.jpg 1024w, https:\/\/surmedicalisation.fr\/blog\/WordPress3\/wp-content\/uploads\/2016\/09\/SALOMON-JC-Etat-des-lieux-sur-le-d\u00e9pistage-des-cancers-du-sein-1-300x169.jpg 300w, https:\/\/surmedicalisation.fr\/blog\/WordPress3\/wp-content\/uploads\/2016\/09\/SALOMON-JC-Etat-des-lieux-sur-le-d\u00e9pistage-des-cancers-du-sein-1-768x432.jpg 768w, https:\/\/surmedicalisation.fr\/blog\/WordPress3\/wp-content\/uploads\/2016\/09\/SALOMON-JC-Etat-des-lieux-sur-le-d\u00e9pistage-des-cancers-du-sein-1.jpg 1280w\" sizes=\"(max-width: 640px) 100vw, 640px\" \/><\/a><\/h6>\n<p><strong><a id=\"CO_Philippe_AUTIER\"><\/a>Communication orale <\/strong>\u2013 <strong>Dr Philippe AUTIER, M\u00e9decin \u00e9pid\u00e9miologiste, Directeur de Recherche Strathclyde Institute for Global Public Health at iPRI (International Prevention Research Institute)<\/strong><br \/>\n<iframe loading=\"lazy\" src=\"https:\/\/www.youtube.com\/embed\/w_8X_3EW2sU?list=PLsYpHIMDwFhhG4BsOR5DT2Y-nQLRxHkJm\" width=\"854\" height=\"480\" frameborder=\"0\" allowfullscreen=\"allowfullscreen\"><\/iframe><\/p>\n<h6 style=\"text-align: center;\"><\/h6>\n<h6 style=\"text-align: center;\">Cliquer sur l&rsquo;image ci-dessous pour ouvrir la pr\u00e9sentation diapositive du Dr Philippe AUTIER<a href=\"http:\/\/surmedicalisation.fr\/blog\/WordPress3\/wp-content\/uploads\/2016\/09\/Autier_Bobigny_20160527.pdf\" target=\"_blank\"><img loading=\"lazy\" class=\"aligncenter wp-image-4147 size-large\" src=\"http:\/\/surmedicalisation.fr\/blog\/WordPress3\/wp-content\/uploads\/2016\/09\/Autier_Bobigny_20160527-1024x576.jpg\" alt=\"autier_bobigny_20160527\" width=\"640\" height=\"360\" srcset=\"https:\/\/surmedicalisation.fr\/blog\/WordPress3\/wp-content\/uploads\/2016\/09\/Autier_Bobigny_20160527-1024x576.jpg 1024w, https:\/\/surmedicalisation.fr\/blog\/WordPress3\/wp-content\/uploads\/2016\/09\/Autier_Bobigny_20160527-300x169.jpg 300w, https:\/\/surmedicalisation.fr\/blog\/WordPress3\/wp-content\/uploads\/2016\/09\/Autier_Bobigny_20160527-768x432.jpg 768w, https:\/\/surmedicalisation.fr\/blog\/WordPress3\/wp-content\/uploads\/2016\/09\/Autier_Bobigny_20160527.jpg 1280w\" sizes=\"(max-width: 640px) 100vw, 640px\" \/><\/a><\/h6>\n<p><strong><a id=\"Echanges_K_Sein\"><\/a>Echanges avec les participants<br \/>\n<\/strong><br \/>\n<iframe loading=\"lazy\" src=\"https:\/\/www.youtube.com\/embed\/ZxJ0_8hzPEI?list=PLsYpHIMDwFhhG4BsOR5DT2Y-nQLRxHkJm\" width=\"854\" height=\"480\" frameborder=\"0\" allowfullscreen=\"allowfullscreen\"><\/iframe><\/p>\n<h1 style=\"text-align: center;\"><span style=\"color: #0000ff;\"><a id=\"ME\"><\/a>2. Etat des lieux sur :<br \/>\nLes M\u00e9dicaments Essentiels<br \/>\n<\/span><\/h1>\n<p>&nbsp;<\/p>\n<p><strong><a id=\"ME_Michel_THOMAS\"><\/a>Expos\u00e9 introductif \u2013 Pr. Michel THOMAS<\/strong><br \/>\n<iframe loading=\"lazy\" src=\"https:\/\/www.youtube.com\/embed\/Ds6gFokqwC0?list=PLsYpHIMDwFhhG4BsOR5DT2Y-nQLRxHkJm\" width=\"854\" height=\"480\" frameborder=\"0\" allowfullscreen=\"allowfullscreen\"><\/iframe><\/p>\n<h6 style=\"text-align: center;\">Cliquer sur l&rsquo;image ci-dessous pour ouvrir la pr\u00e9sentation diapositive du Pr Michel THOMAS<a href=\"http:\/\/surmedicalisation.fr\/blog\/WordPress3\/wp-content\/uploads\/2016\/09\/Les-listes-ME-r\u00e9serv\u00e9es-aux-PED.pdf\" target=\"_blank\"><img loading=\"lazy\" class=\"wp-image-4154 size-full aligncenter\" src=\"http:\/\/surmedicalisation.fr\/blog\/WordPress3\/wp-content\/uploads\/2016\/09\/Les-listes-ME-r\u00e9serv\u00e9es-aux-PED.jpg\" alt=\"les-listes-me-reservees-aux-ped\" width=\"960\" height=\"720\" srcset=\"https:\/\/surmedicalisation.fr\/blog\/WordPress3\/wp-content\/uploads\/2016\/09\/Les-listes-ME-r\u00e9serv\u00e9es-aux-PED.jpg 960w, https:\/\/surmedicalisation.fr\/blog\/WordPress3\/wp-content\/uploads\/2016\/09\/Les-listes-ME-r\u00e9serv\u00e9es-aux-PED-300x225.jpg 300w, https:\/\/surmedicalisation.fr\/blog\/WordPress3\/wp-content\/uploads\/2016\/09\/Les-listes-ME-r\u00e9serv\u00e9es-aux-PED-768x576.jpg 768w\" sizes=\"(max-width: 960px) 100vw, 960px\" \/><\/a><\/h6>\n<p>&nbsp;<\/p>\n<p><strong><a id=\"Echanges_ME\"><\/a>Echanges avec les participants<\/strong><br \/>\n<iframe loading=\"lazy\" src=\"https:\/\/www.youtube.com\/embed\/Yx1JwVsz3yg?list=PLsYpHIMDwFhhG4BsOR5DT2Y-nQLRxHkJm\" width=\"854\" height=\"480\" frameborder=\"0\" allowfullscreen=\"allowfullscreen\"><\/iframe><\/p>\n<p>&nbsp;<\/p>\n<h1 style=\"text-align: center;\"><span style=\"color: #0000ff;\"><a id=\"Surmed\"><\/a>3. Etat des lieux sur :<br \/>\nLa Surm\u00e9dicalisation<br \/>\n<\/span><\/h1>\n<p>&nbsp;<\/p>\n<p><strong><a id=\"Surmed_Omar_BRIXI\"><\/a>Expos\u00e9 introductif \u2013 Omar BRIXI<\/strong><br \/>\n<iframe loading=\"lazy\" src=\"https:\/\/www.youtube.com\/embed\/nTY0BS4gfto?list=PLsYpHIMDwFhhG4BsOR5DT2Y-nQLRxHkJm\" width=\"854\" height=\"480\" frameborder=\"0\" allowfullscreen=\"allowfullscreen\"><\/iframe><\/p>\n<p>&nbsp;<\/p>\n<h6 style=\"text-align: center;\">Cliquer sur l&rsquo;image ci-dessous pour ouvrir la pr\u00e9sentation diapositive du Dr Omar BRIXI<a href=\"http:\/\/surmedicalisation.fr\/blog\/WordPress3\/wp-content\/uploads\/2016\/09\/Sur-et-Sous-M\u00e9dicalisations-OB-27-05-2016.pdf\" target=\"_blank\"><img loading=\"lazy\" class=\"aligncenter wp-image-4161 size-full\" src=\"http:\/\/surmedicalisation.fr\/blog\/WordPress3\/wp-content\/uploads\/2016\/09\/Sur-et-Sous-M\u00e9dicalisations-OB-27-05-2016.jpg\" alt=\"sur-et-sous-medicalisations-ob-27-05-2016\" width=\"960\" height=\"720\" srcset=\"https:\/\/surmedicalisation.fr\/blog\/WordPress3\/wp-content\/uploads\/2016\/09\/Sur-et-Sous-M\u00e9dicalisations-OB-27-05-2016.jpg 960w, https:\/\/surmedicalisation.fr\/blog\/WordPress3\/wp-content\/uploads\/2016\/09\/Sur-et-Sous-M\u00e9dicalisations-OB-27-05-2016-300x225.jpg 300w, https:\/\/surmedicalisation.fr\/blog\/WordPress3\/wp-content\/uploads\/2016\/09\/Sur-et-Sous-M\u00e9dicalisations-OB-27-05-2016-768x576.jpg 768w\" sizes=\"(max-width: 960px) 100vw, 960px\" \/><\/a><\/h6>\n<p><strong><a id=\"Surmed_Ian_FORDE\"><\/a>Communication orale \u00ab R\u00e9duire le gaspillage dans le contexte de la prise en charge clinique \u00bb<\/strong>, <strong>M. Ian FORDE, Consultant en Politique de Sant\u00e9 \u00e0 l\u2019OCDE<\/strong><br \/>\n<iframe loading=\"lazy\" src=\"https:\/\/www.youtube.com\/embed\/8bDdBRYADu0?list=PLsYpHIMDwFhhG4BsOR5DT2Y-nQLRxHkJm\" width=\"854\" height=\"480\" frameborder=\"0\" allowfullscreen=\"allowfullscreen\"><\/iframe><\/p>\n<h6 style=\"text-align: center;\">Cliquer sur l&rsquo;image ci-dessous pour ouvrir la pr\u00e9sentation diapositive de Ian FORDE<a href=\"http:\/\/surmedicalisation.fr\/blog\/WordPress3\/wp-content\/uploads\/2016\/09\/OCDE_R\u00e9duire_le_gaspillage_Ian_FORDE_Bobigny_05-2016.pdf\" target=\"_blank\"><img loading=\"lazy\" class=\"aligncenter wp-image-4164 size-full\" src=\"http:\/\/surmedicalisation.fr\/blog\/WordPress3\/wp-content\/uploads\/2016\/09\/Ian_FORDE_OCDE_Diapos_Colloque_2016.png\" alt=\"ian_forde_ocde_diapos_colloque_2016\" width=\"806\" height=\"606\" srcset=\"https:\/\/surmedicalisation.fr\/blog\/WordPress3\/wp-content\/uploads\/2016\/09\/Ian_FORDE_OCDE_Diapos_Colloque_2016.png 806w, https:\/\/surmedicalisation.fr\/blog\/WordPress3\/wp-content\/uploads\/2016\/09\/Ian_FORDE_OCDE_Diapos_Colloque_2016-300x226.png 300w, https:\/\/surmedicalisation.fr\/blog\/WordPress3\/wp-content\/uploads\/2016\/09\/Ian_FORDE_OCDE_Diapos_Colloque_2016-768x577.png 768w\" sizes=\"(max-width: 806px) 100vw, 806px\" \/><\/a><\/h6>\n<p>&nbsp;<\/p>\n<p>&nbsp;<\/p>\n<p><strong><a id=\"Surmed_Marc_UZAN\"><\/a>Communication orale \u00ab\u00a0L\u2019\u00e9tude de la pens\u00e9e de Georges CANGUILHEM peut-elle nous aider \u00e0 d\u00e9finir la surm\u00e9dicalisation\u00a0?\u00a0\u00bb, Marc UZAN, M\u00e9decin Interniste, \u00ab\u00a0Princeps Occitan\u00a0\u00bb<\/strong><br \/>\n<iframe loading=\"lazy\" src=\"https:\/\/www.youtube.com\/embed\/RDl3cjbZoHQ?list=PLsYpHIMDwFhhG4BsOR5DT2Y-nQLRxHkJm\" width=\"854\" height=\"480\" frameborder=\"0\" allowfullscreen=\"allowfullscreen\"><\/iframe><br \/>\n<strong><a id=\"Echanges_Surmed\"><\/a>Echanges avec les participants<\/strong><\/p>\n<p>&nbsp;<\/p>\n<p><iframe loading=\"lazy\" src=\"https:\/\/www.youtube.com\/embed\/EwvTuRwoLEo?list=PLsYpHIMDwFhhG4BsOR5DT2Y-nQLRxHkJm\" width=\"854\" height=\"480\" frameborder=\"0\" allowfullscreen=\"allowfullscreen\"><\/iframe><\/p>\n","protected":false},"excerpt":{"rendered":"<p>Vendredi 27 mai 2016 &#8211; matin\u00e9e Ouverture &nbsp; Accueil de la Vice-Doyenne de la facult\u00e9 de m\u00e9decine de Bobigny Mots de bienvenue\u00a0: Jean-Claude SALOMON &nbsp; Cliquer sur l&rsquo;image ci-dessous pour ouvrir la pr\u00e9sentation diapositive du Dr Jean-Claude SALOMON \u00a03 Etats &hellip; <a href=\"https:\/\/surmedicalisation.fr\/?page_id=4122\">Continuer la lecture <span class=\"meta-nav\">&rarr;<\/span><\/a><\/p>\n","protected":false},"author":1,"featured_media":0,"parent":4094,"menu_order":1,"comment_status":"closed","ping_status":"closed","template":"","meta":[],"_links":{"self":[{"href":"https:\/\/surmedicalisation.fr\/index.php?rest_route=\/wp\/v2\/pages\/4122"}],"collection":[{"href":"https:\/\/surmedicalisation.fr\/index.php?rest_route=\/wp\/v2\/pages"}],"about":[{"href":"https:\/\/surmedicalisation.fr\/index.php?rest_route=\/wp\/v2\/types\/page"}],"author":[{"embeddable":true,"href":"https:\/\/surmedicalisation.fr\/index.php?rest_route=\/wp\/v2\/users\/1"}],"replies":[{"embeddable":true,"href":"https:\/\/surmedicalisation.fr\/index.php?rest_route=%2Fwp%2Fv2%2Fcomments&post=4122"}],"version-history":[{"count":29,"href":"https:\/\/surmedicalisation.fr\/index.php?rest_route=\/wp\/v2\/pages\/4122\/revisions"}],"predecessor-version":[{"id":4168,"href":"https:\/\/surmedicalisation.fr\/index.php?rest_route=\/wp\/v2\/pages\/4122\/revisions\/4168"}],"up":[{"embeddable":true,"href":"https:\/\/surmedicalisation.fr\/index.php?rest_route=\/wp\/v2\/pages\/4094"}],"wp:attachment":[{"href":"https:\/\/surmedicalisation.fr\/index.php?rest_route=%2Fwp%2Fv2%2Fmedia&parent=4122"}],"curies":[{"name":"wp","href":"https:\/\/api.w.org\/{rel}","templated":true}]}}