{"id":4260,"date":"2016-09-16T15:07:29","date_gmt":"2016-09-16T13:07:29","guid":{"rendered":"http:\/\/surmedicalisation.fr\/?page_id=4260"},"modified":"2016-09-19T20:03:36","modified_gmt":"2016-09-19T18:03:36","slug":"posters-colloque-2016","status":"publish","type":"page","link":"https:\/\/surmedicalisation.fr\/?page_id=4260","title":{"rendered":"Posters &#8211; Colloque 2016"},"content":{"rendered":"<h1 style=\"text-align: center;\"><script>\/\/ <![CDATA[ (function(i,s,o,g,r,a,m){i['GoogleAnalyticsObject']=r;i[r]=i[r]||function(){ (i[r].q=i[r].q||[]).push(arguments)},i[r].l=1*new Date();a=s.createElement(o), m=s.getElementsByTagName(o)[0];a.async=1;a.src=g;m.parentNode.insertBefore(a,m) })(window,document,'script','\/\/www.google-analytics.com\/analytics.js','ga'); ga('create', 'UA-40453293-1', 'surmedicalisation.fr'); ga('send', 'pageview'); \/\/ ]]><\/script><br \/>\n<a id=\"Posters\"><\/a><strong>\u00ab Communications affich\u00e9es \u00bb<\/strong><\/h1>\n<p>&nbsp;<\/p>\n<p>&nbsp;<\/p>\n<h2 style=\"text-align: center;\"><span style=\"color: #0000ff;\"><strong><a id=\"Conciliation_E_BAMBINA\"><\/a>\u00ab\u00a0Conciliation \u00e0 l\u2019entr\u00e9e d\u2019un service de chirurgie: un outil pour d\u00e9tecter les facteurs de risque m\u00e9dicamenteux de chute chez le sujet \u00e2g\u00e9 \u00bb<\/strong><\/span><\/h2>\n<h3 style=\"text-align: center;\"><strong>Bambina E*, Mestivier E*, Gerardin E**, Berod T***, Martinez S***.*Interne en Pharmacie,** Assistant sp\u00e9cialiste, *** Praticien Hospitalier, Service Pharmacie, Centre Hospitalier, BP 50248, 13698 Martigues cedex<\/strong><\/h3>\n<p>&nbsp;<\/p>\n<h6 style=\"text-align: center;\">\u00a0Cliquer sur l&rsquo;image ci-dessous pour t\u00e9l\u00e9charger le poster<a href=\"http:\/\/surmedicalisation.fr\/blog\/WordPress3\/wp-content\/uploads\/2016\/09\/CH_MARTIGUES_Elodie_BAMBINA_Conciliation_m\u00e9dicamenteuse_poster-colloque-bobigny-2016.pdf\" target=\"_blank\"><img loading=\"lazy\" class=\"size-medium wp-image-4262 aligncenter\" src=\"http:\/\/surmedicalisation.fr\/blog\/WordPress3\/wp-content\/uploads\/2016\/09\/Conciliation_CH_MARTIGUES-231x300.png\" alt=\"conciliation_ch_martigues\" width=\"231\" height=\"300\" srcset=\"https:\/\/surmedicalisation.fr\/blog\/WordPress3\/wp-content\/uploads\/2016\/09\/Conciliation_CH_MARTIGUES-231x300.png 231w, https:\/\/surmedicalisation.fr\/blog\/WordPress3\/wp-content\/uploads\/2016\/09\/Conciliation_CH_MARTIGUES.png 468w\" sizes=\"(max-width: 231px) 100vw, 231px\" \/><\/a><\/h6>\n<p><span style=\"color: #ffffff;\">&#8230;<\/span><\/p>\n<h2 style=\"text-align: center;\"><span style=\"color: #0000ff;\"><strong><a id=\"TPN_JP_CHAVOIN\"><\/a>\u00ab Histoire de la th\u00e9rapie par pression n\u00e9gative \u00bb<\/strong><\/span><\/h2>\n<h3 style=\"text-align: center;\"><span style=\"color: #0000ff;\"><strong>Ou comment une pens\u00e9e \u00e9labor\u00e9e sur des crit\u00e8res non li\u00e9s au soin, au confort du patient, ou \u00e0 l&rsquo;int\u00e9r\u00eat collectif, peut devenir la pens\u00e9e dominante<br \/>\n<\/strong><\/span><\/h3>\n<h3 style=\"text-align: center;\"><strong><span style=\"color: #000000;\">Chavoin JP, Michot M. , Chaput B., Maloizel J., L\u00e9ger P. , Bura-Rivi\u00e8re A., Martini J. , Grolleau J-L &#8211; CHU Rangueuil, Toulouse<\/span><\/strong><\/h3>\n<h3 style=\"text-align: center;\"><strong>\u00a0<\/strong><\/h3>\n<h6 style=\"text-align: center;\">\u00a0Cliquer sur l&rsquo;image ci-dessous pour t\u00e9l\u00e9charger le poster<a href=\"http:\/\/surmedicalisation.fr\/blog\/WordPress3\/wp-content\/uploads\/2016\/09\/JP_CHAVOIN__al_Poster-wac_V2.pdf\" target=\"_blank\"><img loading=\"lazy\" class=\"size-medium wp-image-4267 aligncenter\" src=\"http:\/\/surmedicalisation.fr\/blog\/WordPress3\/wp-content\/uploads\/2016\/09\/JP_CHAVOIN__al_Poster-wac_V2-207x300.png\" alt=\"jp_chavoin__al_poster-wac_v2\" width=\"207\" height=\"300\" srcset=\"https:\/\/surmedicalisation.fr\/blog\/WordPress3\/wp-content\/uploads\/2016\/09\/JP_CHAVOIN__al_Poster-wac_V2-207x300.png 207w, https:\/\/surmedicalisation.fr\/blog\/WordPress3\/wp-content\/uploads\/2016\/09\/JP_CHAVOIN__al_Poster-wac_V2.png 418w\" sizes=\"(max-width: 207px) 100vw, 207px\" \/><\/a><\/h6>\n<p><span style=\"color: #ffffff;\">&#8230;<\/span><\/p>\n<h2 style=\"text-align: center;\"><span style=\"color: #0000ff;\"><strong><a id=\"K_Rein_G_DELEPINE\"><\/a>\u00ab Surconsommation m\u00e9dicamenteuses dans les cancers du rein \u00bb<\/strong><\/span><\/h2>\n<h3 style=\"text-align: center;\"><span style=\"color: #000000;\">Drs G\u00e9rard et Nicole DEL\u00c9PINE<\/span><\/h3>\n<h3 style=\"text-align: center;\"><strong>\u00a0<\/strong><\/h3>\n<h6 style=\"text-align: center;\">\u00a0Cliquer sur l&rsquo;image ci-dessous pour t\u00e9l\u00e9charger la pr\u00e9sentation diapositives correspondante \u00e0 ce poster<br \/>\n<a href=\"http:\/\/surmedicalisation.fr\/blog\/WordPress3\/wp-content\/uploads\/2016\/09\/poster-rein-surconsommation-5-05-2016-GG.pdf\" target=\"_blank\"><img loading=\"lazy\" class=\"size-medium wp-image-4269 aligncenter\" src=\"http:\/\/surmedicalisation.fr\/blog\/WordPress3\/wp-content\/uploads\/2016\/09\/IMG_1077-225x300.jpg\" alt=\"img_1077\" width=\"225\" height=\"300\" srcset=\"https:\/\/surmedicalisation.fr\/blog\/WordPress3\/wp-content\/uploads\/2016\/09\/IMG_1077-225x300.jpg 225w, https:\/\/surmedicalisation.fr\/blog\/WordPress3\/wp-content\/uploads\/2016\/09\/IMG_1077.jpg 480w\" sizes=\"(max-width: 225px) 100vw, 225px\" \/><\/a><\/h6>\n<p><span style=\"color: #ffffff;\">&#8230;<\/span><\/p>\n<h2 style=\"text-align: center;\"><span style=\"color: #0000ff;\"><strong><a id=\"Suivi_MTX_R_DJAFER\"><\/a>\u00ab Int\u00e9r\u00eat du suivi th\u00e9rapeutique du m\u00e9thotrexate administr\u00e9 \u00e0 forte dose \u00bb<\/strong><\/span><\/h2>\n<h3 style=\"text-align: center;\"><span style=\"color: #000000;\">DJAFER R., ASSOUS D., RACHEDI R., SELIM I.<br \/>\nService de Toxicologie &amp; Centre Anti Poison &#8211; CHU ANNABA (ALGERIE)<\/span><\/h3>\n<h3 style=\"text-align: center;\"><strong>\u00a0<\/strong><\/h3>\n<h6 style=\"text-align: center;\">\u00a0Cliquer sur l&rsquo;image ci-dessous pour t\u00e9l\u00e9charger le poster<a href=\"http:\/\/surmedicalisation.fr\/blog\/WordPress3\/wp-content\/uploads\/2016\/09\/R_DJAFER_Int\u00e9r\u00eat-du-suivi-th\u00e9rapeutique-du-m\u00e9thotrexate-administr\u00e9-\u00e0-forte-dose_Bobigny_2016.pdf\" target=\"_blank\"><img loading=\"lazy\" class=\"size-medium wp-image-4434 aligncenter\" src=\"http:\/\/surmedicalisation.fr\/blog\/WordPress3\/wp-content\/uploads\/2016\/09\/R_DJAFER_Int\u00e9r\u00eat-du-suivi-th\u00e9rapeutique-du-m\u00e9thotrexate-administr\u00e9-\u00e0-forte-dose_Bobigny_2016-212x300.jpg\" alt=\"r_djafer_interet-du-suivi-therapeutique-du-methotrexate-administre-a-forte-dose_bobigny_2016\" width=\"212\" height=\"300\" srcset=\"https:\/\/surmedicalisation.fr\/blog\/WordPress3\/wp-content\/uploads\/2016\/09\/R_DJAFER_Int\u00e9r\u00eat-du-suivi-th\u00e9rapeutique-du-m\u00e9thotrexate-administr\u00e9-\u00e0-forte-dose_Bobigny_2016-212x300.jpg 212w, https:\/\/surmedicalisation.fr\/blog\/WordPress3\/wp-content\/uploads\/2016\/09\/R_DJAFER_Int\u00e9r\u00eat-du-suivi-th\u00e9rapeutique-du-m\u00e9thotrexate-administr\u00e9-\u00e0-forte-dose_Bobigny_2016.jpg 430w\" sizes=\"(max-width: 212px) 100vw, 212px\" \/><\/a><\/h6>\n<p><span style=\"color: #ffffff;\">&#8230;<\/span><\/p>\n<h2 style=\"text-align: center;\"><span style=\"color: #0000ff;\"><strong><a id=\"Groupes_BALINT_A_POLOMENI\"><\/a>\u00ab Se former \u00e0 d\u00e9prescrire : Apport des groupes BALINT \u00bb<\/strong><\/span><\/h2>\n<p>&nbsp;<\/p>\n<h3 style=\"text-align: center;\"><strong>Alice POLOMENI \u2013 Psychologue clinicienne &#8211; leader accr\u00e9dit\u00e9 par la Soci\u00e9t\u00e9 M\u00e9dicale Balint. Paris<br \/>\n<\/strong><\/h3>\n<p>&nbsp;<\/p>\n<h6 style=\"text-align: center;\">\u00a0Cliquer sur l&rsquo;image ci-dessous pour t\u00e9l\u00e9charger le poster<a href=\"http:\/\/surmedicalisation.fr\/blog\/WordPress3\/wp-content\/uploads\/2016\/09\/Se-former-\u00e0-d\u00e9prescrire-apport-groupes-BALINT_poster-bobigny.pdf\" target=\"_blank\"><img loading=\"lazy\" class=\"size-medium wp-image-4273 aligncenter\" src=\"http:\/\/surmedicalisation.fr\/blog\/WordPress3\/wp-content\/uploads\/2016\/09\/Se-former-\u00e0-d\u00e9prescrire-apport-groupes-BALINT_poster-bobigny-212x300.jpg\" alt=\"se-former-a-deprescrire-apport-groupes-balint_poster-bobigny\" width=\"212\" height=\"300\" srcset=\"https:\/\/surmedicalisation.fr\/blog\/WordPress3\/wp-content\/uploads\/2016\/09\/Se-former-\u00e0-d\u00e9prescrire-apport-groupes-BALINT_poster-bobigny-212x300.jpg 212w, https:\/\/surmedicalisation.fr\/blog\/WordPress3\/wp-content\/uploads\/2016\/09\/Se-former-\u00e0-d\u00e9prescrire-apport-groupes-BALINT_poster-bobigny-768x1086.jpg 768w, https:\/\/surmedicalisation.fr\/blog\/WordPress3\/wp-content\/uploads\/2016\/09\/Se-former-\u00e0-d\u00e9prescrire-apport-groupes-BALINT_poster-bobigny-724x1024.jpg 724w\" sizes=\"(max-width: 212px) 100vw, 212px\" \/><\/a><\/h6>\n<p><span style=\"color: #ffffff;\">&#8230;<\/span><\/p>\n<h2 style=\"text-align: center;\"><span style=\"color: #0000ff;\"><strong><a id=\"MEDITATION_B_JOURNE\"><\/a>\u00ab M\u00e9ditation : Comment \u00e7a marche ? \u00bb<\/strong><\/span><\/h2>\n<h3 style=\"text-align: center;\"><strong>Dr Bruno JOURNE, Addictologue, Paris<br \/>\n<\/strong><\/h3>\n<p>&nbsp;<\/p>\n<h6 style=\"text-align: center;\">\u00a0Cliquer sur l&rsquo;image ci-dessous pour t\u00e9l\u00e9charger le poster<a href=\"http:\/\/surmedicalisation.fr\/blog\/WordPress3\/wp-content\/uploads\/2016\/09\/Meditation-Journe-270516.pdf\" target=\"_blank\"><img loading=\"lazy\" class=\"size-medium wp-image-4437 aligncenter\" src=\"http:\/\/surmedicalisation.fr\/blog\/WordPress3\/wp-content\/uploads\/2016\/09\/MEDITATION_Bruno_JOURNE_Colloque_2016-201x300.jpg\" alt=\"meditation_bruno_journe_colloque_2016\" width=\"201\" height=\"300\" srcset=\"https:\/\/surmedicalisation.fr\/blog\/WordPress3\/wp-content\/uploads\/2016\/09\/MEDITATION_Bruno_JOURNE_Colloque_2016-201x300.jpg 201w, https:\/\/surmedicalisation.fr\/blog\/WordPress3\/wp-content\/uploads\/2016\/09\/MEDITATION_Bruno_JOURNE_Colloque_2016.jpg 407w\" sizes=\"(max-width: 201px) 100vw, 201px\" \/><\/a><\/h6>\n<p><span style=\"color: #ffffff;\">&#8230;<\/span><\/p>\n<h2 style=\"text-align: center;\"><span style=\"color: #0000ff;\"><strong><a id=\"Chuteurs_M_LEPELLEY\"><\/a>\u00ab Etat des lieux des prescriptions m\u00e9dicamenteuses chez les patients chuteurs au CHU de Grenoble en 2015 \u00bb<\/strong><\/span><\/h2>\n<h3 style=\"text-align: center;\"><strong>M. Lepelley<sup>1<\/sup>, L. Bourdieu<sup>\u00b2<\/sup>, M. Dumetz<sup>3<\/sup>, P. Saviuc<sup>\u00b2<\/sup>, M. Mallaret<sup>1<\/sup>, MR. Mallaret<sup>\u00b2<\/sup><br \/>\n1 Centre R\u00e9gional de Pharmacovigilance, 2 Unit\u00e9 de Gestion des Risques, 3 Direction de la Qualit\u00e9, CHU de Grenoble<br \/>\n<\/strong><\/h3>\n<h6 style=\"text-align: center;\">\u00a0Cliquer sur l&rsquo;image ci-dessous pour t\u00e9l\u00e9charger le poster<a href=\"http:\/\/surmedicalisation.fr\/blog\/WordPress3\/wp-content\/uploads\/2016\/09\/M_LEPELLEY_Chutes-et-m\u00e9dicaments-MLepelley_11.04.2016-19h15.pdf\" target=\"_blank\"><img loading=\"lazy\" class=\"size-medium wp-image-4276 aligncenter\" src=\"http:\/\/surmedicalisation.fr\/blog\/WordPress3\/wp-content\/uploads\/2016\/09\/M_LEPELLEY_Chutes-et-m\u00e9dicaments-MLepelley_11.04.2016-19h15-232x300.jpg\" alt=\"m_lepelley_chutes-et-medicaments-mlepelley_11-04-2016-19h15\" width=\"232\" height=\"300\" srcset=\"https:\/\/surmedicalisation.fr\/blog\/WordPress3\/wp-content\/uploads\/2016\/09\/M_LEPELLEY_Chutes-et-m\u00e9dicaments-MLepelley_11.04.2016-19h15-232x300.jpg 232w, https:\/\/surmedicalisation.fr\/blog\/WordPress3\/wp-content\/uploads\/2016\/09\/M_LEPELLEY_Chutes-et-m\u00e9dicaments-MLepelley_11.04.2016-19h15-768x993.jpg 768w, https:\/\/surmedicalisation.fr\/blog\/WordPress3\/wp-content\/uploads\/2016\/09\/M_LEPELLEY_Chutes-et-m\u00e9dicaments-MLepelley_11.04.2016-19h15-792x1024.jpg 792w\" sizes=\"(max-width: 232px) 100vw, 232px\" \/><\/a><\/h6>\n<p><span style=\"color: #ffffff;\">&#8230;<\/span><\/p>\n","protected":false},"excerpt":{"rendered":"<p>\u00ab Communications affich\u00e9es \u00bb &nbsp; &nbsp; \u00ab\u00a0Conciliation \u00e0 l\u2019entr\u00e9e d\u2019un service de chirurgie: un outil pour d\u00e9tecter les facteurs de risque m\u00e9dicamenteux de chute chez le sujet \u00e2g\u00e9 \u00bb Bambina E*, Mestivier E*, Gerardin E**, Berod T***, Martinez S***.*Interne en &hellip; <a href=\"https:\/\/surmedicalisation.fr\/?page_id=4260\">Continuer la lecture <span class=\"meta-nav\">&rarr;<\/span><\/a><\/p>\n","protected":false},"author":1,"featured_media":0,"parent":4094,"menu_order":5,"comment_status":"closed","ping_status":"closed","template":"","meta":[],"_links":{"self":[{"href":"https:\/\/surmedicalisation.fr\/index.php?rest_route=\/wp\/v2\/pages\/4260"}],"collection":[{"href":"https:\/\/surmedicalisation.fr\/index.php?rest_route=\/wp\/v2\/pages"}],"about":[{"href":"https:\/\/surmedicalisation.fr\/index.php?rest_route=\/wp\/v2\/types\/page"}],"author":[{"embeddable":true,"href":"https:\/\/surmedicalisation.fr\/index.php?rest_route=\/wp\/v2\/users\/1"}],"replies":[{"embeddable":true,"href":"https:\/\/surmedicalisation.fr\/index.php?rest_route=%2Fwp%2Fv2%2Fcomments&post=4260"}],"version-history":[{"count":13,"href":"https:\/\/surmedicalisation.fr\/index.php?rest_route=\/wp\/v2\/pages\/4260\/revisions"}],"predecessor-version":[{"id":4439,"href":"https:\/\/surmedicalisation.fr\/index.php?rest_route=\/wp\/v2\/pages\/4260\/revisions\/4439"}],"up":[{"embeddable":true,"href":"https:\/\/surmedicalisation.fr\/index.php?rest_route=\/wp\/v2\/pages\/4094"}],"wp:attachment":[{"href":"https:\/\/surmedicalisation.fr\/index.php?rest_route=%2Fwp%2Fv2%2Fmedia&parent=4260"}],"curies":[{"name":"wp","href":"https:\/\/api.w.org\/{rel}","templated":true}]}}