{"id":4967,"date":"2018-03-05T18:46:20","date_gmt":"2018-03-05T17:46:20","guid":{"rendered":"http:\/\/surmedicalisation.fr\/?page_id=4967"},"modified":"2018-11-18T23:20:38","modified_gmt":"2018-11-18T22:20:38","slug":"deuxieme-annonce-et-preprogramme-colloque-2018","status":"publish","type":"page","link":"https:\/\/surmedicalisation.fr\/?page_id=4967","title":{"rendered":"Deuxi\u00e8me annonce et pr\u00e9programme &#8211; Colloque 2018"},"content":{"rendered":"<p><script>\n  (function(i,s,o,g,r,a,m){i['GoogleAnalyticsObject']=r;i[r]=i[r]||function(){\n  (i[r].q=i[r].q||[]).push(arguments)},i[r].l=1*new Date();a=s.createElement(o),\n  m=s.getElementsByTagName(o)[0];a.async=1;a.src=g;m.parentNode.insertBefore(a,m)\n  })(window,document,'script','https:\/\/www.google-analytics.com\/analytics.js','ga');<\/p>\n<p>  ga('create', 'UA-40453293-1', 'auto');\n  ga('send', 'pageview');<\/p>\n<p><\/script><\/p>\n<p>05\/03\/2018<\/p>\n<p>A VOS AGENDAS POUR LES 13 &amp; 14 AVRIL 2018<\/p>\n<p><strong>DEUXI\u00c8ME ANNONCE ET PR\u00c9PROGRAMME<\/strong><\/p>\n<p style=\"text-align: justify;\">Le groupe Princeps, le D\u00e9partement de M\u00e9decine G\u00e9n\u00e9rale de la Facult\u00e9 de M\u00e9decine de Bobigny, la Soci\u00e9t\u00e9 de Formation Th\u00e9rapeutique du G\u00e9n\u00e9raliste (SFTG) et l\u2019association Civic Sant\u00e9 ont le plaisir de vous inviter au<\/p>\n<p>&nbsp;<\/p>\n<h2><strong>7\u00b0 Colloque de Bobigny\u00a0: \u00ab\u00a0Sur- et sous-m\u00e9dicalisation, surdiagnostics et surtraitements\u00a0\u00bb<\/strong><\/h2>\n<p>&nbsp;<\/p>\n<h1><strong>\u00ab\u00a0Internet, m\u00e9decine personnalis\u00e9e, sources de surm\u00e9dicalisation ?\u00a0\u00bb<\/strong><\/h1>\n<p><strong>\u00a0<\/strong><\/p>\n<p>Qui se tiendra, sous le patronage du Doyen de la Facult\u00e9 de M\u00e9decine de Bobigny (UFR SMBH),\u00a0 les <strong>vendredi 13 et samedi 14 avril 2018<\/strong>, Facult\u00e9 de m\u00e9decine de Bobigny (entr\u00e9e avenue de la Convention)<\/p>\n<p>&nbsp;<\/p>\n<p><strong>Pr\u00e9programme<br \/>\n<\/strong><\/p>\n<p><strong><em>&gt; Vendredi 13 avril 2018 le matin<\/em><\/strong>, <em>Amphith\u00e9\u00e2tre De Gennes<\/em><\/p>\n<p>8h30 &#8211; Accueil caf\u00e9 des participants<\/p>\n<p>9h00 &#8211; Introduction par le Doyen de la Facult\u00e9 de M\u00e9decine de Bobigny<\/p>\n<p>9h15 &#8211; Pr\u00e9sentation du colloque\u00a0: Pr. Michel THOMAS<\/p>\n<p style=\"text-align: justify;\">9h20 \u00ab\u00a0<strong>2017-2018\u00a0: une ann\u00e9e de\u00a0 progr\u00e8s et de difficult\u00e9s dans le domaine de la surm\u00e9dicalisation\u00a0\u00bb\u00a0Dr. Omar BRIXI<\/strong><\/p>\n<p style=\"text-align: justify;\">10h00 &#8211; <strong>Conf\u00e9rence introductive \u00ab\u00a0Quelle feuille de route pour la HAS sur la pertinence\u00a0?\u00a0\u00bb<br \/>\nDr. Marie-H\u00e9l\u00e8ne RODDE-DUNET, cheffe du service \u00ab\u00a0Evaluation de la pertinence des soins et am\u00e9lioration des pratiques et des parcours\u00a0\u00bb, HAS,<\/strong><\/p>\n<p>10h20 &#8211; Discussion<\/p>\n<p>10h40 &#8211; Pause<\/p>\n<p><strong>\u00a0<\/strong>11h00 &#8211;<strong> Atelier N\u00b01 \u00ab\u00a0M\u00e9decine \u00ab\u00a0personnalis\u00e9e\u00a0\u00bb, progr\u00e8s ou nouveau leurre, nouvelle source de profits et de surm\u00e9dicalisation\u00a0? Dr. Omar BRIXI, Mod\u00e9rateur <\/strong><\/p>\n<p>&nbsp;<\/p>\n<p>12h30 &#8211; 13h45 \u00a0 <strong>Repas offert sur place pour les participants inscrits<\/strong><\/p>\n<p><strong>\u00a0<\/strong><strong>\u00a0<\/strong><\/p>\n<p><strong><em>&gt; Vendredi 13 avril 2018 apr\u00e8s-midi<\/em><\/strong><\/p>\n<p><strong>\u00a0<\/strong>13h45 &#8211; 14h30 \u00a0 <strong>Visite comment\u00e9e des posters\u00a0<\/strong><\/p>\n<p><strong>\u00a0<\/strong>14h30 &#8211; <strong>Conf\u00e9rence introductive \u00ab\u00a0Choisir avec soin, le travail de la Soci\u00e9t\u00e9 Nationale Fran\u00e7aise de M\u00e9decine Interne dans la cadre de la campagne mondiale \u00ab Choosing Wisely\u00a0\u00bb<br \/>\nPr Thomas HANSLIK, h\u00f4pital Ambroise Par\u00e9, AP-HP, Boulogne-Billancourt,<\/strong><\/p>\n<p style=\"text-align: justify;\">15h15 &#8211; <em>Amphith\u00e9\u00e2tre De Gennes,<\/em> <strong>Atelier N\u00b02 \u00ab\u00a0Recommandations officielles (HAS et soci\u00e9t\u00e9s savantes) et ind\u00e9pendance des experts : source de surm\u00e9dicalisation ?\u00a0\u00bb introduit par le Pr. Didier DREYFUSS, Chef de Service R\u00e9animation, H\u00f4pital Louis MOURIER, AP-HP, Colombes, Mod\u00e9rateur Dr. Michel DOR\u00c9<\/strong><\/p>\n<p><strong>\u00a0<\/strong>15h15 &#8211; <em>Salle R37,<\/em> <strong>Atelier N\u00b03 \u00ab\u00a0La surm\u00e9dicalisation des personnes \u00e2g\u00e9es et les difficult\u00e9s de la d\u00e9prescription \u00bb introduit par le Dr. Marc UZAN, Mod\u00e9rateur Dr. Jean-Claude SALOMON<\/strong><\/p>\n<p>17h15 &#8211; Pause<\/p>\n<p style=\"text-align: justify;\">17h30 &#8211; 18H00 <em>Amphith\u00e9\u00e2tre De Gennes\u00a0: <\/em><strong>S\u00e9ance pl\u00e9ni\u00e8re de restitution des ateliers, synth\u00e8se de la journ\u00e9e<\/strong><em>.<\/em><\/p>\n<p><strong>\u00a0<\/strong><\/p>\n<p><strong><em>&gt; Samedi 14 avril 2018 le matin<\/em><\/strong>, <em>Amphith\u00e9\u00e2tre De Gennes<\/em><\/p>\n<p>&nbsp;<\/p>\n<p>8h30 &#8211; Accueil caf\u00e9 des participants<\/p>\n<p style=\"text-align: justify;\">9h00 &#8211; <strong>Conf\u00e9rence introductive \u00ab\u00a0Comment les usagers, les patients et leurs associations per\u00e7oivent-ils la surm\u00e9dicalisation\u00a0? \u00bb<br \/>\nDr. Jean-Pierre THIERRY, Conseiller m\u00e9dical de France-Assos-Sant\u00e9, Membre titulaire repr\u00e9sentant les usagers \u00e0 la commission de la transparence, HAS<\/strong><\/p>\n<p>10h00 &#8211; 10h15 &#8211; Pause caf\u00e9<\/p>\n<p style=\"text-align: justify;\">10h15 &#8211;<strong> Atelier N\u00b04 \u00ab\u00a0La recherche d\u2019informations sur Internet par les m\u00e9decins et les patients, la t\u00e9l\u00e9m\u00e9decine sont-elles source de surm\u00e9dicalisation ?\u00a0\u00bb, introduit par le Dr Sandrine DELOCHE, Mod\u00e9rateur Pr. Michel THOMAS <\/strong><\/p>\n<p><strong>\u00a0<\/strong>12h00 &#8211; 12h15 &#8211; Pause<\/p>\n<p>12h15 &#8211; 12H45 <em>Amphith\u00e9\u00e2tre De Gennes\u00a0: <\/em><strong>Conclusions g\u00e9n\u00e9rales du colloque<\/strong><em>.<\/em><\/p>\n<p><strong>\u00a0<\/strong><\/p>\n<p><strong>\u00a0<\/strong><\/p>\n<p><strong>APPEL A COMMUNICATIONS<\/strong><\/p>\n<p style=\"text-align: justify;\">Les communications devront \u00eatre <em><u>soumises avant le 22 mars 2018<\/u><\/em> par voie \u00e9lectronique \u00e0 <a href=\"mailto:colloque_bobigny_2018@surmedicalisation.fr\">colloque_bobigny_2018@surmedicalisation.fr<\/a> <strong>Toutes les communications s\u00e9lectionn\u00e9es pourront \u00eatre affich\u00e9es<\/strong>. Taille des posters\u00a0: 110 cm large, 160 cm haut.<\/p>\n<p style=\"text-align: justify;\">Le comit\u00e9 d\u2019organisation s\u00e9lectionnera de plus, deux (ou au maximum trois) communications qui seront pr\u00e9sent\u00e9es en 10 minutes par oral au d\u00e9but de chacun des trois ateliers. Ces six \u00e0 neuf communications orales devront traiter les th\u00e9matiques abord\u00e9es lors des ateliers. Les communications affich\u00e9es, quant \u00e0 elles, pourront embrasser l\u2019ensemble du champ immense de la sur- et sous-m\u00e9dicalisation, des surdiagnostics et surtraitements\u2026<\/p>\n<p>N&rsquo;h\u00e9sitez-pas \u00e0\u00a0diffuser \u00e0 vos r\u00e9seaux ou connaissances cette invitation et appel \u00e0 contribution<\/p>\n<p>Le groupe Princeps<\/p>\n<p style=\"text-align: justify;\">Nota\u00a0: Les actes des \u00e9ditions <a href=\"http:\/\/surmedicalisation.fr\/?page_id=120\" target=\"_blank\" rel=\"noopener\">2012<\/a>, <a href=\"http:\/\/surmedicalisation.fr\/?page_id=285\" target=\"_blank\" rel=\"noopener\">2013<\/a>, <a href=\"http:\/\/surmedicalisation.fr\/?page_id=2958\" target=\"_blank\" rel=\"noopener\">2014<\/a>, <a href=\"http:\/\/surmedicalisation.fr\/?page_id=3782\" target=\"_blank\" rel=\"noopener\">2015<\/a>, <a href=\"http:\/\/surmedicalisation.fr\/?page_id=4094\">2016<\/a> et <a href=\"http:\/\/surmedicalisation.fr\/?page_id=4525\" target=\"_blank\" rel=\"noopener\">2017<\/a> du Colloque sont tous accessibles en suivant le lien\u00a0: <a href=\"http:\/\/surmedicalisation.fr\/?page_id=103\" target=\"_blank\" rel=\"noopener\">ici<\/a>. La rencontre organis\u00e9e le 12 janvier 2016 par le groupe Princeps et la SFTG sur le \u00ab\u00a0D\u00e9pistage organis\u00e9 des cancers du sein\u00a0\u00bb est accessible <a href=\"http:\/\/surmedicalisation.fr\/?page_id=3714\" target=\"_blank\" rel=\"noopener\">ici<\/a> et la rencontre du 16 octobre 2016 \u00ab\u00a0Le prix, le co\u00fbt et la valeur des m\u00e9dicaments\u00a0\u00bb <a href=\"http:\/\/surmedicalisation.fr\/?page_id=4444\" target=\"_blank\" rel=\"noopener\">ici<\/a>.<\/p>\n<p>&nbsp;<\/p>\n<p>&nbsp;<\/p>\n<p><strong>INSCRIPTIONS<\/strong><\/p>\n<p style=\"text-align: justify;\">Le montant de l\u2019inscription est de <strong>40 euros <\/strong>(20 euros pour les \u00e9tudiants et Internes en M\u00e9decine).<\/p>\n<p style=\"text-align: justify;\">Ces frais d\u2019inscription tr\u00e8s limit\u00e9s, qui comprennent les accueils et pauses caf\u00e9, le repas de midi du vendredi, et l\u2019intendance du colloque, ne sont possibles que gr\u00e2ce aux locaux mis \u00e0 disposition par la Facult\u00e9 de m\u00e9decine de Bobigny, et l\u2019engagement de la SFTG. Cette modeste somme est le prix de notre ind\u00e9pendance.<\/p>\n<p style=\"text-align: justify;\">Les inscriptions doivent \u00eatre adress\u00e9es \u00e0 la <strong>SFTG, 233 bis rue de Tolbiac 75013 Paris<\/strong>, avec la mention \u00ab\u00a0Colloque de Bobigny\u00a0\u00bb.\u00a0L\u2019inscription en ligne est possible : <a href=\"http:\/\/www.sftg.eu\/programme-par-types\/colloques\/\" target=\"_blank\" rel=\"noopener\">ici<\/a>.<strong>\u00a0 <\/strong> <strong>\u00a0\u00a0\u00a0\u00a0\u00a0\u00a0\u00a0 <\/strong><\/p>\n<p style=\"text-align: justify;\">Vous pouvez \u00e9galement t\u00e9l\u00e9charger <a href=\"http:\/\/surmedicalisation.fr\/blog\/WordPress3\/wp-content\/uploads\/2018\/01\/bulletin-dinscription-SFTG_Colloque_Bobigny_2018.pdf\" target=\"_blank\" rel=\"noopener\">ici<\/a> le bulletin d\u2019inscription, le remplir et l\u2019adresser \u00e0 la SFTG<\/p>\n<p>&nbsp;<\/p>\n","protected":false},"excerpt":{"rendered":"<p>05\/03\/2018 A VOS AGENDAS POUR LES 13 &amp; 14 AVRIL 2018 DEUXI\u00c8ME ANNONCE ET PR\u00c9PROGRAMME Le groupe Princeps, le D\u00e9partement de M\u00e9decine G\u00e9n\u00e9rale de la Facult\u00e9 de M\u00e9decine de Bobigny, la Soci\u00e9t\u00e9 de Formation Th\u00e9rapeutique du G\u00e9n\u00e9raliste (SFTG) et l\u2019association &hellip; <a href=\"https:\/\/surmedicalisation.fr\/?page_id=4967\">Continuer la lecture <span class=\"meta-nav\">&rarr;<\/span><\/a><\/p>\n","protected":false},"author":1,"featured_media":0,"parent":4934,"menu_order":3,"comment_status":"closed","ping_status":"closed","template":"","meta":[],"_links":{"self":[{"href":"https:\/\/surmedicalisation.fr\/index.php?rest_route=\/wp\/v2\/pages\/4967"}],"collection":[{"href":"https:\/\/surmedicalisation.fr\/index.php?rest_route=\/wp\/v2\/pages"}],"about":[{"href":"https:\/\/surmedicalisation.fr\/index.php?rest_route=\/wp\/v2\/types\/page"}],"author":[{"embeddable":true,"href":"https:\/\/surmedicalisation.fr\/index.php?rest_route=\/wp\/v2\/users\/1"}],"replies":[{"embeddable":true,"href":"https:\/\/surmedicalisation.fr\/index.php?rest_route=%2Fwp%2Fv2%2Fcomments&post=4967"}],"version-history":[{"count":5,"href":"https:\/\/surmedicalisation.fr\/index.php?rest_route=\/wp\/v2\/pages\/4967\/revisions"}],"predecessor-version":[{"id":4977,"href":"https:\/\/surmedicalisation.fr\/index.php?rest_route=\/wp\/v2\/pages\/4967\/revisions\/4977"}],"up":[{"embeddable":true,"href":"https:\/\/surmedicalisation.fr\/index.php?rest_route=\/wp\/v2\/pages\/4934"}],"wp:attachment":[{"href":"https:\/\/surmedicalisation.fr\/index.php?rest_route=%2Fwp%2Fv2%2Fmedia&parent=4967"}],"curies":[{"name":"wp","href":"https:\/\/api.w.org\/{rel}","templated":true}]}}