{"id":5413,"date":"2019-01-06T10:15:25","date_gmt":"2019-01-06T09:15:25","guid":{"rendered":"http:\/\/surmedicalisation.fr\/?page_id=5413"},"modified":"2019-01-06T10:15:25","modified_gmt":"2019-01-06T09:15:25","slug":"posters-colloque-2018","status":"publish","type":"page","link":"https:\/\/surmedicalisation.fr\/?page_id=5413","title":{"rendered":"Posters &#8211; Colloque 2018"},"content":{"rendered":"<p><script><span style=\"display: inline-block; width: 0px; overflow: hidden; line-height: 0;\" data-mce-type=\"bookmark\" class=\"mce_SELRES_start\">\ufeff<\/span><span style=\"display: inline-block; width: 0px; overflow: hidden; line-height: 0;\" data-mce-type=\"bookmark\" class=\"mce_SELRES_start\">\ufeff<\/span><span style=\"display: inline-block; width: 0px; overflow: hidden; line-height: 0;\" data-mce-type=\"bookmark\" class=\"mce_SELRES_start\">\ufeff<\/span><span style=\"display: inline-block; width: 0px; overflow: hidden; line-height: 0;\" data-mce-type=\"bookmark\" class=\"mce_SELRES_start\">\ufeff<\/span><span style=\"display: inline-block; width: 0px; overflow: hidden; line-height: 0;\" data-mce-type=\"bookmark\" class=\"mce_SELRES_start\">\ufeff<\/span><span style=\"display: inline-block; width: 0px; overflow: hidden; line-height: 0;\" data-mce-type=\"bookmark\" class=\"mce_SELRES_start\">\ufeff<\/span>\n  (function(i,s,o,g,r,a,m){i['GoogleAnalyticsObject']=r;i[r]=i[r]||function(){\n  (i[r].q=i[r].q||[]).push(arguments)},i[r].l=1*new Date();a=s.createElement(o),\n  m=s.getElementsByTagName(o)[0];a.async=1;a.src=g;m.parentNode.insertBefore(a,m)\n  })(window,document,'script','https:\/\/www.google-analytics.com\/analytics.js','ga');<\/p>\n<p>  ga('create', 'UA-40453293-1', 'auto');\n  ga('send', 'pageview');<\/p>\n<p><\/script><\/p>\n<p>&nbsp;<\/p>\n<h4><\/h4>\n<h1 style=\"text-align: center;\">7<sup>\u00e8me<\/sup> colloque de Bobigny :<\/h1>\n<h1 style=\"text-align: center;\"><strong>\u00ab Internet, m\u00e9decine personnalis\u00e9e, sources de surm\u00e9dicalisation ? \u00bb<\/strong><\/h1>\n<h2 style=\"text-align: center;\"><strong>Vendredi 13 &amp; Samedi 14 avril 2018<\/strong><\/h2>\n<p>&nbsp;<\/p>\n<hr \/>\n<h2 style=\"text-align: center;\"><strong>\u00a0<\/strong><\/h2>\n<h1 style=\"text-align: center;\"><span style=\"font-size: 36pt;\">POSTERS<\/span><\/h1>\n<p>Cliquer sur les liens pour t\u00e9l\u00e9charger les r\u00e9sum\u00e9s au format pdf<\/p>\n<p>&nbsp;<\/p>\n<p style=\"text-align: justify;\"><a href=\"http:\/\/surmedicalisation.fr\/blog\/WordPress3\/wp-content\/uploads\/2018\/12\/1_Dr-Smahane-MEDJAHED_et_al._R\u00e9vision-critique-de-l\u2019ordonnance-m\u00e9dicamenteuse-et-l\u2019optimisation-de-la-prescription_Ren\u00e9-Muret_AP-HP_29-01-2018.pdf\" target=\"_blank\" rel=\"noopener\">1. Smahane MEDJAHED et al. La r\u00e9vision critique de l\u2019ordonnance m\u00e9dicamenteuse et l\u2019optimisation de la prescription des m\u00e9dicaments\u00a0: enjeu important de la prise en soins de patients \u00e2g\u00e9s hospitalis\u00e9s<\/a><\/p>\n<p style=\"text-align: justify;\"><a href=\"http:\/\/surmedicalisation.fr\/blog\/WordPress3\/wp-content\/uploads\/2018\/12\/2_Duprat-Laura-Communication.pdf\" target=\"_blank\" rel=\"noopener\">2. Laura DEL ROCIO DUPRAT et al. La production organisationnelle de la pharmaceuticalisation : une analyse du monde de la prescription en EHPAD<\/a><\/p>\n<p style=\"text-align: justify;\"><a href=\"http:\/\/surmedicalisation.fr\/blog\/WordPress3\/wp-content\/uploads\/2018\/12\/3_abstract-Bobigny-2018-Les-nouveaux-tests-de-diagnostic-de-cancer_G__D_DELEPINE_S_ALKHALLAF.pdf\" target=\"_blank\" rel=\"noopener\">3. G\u00e9rard DEL\u00c9PINE et al. Tests sanguins de d\u00e9pistage du cancer. Nouveaux leurres de la m\u00e9decine personnalis\u00e9e, sources de profits et de surm\u00e9dicalisation<\/a><\/p>\n<p style=\"text-align: justify;\"><a href=\"http:\/\/surmedicalisation.fr\/blog\/WordPress3\/wp-content\/uploads\/2018\/12\/4_abstract-Bobigny-2018-rein-5mars-2018_G__D_DELEPINE_S_ALKHALLAF.pdf\" target=\"_blank\" rel=\"noopener\">4. G\u00e9rard DEL\u00c9PINE et al. Les recommandations des soci\u00e9t\u00e9s savantes refl\u00e8tent-elles l\u2019\u00e9tat de la science ou sont-elles sources de surm\u00e9dicalisation ? Analyse des recommandations des th\u00e9rapies cibl\u00e9es dans le cancer du rein<\/a><\/p>\n<p style=\"text-align: justify;\"><a href=\"http:\/\/surmedicalisation.fr\/blog\/WordPress3\/wp-content\/uploads\/2018\/12\/F_PESTY_CA_Nouvelles_bioth\u00e9rapie__m\u00e9decine_de_pr\u00e9cision_Colloque-2018.pdf\" target=\"_blank\" rel=\"noopener\">5. Fran\u00e7ois PESTY. Peut-on vraiment parler de \u00ab m\u00e9decine de pr\u00e9cision \u00bb \u00e0 propos des nouvelles immunoth\u00e9rapies et des th\u00e9rapies cibl\u00e9es des tumeurs solides, de leurs biotests compagnons, et des seuils d\u00e9finis (ou pas) pour l\u2019\u00e9ligibilit\u00e9 des patients aux traitements ?<\/a><\/p>\n<p style=\"text-align: justify;\"><a href=\"http:\/\/surmedicalisation.fr\/blog\/WordPress3\/wp-content\/uploads\/2018\/12\/6_Marie_HERR_r\u00e9sum\u00e9_Fragilit\u00e9-et-m\u00e9dicaments-en-population-\u00e2g\u00e9e_Colloque_2018.pdf\" target=\"_blank\" rel=\"noopener\">6. Marie HERR. Fragilit\u00e9 et m\u00e9dicaments en population \u00e2g\u00e9e : \u00e9tude de la polym\u00e9dication et des prescriptions potentiellement inappropri\u00e9es<\/a><\/p>\n<p style=\"text-align: justify;\"><a href=\"http:\/\/surmedicalisation.fr\/blog\/WordPress3\/wp-content\/uploads\/2018\/12\/F_PESTY_CA_Analyse_critique_de_Transparence_Sant\u00e9_Colloque-2018.pdf\" target=\"_blank\" rel=\"noopener\">7. Fran\u00e7ois PESTY. Comment les firmes pharmaceutiques profitent-elles des failles de conception et d\u2019usage de la base de donn\u00e9es Transparence Sant\u00e9 pour mieux dissimuler les liens qui les unissent aux professionnels de sant\u00e9 ?<\/a><\/p>\n<p style=\"text-align: justify;\"><a href=\"http:\/\/surmedicalisation.fr\/blog\/WordPress3\/wp-content\/uploads\/2018\/12\/8_Abstract-surme\u0301dicalisation_quen-pensent-les-MG_L\u00e9a_CHARTON_Strasbourg_Colloque_2018.pdf\" target=\"_blank\" rel=\"noopener\">8. L\u00e9a CHARTON et al. La surm\u00e9dicalisation : qu\u2019en pensent les m\u00e9decins g\u00e9n\u00e9ralistes ? Approche qualitative \u00e0 partir d\u2019entretiens individuels<\/a><\/p>\n<p style=\"text-align: justify;\"><a href=\"http:\/\/surmedicalisation.fr\/blog\/WordPress3\/wp-content\/uploads\/2018\/12\/9_R\u00e9sum\u00e9_projet_Communication_Juliana_VERAS__Ana_BOCQUET_7e\u0300me-Colloque-de-Bobigny.pdf\" target=\"_blank\" rel=\"noopener\">9. Juliana VERAS et al. Implantation de politiques de licences socialement responsables dans les Universit\u00e9s et Institutions de Recherche financ\u00e9es par des fonds publics<\/a><\/p>\n<p style=\"text-align: justify;\"><a href=\"http:\/\/surmedicalisation.fr\/blog\/WordPress3\/wp-content\/uploads\/2018\/12\/F_PESTY_CA_La-SFR-continue-de-nier-levidence-based-medicine_Colloque-2018.pdf\" target=\"_blank\" rel=\"noopener\">10. Fran\u00e7ois PESTY. Analyse s\u00e9mantique actualis\u00e9e des programmes d\u00e9taill\u00e9s des 6 derniers congr\u00e8s de la SFR qui s\u2019obstine \u00e0 nier l\u2019evidence based medicine dans le traitement de fond de la polyarthrite rhumato\u00efde<\/a><\/p>\n<p style=\"text-align: justify;\"><a href=\"http:\/\/surmedicalisation.fr\/blog\/WordPress3\/wp-content\/uploads\/2018\/12\/11_Pr_Philippe_ARLET_Toulouse_Proposition-de-communication-orale-br\u00e8ve-au-colloque-de-Bobigny-2018-1.pdf\" target=\"_blank\" rel=\"noopener\">11. Pr. Philippe ARLET. Vitamine D : sur prescription des dosages, sous prescription et sur prescription de la vitaminoth\u00e9rapie<\/a><\/p>\n<p style=\"text-align: justify;\"><a href=\"http:\/\/surmedicalisation.fr\/blog\/WordPress3\/wp-content\/uploads\/2018\/12\/12_Contribution-du-DR-Catherine_PIROT-PHE-EPSM_Sarthe_colloque_2018.pdf\" target=\"_blank\" rel=\"noopener\">12. Catherine PIROT-PHE. La surm\u00e9dicalisation des personnes\u00a0 \u00e2g\u00e9es et les difficult\u00e9s de la d\u00e9prescription<\/a><\/p>\n<p style=\"text-align: justify;\"><a href=\"http:\/\/surmedicalisation.fr\/blog\/WordPress3\/wp-content\/uploads\/2018\/12\/13_LE-POINT-SUR-LES-IA_Dr_Danielle_BARBOTIN_colloque_2018.pdf\" target=\"_blank\" rel=\"noopener\">13. Danielle BARBOTIN. Le point sur les inhibiteurs de l\u2019aromatase 14\u00a0 ans\u00a0 apr\u00e8s\u00a0 les AMM\u00a0 en\u00a0 adjuvant &#8211; La sous-estimation par les experts de leurs effets ind\u00e9sirables<\/a><\/p>\n<p style=\"text-align: justify;\"><a href=\"http:\/\/surmedicalisation.fr\/blog\/WordPress3\/wp-content\/uploads\/2018\/12\/14_VassyPropositionCommunicationV2.pdf\" target=\"_blank\" rel=\"noopener\">14. Carine VASSY. D\u00e9pistage pr\u00e9natal non invasif : quand les recommandations conduisent \u00e0 la surm\u00e9dicalisation<\/a><\/p>\n<p>&nbsp;<\/p>\n","protected":false},"excerpt":{"rendered":"<p>&nbsp; 7\u00e8me colloque de Bobigny : \u00ab Internet, m\u00e9decine personnalis\u00e9e, sources de surm\u00e9dicalisation ? \u00bb Vendredi 13 &amp; Samedi 14 avril 2018 &nbsp; \u00a0 POSTERS Cliquer sur les liens pour t\u00e9l\u00e9charger les r\u00e9sum\u00e9s au format pdf &nbsp; 1. Smahane MEDJAHED &hellip; <a href=\"https:\/\/surmedicalisation.fr\/?page_id=5413\">Continuer la lecture <span class=\"meta-nav\">&rarr;<\/span><\/a><\/p>\n","protected":false},"author":1,"featured_media":0,"parent":5028,"menu_order":6,"comment_status":"closed","ping_status":"closed","template":"","meta":[],"_links":{"self":[{"href":"https:\/\/surmedicalisation.fr\/index.php?rest_route=\/wp\/v2\/pages\/5413"}],"collection":[{"href":"https:\/\/surmedicalisation.fr\/index.php?rest_route=\/wp\/v2\/pages"}],"about":[{"href":"https:\/\/surmedicalisation.fr\/index.php?rest_route=\/wp\/v2\/types\/page"}],"author":[{"embeddable":true,"href":"https:\/\/surmedicalisation.fr\/index.php?rest_route=\/wp\/v2\/users\/1"}],"replies":[{"embeddable":true,"href":"https:\/\/surmedicalisation.fr\/index.php?rest_route=%2Fwp%2Fv2%2Fcomments&post=5413"}],"version-history":[{"count":8,"href":"https:\/\/surmedicalisation.fr\/index.php?rest_route=\/wp\/v2\/pages\/5413\/revisions"}],"predecessor-version":[{"id":5438,"href":"https:\/\/surmedicalisation.fr\/index.php?rest_route=\/wp\/v2\/pages\/5413\/revisions\/5438"}],"up":[{"embeddable":true,"href":"https:\/\/surmedicalisation.fr\/index.php?rest_route=\/wp\/v2\/pages\/5028"}],"wp:attachment":[{"href":"https:\/\/surmedicalisation.fr\/index.php?rest_route=%2Fwp%2Fv2%2Fmedia&parent=5413"}],"curies":[{"name":"wp","href":"https:\/\/api.w.org\/{rel}","templated":true}]}}