{"id":5649,"date":"2019-09-26T22:49:43","date_gmt":"2019-09-26T20:49:43","guid":{"rendered":"http:\/\/surmedicalisation.fr\/?page_id=5649"},"modified":"2020-03-07T18:08:00","modified_gmt":"2020-03-07T17:08:00","slug":"quatrieme-annonce-et-programme-definitif-apres-report-du-colloque-2019","status":"publish","type":"page","link":"https:\/\/surmedicalisation.fr\/?page_id=5649","title":{"rendered":"Quatri\u00e8me annonce et programme d\u00e9finitif apr\u00e8s report du Colloque 2019"},"content":{"rendered":"<p><script>\n  (function(i,s,o,g,r,a,m){i['GoogleAnalyticsObject']=r;i[r]=i[r]||function(){\n  (i[r].q=i[r].q||[]).push(arguments)},i[r].l=1*new Date();a=s.createElement(o),\n  m=s.getElementsByTagName(o)[0];a.async=1;a.src=g;m.parentNode.insertBefore(a,m)\n  })(window,document,'script','https:\/\/www.google-analytics.com\/analytics.js','ga');<\/p>\n<p>  ga('create', 'UA-40453293-1', 'auto');\n  ga('send', 'pageview');<\/p>\n<p><\/script><\/p>\n<p style=\"text-align: center;\">26\/09\/2019<\/p>\n<p style=\"text-align: center;\">COLLOQUE 2019 DE \u00ab BOBIGNY \u00bb DES <strong>29 &amp; 30 NOVEMBRE 2019<\/strong><\/p>\n<p style=\"text-align: center;\"><strong>QUATRI\u00c8ME ANNONCE ET PROGRAMME D\u00c9FINITIF APR\u00c8S REPORT<br \/>\n<\/strong><\/p>\n<p style=\"text-align: center;\">T\u00e9l\u00e9charger une version imprimable du programme d\u00e9finitif : <a href=\"http:\/\/surmedicalisation.fr\/blog\/WordPress3\/wp-content\/uploads\/2019\/09\/Quatri\u00e8me-annonce-et-programme-d\u00e9finitif-apr\u00e8s-report-du-Colloque-2019.pdf\" target=\"_blank\" rel=\"noopener noreferrer\">ici<\/a><\/p>\n<p style=\"text-align: center;\">Le groupe Princeps, la Soci\u00e9t\u00e9 de Formation Th\u00e9rapeutique du G\u00e9n\u00e9raliste (SFTG) et l\u2019association Civic Sant\u00e9 ont le plaisir de vous inviter au<\/p>\n<h2 style=\"text-align: justify;\"><strong>8\u00b0 Colloque : \u00ab Sur- et sous-m\u00e9dicalisation, surdiagnostics et surtraitements \u00bb<\/strong><\/h2>\n<p>&nbsp;<\/p>\n<h1 style=\"text-align: center;\"><strong>\u00ab L\u2019int\u00e9r\u00eat public face \u00e0 l\u2019extension du domaine du pathologique \u00bb<\/strong><\/h1>\n<p>&nbsp;<\/p>\n<h2 style=\"text-align: center;\"><span style=\"font-size: 14pt;\"><strong>Qui se tiendra :<\/strong><\/span><\/h2>\n<h2 style=\"text-align: center;\"><span style=\"font-size: 14pt;\"><strong> 68-70, Bld Richard LENOIR, 75011 Paris<br \/>\nM\u00e9tro Richard LENOIR<br \/>\n<\/strong><\/span><span style=\"font-size: 14pt;\"><strong><span style=\"color: #ff0000;\">Attention au changement de lieu<\/span><br \/>\n<\/strong><\/span><\/h2>\n<h2 style=\"text-align: center;\"><strong><span style=\"font-size: 14pt;\">Avec nos remerciements adress\u00e9s \u00e0 la Revue Prescrire<br \/>\nqui a bien voulu nous accueillir cette ann\u00e9e dans ses locaux<\/span><br \/>\n<\/strong><\/h2>\n<p>&nbsp;<\/p>\n<table style=\"border-style: solid; border-color: #000000;\">\n<tbody>\n<tr>\n<td style=\"width: 589.767px; border-style: solid; border-color: #000000;\">\n<h4 style=\"text-align: justify;\">Nous prenons le parti d\u2019examiner cette th\u00e9matique sous l\u2019angle de l\u2019int\u00e9r\u00eat public ou g\u00e9n\u00e9ral, celui-ci compris comme le compromis le plus progressiste, pour la soci\u00e9t\u00e9.<\/h4>\n<h4 style=\"text-align: justify;\">Nous partons aussi du constat largement partag\u00e9 d\u2019une spirale de diagnostics, d\u2019actes m\u00e9dicaux, de traitements, inflationniste, co\u00fbteuse sur tous les plans, dangereuse et surtout dommageable pour tous.<\/h4>\n<h4 style=\"text-align: justify;\">Tout aussi pr\u00e9occupant, de nouvelles maladies sont formalis\u00e9es, classifi\u00e9es, envahissant nos corps, nos esprits et nos m\u00e9tiers. G. Canguilhem notait d\u00e9j\u00e0 en 1966 que \u00ab le vivant normal est celui qui est conforme \u00e0 des normes d\u00e9termin\u00e9es par des moyennes. Mais devons-nous tenir tout \u00e9cart pour anormal ? \u00bb. Aujourd\u2019hui l\u2019abaissement des normes (cholest\u00e9rol, tension art\u00e9rielle\u2026), de m\u00eame que certains d\u00e9pistages de cancers (sein, prostate\u2026), font entrer dans la cat\u00e9gorie des malades, des parts toujours plus grandes de la population.<\/h4>\n<h4 style=\"text-align: justify;\">Des \u00ab maladies \u00bb sont invent\u00e9es pour trouver une utilisation \u00e0 certaines mol\u00e9cules (DMS V). La chim\u00e8re de la \u00ab m\u00e9decine personnalis\u00e9e \u00bb laisse croire au public que chacun sera assur\u00e9 de (et devra ?) b\u00e9n\u00e9ficier d\u2019un traitement unique\u2026 L\u2019industrie du m\u00e9dicament et de la sant\u00e9 et ses imp\u00e9ratifs financiers p\u00e8se de tout son poids sur nos soci\u00e9t\u00e9s, largement promue par les m\u00e9dias et le mythe de l\u2019innovation.<\/h4>\n<h4 style=\"text-align: justify;\">En 2025 y aura-t-il encore des Fran\u00e7ais et de nombreux autres humains sur la plan\u00e8te, non malades, normaux ?<\/h4>\n<h4 style=\"text-align: justify;\"><strong>Le domaine de la pathologie, voire de la pathologisation, est-il toujours scientifiquement fond\u00e9, socialement utile et ma\u00eetrisable ? Son extension est-elle irr\u00e9sistible ? <\/strong><\/h4>\n<\/td>\n<\/tr>\n<\/tbody>\n<\/table>\n<p>&nbsp;<\/p>\n<p><span style=\"font-size: 14pt; color: #000000;\"><strong>PROGRAMME D\u00c9FINITIF<br \/>\n<\/strong><\/span><\/p>\n<p><span style=\"color: #000000; font-size: 14pt;\">Vendredi 29 novembre 2019 :<\/span><\/p>\n<p><span style=\"color: #000000; font-size: 14pt;\"> 9h00 : Accueil &#8211; Omar BRIXI<br \/>\n<\/span><\/p>\n<p><span style=\"color: #000000; font-size: 14pt;\"> Pr\u00e9sentation g\u00e9n\u00e9rale du colloque<\/span><\/p>\n<h2><span style=\"color: #000000; font-size: 14pt;\"> 9h30 : Conf\u00e9rence de Michel THOMAS :<br \/>\n\u00ab La sur-sp\u00e9cialisation des \u00e9tudes et de la pratique m\u00e9dicale comme facteur de l\u2019extension du domaine du pathologique \u00bb.<\/span><\/h2>\n<p><span style=\"color: #000000; font-size: 14pt;\"> 10h00 : Pause-caf\u00e9<\/span><\/p>\n<h2><span style=\"color: #000000; font-size: 14pt;\"> 10h20 : Atelier N\u00b01 :<br \/>\n\u00ab Le mal-\u00eatre et les \u00ab\u00a0maladies soci\u00e9tales\u00a0\u00bb, l&rsquo;extension du domaine de certains diagnostics, facteurs de transformation de sujets normaux en malades \u00bb. <\/span><\/h2>\n<h3><span style=\"color: #000000; font-size: 14pt;\">Introduction :\u00a0 Michel THOMAS<\/span><\/h3>\n<p><span style=\"color: #000000; font-size: 14pt;\">Communications orales sur le sujet :<br \/>\n<\/span><\/p>\n<h3 style=\"text-align: justify;\"><span style=\"color: #000000; font-size: 14pt;\">\u00ab Les nouveaux territoires de l&rsquo;extra-m\u00e9dicalisation \u00bb<br \/>\nFlorence TABOULET, Bettina COUDERC, <\/span><\/h3>\n<h3 style=\"text-align: justify;\"><span style=\"color: #000000; font-size: 14pt;\">\u00ab L&rsquo;extension du remboursement en dehors du pathologique : vers plus d&rsquo;\u00e9quit\u00e9 et d&rsquo;efficience \u00bb<\/span><br \/>\n<span style=\"color: #000000; font-size: 14pt;\">Florence TABOULET, Blandine JUILLARD-CONDAT,<\/span><\/h3>\n<h3 style=\"text-align: justify;\"><span style=\"color: #000000; font-size: 14pt;\">\u00ab Le nouvel essai europ\u00e9en de d\u00e9pistage du cancer du sein \u00bb<br \/>\nC\u00e9cile BOUR, Jean DOUBOVETZKY,<br \/>\n<\/span><\/h3>\n<h3><span style=\"color: #000000; font-size: 14pt;\">Discussion g\u00e9n\u00e9rale<\/span><\/h3>\n<p>&nbsp;<\/p>\n<p><span style=\"color: #000000; font-size: 14pt;\"> 12h30-14h00 : D\u00e9jeuner<\/span><\/p>\n<p>&nbsp;<\/p>\n<h2><span style=\"color: #000000; font-size: 14pt;\"> 14h00 : Conf\u00e9rence de Jean-Claude SALOMON :<br \/>\n\u00ab La r\u00e9volution m\u00e9dicale : R\u00e9alit\u00e9 ou op\u00e9ration\u00a0 de communication \u00bb<br \/>\n<\/span><\/h2>\n<p><span style=\"color: #000000; font-size: 14pt;\">\u00a0<\/span><\/p>\n<h2><span style=\"color: #000000; font-size: 14pt;\"> 14h30-16h30 : Atelier N\u00b0 2 :<br \/>\n\u00ab Quelle responsabilit\u00e9 les industries de sant\u00e9* ont-elles dans l\u2019extension du domaine du pathologique ? \u00bb.<br \/>\n<\/span><\/h2>\n<h5><span style=\"color: #000000; font-size: 14pt;\">(*) Entreprises des m\u00e9dicaments et dispositifs m\u00e9dicaux, fournisseurs des laboratoires d\u2019analyse m\u00e9dicale, \u00e9quipementiers de l\u2019imagerie m\u00e9dicale, \u00e9diteurs de logiciels m\u00e9tiers\u2026),<\/span><\/h5>\n<h3><span style=\"color: #000000; font-size: 14pt;\">Communications orales sur le sujet :<\/span><\/h3>\n<h3 style=\"text-align: justify;\"><span style=\"color: #000000; font-size: 14pt;\">\u00a0<\/span><\/h3>\n<h3 style=\"text-align: justify;\"><span style=\"font-size: 14pt; color: #000000;\">\u00ab Censur\u00e9s et perdus de vue, donn\u00e9es manquantes, mauvais reporting&#8230;, les analyses de survie pourraient bien faciliter l&#8217;embellissement des r\u00e9sultats d&rsquo;essais cliniques en canc\u00e9rologie : Quelques outils \u00e0 l&rsquo;intention des lecteurs critiques \u00bb<\/span><br \/>\n<span style=\"font-size: 14pt; color: #000000;\">Fran\u00e7ois PESTY<\/span><\/h3>\n<h3><span style=\"font-size: 14pt; color: #000000;\">\u00ab L&rsquo;envol\u00e9e du prix des m\u00e9dicaments \u00bb<\/span><br \/>\n<span style=\"font-size: 14pt; color: #000000;\">Eliane MANDINE<\/span><\/h3>\n<h3 style=\"text-align: justify;\"><span style=\"font-size: 14pt; color: #000000;\">\u00ab La forte opacit\u00e9 des 29 CHU\/CHR m\u00e9tropolitains sur leurs d\u00e9penses pharmaceutiques hors de contr\u00f4le et \u00e9voluant au principal d\u00e9triment des charges de personnel non m\u00e9dical (infirmi\u00e8res, aides-soignantes&#8230;) jette un doute sur la pertinence et l&rsquo;efficience des prescriptions hospitali\u00e8res de produits de sant\u00e9 \u00bb<\/span><br \/>\n<span style=\"font-size: 14pt; color: #000000;\">Fran\u00e7ois PESTY<\/span><\/h3>\n<h3><span style=\"font-size: 14pt; color: #000000;\">Discussion g\u00e9n\u00e9rale<\/span><\/h3>\n<p>&nbsp;<\/p>\n<p><span style=\"font-size: 14pt; color: #000000;\">16h30-16h45 : Pause-caf\u00e9<\/span><\/p>\n<p>&nbsp;<\/p>\n<h3><span style=\"color: #000000; font-size: 14pt;\"> 16h45-17h30 : Conf\u00e9rence de Yann MAZENS (France Assos Sant\u00e9) :<br \/>\n\u00ab L\u2019avis des associations de malades sur les ruptures d\u2019approvisionnement en m\u00e9dicaments \u00bb.<br \/>\n<\/span><\/h3>\n<p>&nbsp;<\/p>\n<p>&nbsp;<\/p>\n<p><span style=\"font-size: 14pt; color: #000000;\">Samedi 30 novembre 2019<br \/>\n<\/span><\/p>\n<p>&nbsp;<\/p>\n<h2><span style=\"font-size: 14pt; color: #000000;\"> 9h-9h30 : Conf\u00e9rence de Philippe LAVILLE (Ligue des Droits de l\u2019Homme) :<br \/>\n\u00ab La Ligue des Droits de l\u2019Homme et la sur-, comme la sous- m\u00e9dicalisation \u00bb.<\/span><\/h2>\n<p><span style=\"font-size: 14pt; color: #000000;\"> 9h30-10h15 : Communications libres<\/span><\/p>\n<h3><\/h3>\n<h3><span style=\"font-size: 14pt; color: #000000;\">\u00ab Les dangers de la prescription des anti\u00e9pileptiques chez les femmes enceintes \u00bb (Vid\u00e9o enregistr\u00e9e en mai 2019)<\/span><br \/>\n<span style=\"font-size: 14pt;\"><span style=\"color: #000000;\">Marine MARTIN, Pr\u00e9sidente de l&rsquo;association APESAC<\/span><\/span><\/h3>\n<h3><\/h3>\n<h3><span style=\"font-size: 14pt; color: #000000;\">\u00ab Sous et Surm\u00e9dicalisation rel\u00e8vent des m\u00eames logiques : Une illustration significative dans les pays du Maghreb \u00bb<\/span><br \/>\n<span style=\"font-size: 14pt; color: #000000;\">Omar BRIXI, Abdewahed ABASSI, Slim KALLEL, Bouchra ASSARAG, Mohamed AKRIM.<\/span><\/h3>\n<p>&nbsp;<\/p>\n<h3><span style=\"font-size: 14pt; color: #000000;\">\u00ab Possibles effets b\u00e9n\u00e9fiques d&rsquo;associations fortuites de m\u00e9dicaments \u00bb<\/span><br \/>\n<span style=\"font-size: 14pt; color: #000000;\">Jean-Claude SALOMON<\/span><\/h3>\n<p>&nbsp;<\/p>\n<h3><span style=\"font-size: 14pt; color: #000000;\">\u00ab Quel impact aura eu sur ses prescriptions l&rsquo;obligation d&rsquo;accord pr\u00e9alable avant instauration de la rosuvastatine mise en \u0153uvre par la CNAMTS entre mars 2016 et juin 2018 ? \u00bb<\/span><br \/>\n<span style=\"font-size: 14pt; color: #000000;\">Fran\u00e7ois PESTY<\/span><\/h3>\n<p>&nbsp;<\/p>\n<h3><span style=\"font-size: 14pt; color: #000000;\">\u00ab Sur l&rsquo;usage inadapt\u00e9 des tests statistiques en \u00e9pid\u00e9miologie \u00bb<\/span><br \/>\n<span style=\"font-size: 14pt; color: #000000;\">Bernard GUENNEBAUD, Math\u00e9maticien<\/span><\/h3>\n<p><span style=\"font-size: 14pt; color: #000000;\"> 10h15-10h30 : Pause\u2013caf\u00e9<\/span><\/p>\n<p>&nbsp;<\/p>\n<h2><span style=\"font-size: 14pt; color: #000000;\"> 10h30-12h30 : Atelier N\u00b03 :<br \/>\n\u00ab Les vaccins : indispensables et insuffisamment pratiqu\u00e9s, certaines extensions sont-elles discutables ? \u00bb. <\/span><\/h2>\n<h3><span style=\"font-size: 14pt; color: #000000;\">Communications sur le th\u00e8me :<br \/>\n<\/span><\/h3>\n<h3><span style=\"font-size: 14pt; color: #000000;\">\u00ab Gardasil, surtraitement \u00e0 vis\u00e9e pr\u00e9ventive : R\u00e9sultats canc\u00e9rologiques paradoxaux, augmentation du cancer du col \u00bb<\/span><br \/>\n<span style=\"font-size: 14pt; color: #000000;\">G\u00e9rard DEL\u00c9PINE, Nicole DEL\u00c9PINE, Salwa ALKHALLAF<\/span><\/h3>\n<h3><span style=\"font-size: 14pt; color: #000000;\">\u00ab R\u00e9sultats \u00e0 long terme du vaccin anti h\u00e9patite B sur la pr\u00e9vention du carcinome h\u00e9patique : un paradoxe \u00bb<\/span><br \/>\n<span style=\"font-size: 14pt; color: #000000;\">G\u00e9rard DEL\u00c9PINE, Nicole DEL\u00c9PINE, Salwa ALKHALLAF<\/span><\/h3>\n<h3><span style=\"font-size: 14pt; color: #000000;\">\u00ab Retour sur des donn\u00e9es factuelles \u00bb<\/span><br \/>\n<span style=\"font-size: 14pt; color: #000000;\">Alain SIARY<br \/>\n<\/span><\/h3>\n<h3><span style=\"font-size: 14pt; color: #000000;\">Discussion g\u00e9n\u00e9rale<\/span><\/h3>\n<p>&nbsp;<\/p>\n<p><span style=\"font-size: 14pt; color: #000000;\"> 12h30-13h00 : Conclusions g\u00e9n\u00e9rales du colloque.<\/span><\/p>\n<hr \/>\n<p><strong>INSCRIPTIONS<\/strong><\/p>\n<p>Le montant de l\u2019inscription est de <strong>40 euros <\/strong>(20 euros pour les \u00e9tudiants et Internes en M\u00e9decine).<\/p>\n<p>Ces frais d\u2019inscription tr\u00e8s limit\u00e9s, qui comprennent les accueils et pauses caf\u00e9, le repas de midi du vendredi, et l\u2019intendance du colloque, ne sont possibles que gr\u00e2ce aux locaux mis \u00e0 disposition par la Revue Prescrire, et l\u2019engagement de la SFTG. Cette modeste somme est le prix de notre ind\u00e9pendance.<\/p>\n<p>Les inscriptions doivent \u00eatre adress\u00e9es \u00e0 la <strong>SFTG, 233 bis rue de Tolbiac 75013 Paris<\/strong>, avec la mention \u00ab Colloque de \u00ab Bobigny \u00bb\u00bb. L\u2019inscription en ligne est possible : <a href=\"https:\/\/www.sftg.eu\/formations\/liste-formations\/819-colloque-sur-et-sous-medicalisation-surdiagnostics-surtraitements.html\" target=\"_blank\" rel=\"noopener noreferrer\">ici<\/a>.<\/p>\n<p>Vous pouvez \u00e9galement t\u00e9l\u00e9charger <a href=\"http:\/\/surmedicalisation.fr\/blog\/WordPress3\/wp-content\/uploads\/2019\/09\/bulletin-dinscription-SFTG_Colloque_Bobigny_2019_report\u00e9.pdf\" target=\"_blank\" rel=\"noopener noreferrer\">ici<\/a> le <strong>bulletin d\u2019inscription<\/strong>, le remplir et l\u2019adresser \u00e0 la SFTG<\/p>\n<p style=\"text-align: justify;\">N&rsquo;h\u00e9sitez-pas \u00e0 diffuser \u00e0 vos r\u00e9seaux ou connaissances cette invitation et appel \u00e0 contribution<\/p>\n<p>Le groupe Princeps<\/p>\n<p style=\"text-align: justify;\">Nota : Les actes des \u00e9ditions <a href=\"http:\/\/surmedicalisation.fr\/?page_id=120\" target=\"_blank\" rel=\"noopener noreferrer\">2012<\/a>, <a href=\"http:\/\/surmedicalisation.fr\/?page_id=285\" target=\"_blank\" rel=\"noopener noreferrer\">2013<\/a>, <a href=\"http:\/\/surmedicalisation.fr\/?page_id=2958\" target=\"_blank\" rel=\"noopener noreferrer\">2014<\/a>, <a href=\"http:\/\/surmedicalisation.fr\/?page_id=3782\" target=\"_blank\" rel=\"noopener noreferrer\">2015<\/a>, <a href=\"http:\/\/surmedicalisation.fr\/?page_id=4094\">2016<\/a>, <a href=\"http:\/\/surmedicalisation.fr\/?page_id=4525\" target=\"_blank\" rel=\"noopener noreferrer\">2017<\/a> et <a href=\"http:\/\/surmedicalisation.fr\/?page_id=5028\" target=\"_blank\" rel=\"noopener noreferrer\">2018<\/a> du Colloque sont tous accessibles en suivant le lien : <a href=\"http:\/\/surmedicalisation.fr\/?page_id=103\" target=\"_blank\" rel=\"noopener noreferrer\">ici<\/a>. La rencontre organis\u00e9e le 12 janvier 2016 par le groupe Princeps et la SFTG sur le \u00ab D\u00e9pistage organis\u00e9 des cancers du sein \u00bb est accessible <a href=\"http:\/\/surmedicalisation.fr\/?page_id=3714\" target=\"_blank\" rel=\"noopener noreferrer\">ici<\/a> et la rencontre du 16 octobre 2016 \u00ab Le prix, le co\u00fbt et la valeur des m\u00e9dicaments \u00bb <a href=\"http:\/\/surmedicalisation.fr\/?page_id=4444\" target=\"_blank\" rel=\"noopener noreferrer\">ici<\/a>.<\/p>\n<p>&nbsp;<\/p>\n","protected":false},"excerpt":{"rendered":"<p>26\/09\/2019 COLLOQUE 2019 DE \u00ab BOBIGNY \u00bb DES 29 &amp; 30 NOVEMBRE 2019 QUATRI\u00c8ME ANNONCE ET PROGRAMME D\u00c9FINITIF APR\u00c8S REPORT T\u00e9l\u00e9charger une version imprimable du programme d\u00e9finitif : ici Le groupe Princeps, la Soci\u00e9t\u00e9 de Formation Th\u00e9rapeutique du G\u00e9n\u00e9raliste (SFTG) &hellip; <a href=\"https:\/\/surmedicalisation.fr\/?page_id=5649\">Continuer la lecture <span class=\"meta-nav\">&rarr;<\/span><\/a><\/p>\n","protected":false},"author":1,"featured_media":0,"parent":5571,"menu_order":2,"comment_status":"closed","ping_status":"closed","template":"","meta":[],"_links":{"self":[{"href":"https:\/\/surmedicalisation.fr\/index.php?rest_route=\/wp\/v2\/pages\/5649"}],"collection":[{"href":"https:\/\/surmedicalisation.fr\/index.php?rest_route=\/wp\/v2\/pages"}],"about":[{"href":"https:\/\/surmedicalisation.fr\/index.php?rest_route=\/wp\/v2\/types\/page"}],"author":[{"embeddable":true,"href":"https:\/\/surmedicalisation.fr\/index.php?rest_route=\/wp\/v2\/users\/1"}],"replies":[{"embeddable":true,"href":"https:\/\/surmedicalisation.fr\/index.php?rest_route=%2Fwp%2Fv2%2Fcomments&post=5649"}],"version-history":[{"count":20,"href":"https:\/\/surmedicalisation.fr\/index.php?rest_route=\/wp\/v2\/pages\/5649\/revisions"}],"predecessor-version":[{"id":5671,"href":"https:\/\/surmedicalisation.fr\/index.php?rest_route=\/wp\/v2\/pages\/5649\/revisions\/5671"}],"up":[{"embeddable":true,"href":"https:\/\/surmedicalisation.fr\/index.php?rest_route=\/wp\/v2\/pages\/5571"}],"wp:attachment":[{"href":"https:\/\/surmedicalisation.fr\/index.php?rest_route=%2Fwp%2Fv2%2Fmedia&parent=5649"}],"curies":[{"name":"wp","href":"https:\/\/api.w.org\/{rel}","templated":true}]}}