{"id":5733,"date":"2020-03-18T10:01:04","date_gmt":"2020-03-18T09:01:04","guid":{"rendered":"http:\/\/surmedicalisation.fr\/?page_id=5733"},"modified":"2020-03-19T18:46:07","modified_gmt":"2020-03-19T17:46:07","slug":"vendredi-matin-atelier-n1-colloque-2019","status":"publish","type":"page","link":"https:\/\/surmedicalisation.fr\/?page_id=5733","title":{"rendered":"Vendredi matin &#8211; Atelier N\u00b01 &#8211; Colloque 2019"},"content":{"rendered":"<p><script><span style=\"display: inline-block; width: 0px; overflow: hidden; line-height: 0;\" data-mce-type=\"bookmark\" class=\"mce_SELRES_start\">\ufeff<\/span><span style=\"display: inline-block; width: 0px; overflow: hidden; line-height: 0;\" data-mce-type=\"bookmark\" class=\"mce_SELRES_start\">\ufeff<\/span><span style=\"display: inline-block; width: 0px; overflow: hidden; line-height: 0;\" data-mce-type=\"bookmark\" class=\"mce_SELRES_start\">\ufeff<\/span><span style=\"display: inline-block; width: 0px; overflow: hidden; line-height: 0;\" data-mce-type=\"bookmark\" class=\"mce_SELRES_start\">\ufeff<\/span><span style=\"display: inline-block; width: 0px; overflow: hidden; line-height: 0;\" data-mce-type=\"bookmark\" class=\"mce_SELRES_start\">\ufeff<\/span><span style=\"display: inline-block; width: 0px; overflow: hidden; line-height: 0;\" data-mce-type=\"bookmark\" class=\"mce_SELRES_start\">\ufeff<\/span><span style=\"display: inline-block; width: 0px; overflow: hidden; line-height: 0;\" data-mce-type=\"bookmark\" class=\"mce_SELRES_start\">\ufeff<\/span><span style=\"display: inline-block; width: 0px; overflow: hidden; line-height: 0;\" data-mce-type=\"bookmark\" class=\"mce_SELRES_start\">\ufeff<\/span><span style=\"display: inline-block; width: 0px; overflow: hidden; line-height: 0;\" data-mce-type=\"bookmark\" class=\"mce_SELRES_start\">\ufeff<\/span><span style=\"display: inline-block; width: 0px; overflow: hidden; line-height: 0;\" data-mce-type=\"bookmark\" class=\"mce_SELRES_start\">\ufeff<\/span><span style=\"display: inline-block; width: 0px; overflow: hidden; line-height: 0;\" data-mce-type=\"bookmark\" class=\"mce_SELRES_start\">\ufeff<\/span><span style=\"display: inline-block; width: 0px; overflow: hidden; line-height: 0;\" data-mce-type=\"bookmark\" class=\"mce_SELRES_start\">\ufeff<\/span><span style=\"display: inline-block; width: 0px; overflow: hidden; line-height: 0;\" data-mce-type=\"bookmark\" class=\"mce_SELRES_start\">\ufeff<\/span><span style=\"display: inline-block; width: 0px; overflow: hidden; line-height: 0;\" data-mce-type=\"bookmark\" class=\"mce_SELRES_start\">\ufeff<\/span><span style=\"display: inline-block; width: 0px; overflow: hidden; line-height: 0;\" data-mce-type=\"bookmark\" class=\"mce_SELRES_start\">\ufeff<\/span>\n  (function(i,s,o,g,r,a,m){i['GoogleAnalyticsObject']=r;i[r]=i[r]||function(){\n  (i[r].q=i[r].q||[]).push(arguments)},i[r].l=1*new Date();a=s.createElement(o),\n  m=s.getElementsByTagName(o)[0];a.async=1;a.src=g;m.parentNode.insertBefore(a,m)\n  })(window,document,'script','https:\/\/www.google-analytics.com\/analytics.js','ga');<\/p>\n<p>  ga('create', 'UA-40453293-1', 'auto');\n  ga('send', 'pageview');<\/p>\n<p><\/script><\/p>\n<p>&nbsp;<\/p>\n<h4><\/h4>\n<h1 style=\"text-align: center;\">8<sup>\u00e8me<\/sup> colloque de Bobigny :<\/h1>\n<h1 style=\"text-align: center;\"><strong>\u00ab L\u2019int\u00e9r\u00eat public face \u00e0 l\u2019extension du domaine du pathologique \u00bb<\/strong><\/h1>\n<h2 style=\"text-align: center;\"><strong>Vendredi 29 novembre 2019 &#8211; matin\u00e9e<\/strong><\/h2>\n<p>&nbsp;<\/p>\n<h4>Pour \u00e9couter les enregistrements audio, visionner les pr\u00e9sentations diapositives sonoris\u00e9es et pour t\u00e9l\u00e9charger les versions pdf des pr\u00e9sentations diapositives de cette page web, vous pourrez utiliser les logiciels libres suivants :<\/h4>\n<h4 style=\"text-align: justify;\">&#8211; VLC M\u00e9dia Player (t\u00e9l\u00e9chargeable : <a href=\"https:\/\/get.videolan.org\/vlc\/3.0.4\/win64\/vlc-3.0.4-win64.exe\" target=\"_blank\" rel=\"noopener noreferrer\">ici<\/a>) pour les fichiers audio .wav<br \/>\n&#8211; La visionneuse PowerPoint (\u00e0 t\u00e9l\u00e9charger et installer gratuitement si vous ne disposez pas de PowerPoint, en cliquant : <a href=\"https:\/\/www.commentcamarche.net\/download\/telecharger-208-powerpoint-viewer\" target=\"_blank\" rel=\"noopener noreferrer\">ici<\/a>) pour les pr\u00e9sentations diapositives sonoris\u00e9es<br \/>\n&#8211; Adobe Acrobat Reader DC (<a href=\"https:\/\/get.adobe.com\/fr\/reader\/\" target=\"_blank\" rel=\"noopener noreferrer\">ici<\/a>) pour ouvrir les fichiers .pdf<\/h4>\n<h4 style=\"text-align: justify;\"><strong>Remarque importante<\/strong> : <span style=\"color: #ff0000;\">Pour que les diapos restent parfaitement synchronis\u00e9es avec le fichier audio, il est n\u00e9cessaire d\u2019ouvrir les fichiers PowerPoint \u00ab .ppsx \u00bb avec la visionneuse PWP<\/span> (lien de t\u00e9l\u00e9chargement ci-dessus), et non pas avec PowerPoint, qui retarde le passage des diapositives jusqu&rsquo;\u00e0 accuser un d\u00e9calage pouvant \u00eatre important en fin de pr\u00e9sentation.<\/h4>\n<h2><\/h2>\n<p>&nbsp;<\/p>\n<p>&nbsp;<\/p>\n<p><a name=\"Intro_Omar_BRIXI\"><\/a><\/p>\n<h2 style=\"text-align: center;\"><strong>Dr Omar BRIXI<\/strong><\/h2>\n<h2 style=\"text-align: center;\">Introduction du 8\u00e8me colloque<\/h2>\n<p><span style=\"font-size: 10pt;\">Cliquer pour ouvrir\u00a0\u00a0\u00a0\u00a0\u00a0\u00a0\u00a0\u00a0\u00a0\u00a0\u00a0\u00a0\u00a0\u00a0\u00a0\u00a0\u00a0\u00a0 Mettez vos \u00e9couteurs et cliquer ci-dessous pour\u00a0\u00a0\u00a0\u00a0\u00a0\u00a0\u00a0\u00a0\u00a0\u00a0\u00a0\u00a0\u00a0\u00a0\u00a0\u00a0\u00a0\u00a0\u00a0\u00a0 Cliquer pour ouvrir<\/span><br \/>\n<span style=\"font-size: 10pt;\">l&rsquo;enregistrement audio\u00a0\u00a0\u00a0\u00a0\u00a0\u00a0\u00a0\u00a0\u00a0\u00a0\u00a0\u00a0\u00a0\u00a0 ouvrir la pr\u00e9sentation diapositives sonoris\u00e9e\u00a0\u00a0\u00a0\u00a0\u00a0\u00a0\u00a0\u00a0\u00a0\u00a0\u00a0\u00a0\u00a0\u00a0\u00a0\u00a0\u00a0\u00a0\u00a0\u00a0\u00a0\u00a0\u00a0 la version .pdf<\/span><br \/>\n<a href=\"http:\/\/surmedicalisation.fr\/blog\/WordPress3\/wp-content\/uploads\/2020\/03\/1_Introduction_pr\u00e9sentation_colloque_2019_Omar_BRIXI_corr.mp3\" rel=\"noopener noreferrer\"><img loading=\"lazy\" class=\"alignleft wp-image-5046\" src=\"http:\/\/surmedicalisation.fr\/blog\/WordPress3\/wp-content\/uploads\/2018\/11\/Fichier_audio_logo_haut-parleur.jpg\" alt=\"\" width=\"100\" height=\"100\" \/><\/a><a href=\"http:\/\/surmedicalisation.fr\/blog\/WordPress3\/wp-content\/uploads\/2020\/03\/Omar_BRIXI_Intro-8eme-colloque_29-11-2019.pdf\" target=\"_blank\" rel=\"noopener noreferrer\"><img loading=\"lazy\" class=\"wp-image-5051 alignright\" src=\"http:\/\/surmedicalisation.fr\/blog\/WordPress3\/wp-content\/uploads\/2018\/11\/pdf_logo.jpg\" alt=\"\" width=\"93\" height=\"100\" \/><\/a><a href=\"http:\/\/surmedicalisation.fr\/blog\/WordPress3\/wp-content\/uploads\/2020\/02\/Omar_BRIXI_Intro-8eme-colloque_29-11-2019_sonoris\u00e9.ppsx\" target=\"_blank\" rel=\"noopener noreferrer\"><img loading=\"lazy\" class=\"alignnone wp-image-5735\" style=\"border-style: solid;\" src=\"http:\/\/surmedicalisation.fr\/blog\/WordPress3\/wp-content\/uploads\/2020\/03\/Omar_BRIXI_Intro-8eme-colloque_29-11-2019-300x169.jpg\" alt=\"\" width=\"362\" height=\"204\" srcset=\"https:\/\/surmedicalisation.fr\/blog\/WordPress3\/wp-content\/uploads\/2020\/03\/Omar_BRIXI_Intro-8eme-colloque_29-11-2019-300x169.jpg 300w, https:\/\/surmedicalisation.fr\/blog\/WordPress3\/wp-content\/uploads\/2020\/03\/Omar_BRIXI_Intro-8eme-colloque_29-11-2019-1024x576.jpg 1024w, https:\/\/surmedicalisation.fr\/blog\/WordPress3\/wp-content\/uploads\/2020\/03\/Omar_BRIXI_Intro-8eme-colloque_29-11-2019-768x432.jpg 768w, https:\/\/surmedicalisation.fr\/blog\/WordPress3\/wp-content\/uploads\/2020\/03\/Omar_BRIXI_Intro-8eme-colloque_29-11-2019.jpg 1280w\" sizes=\"(max-width: 362px) 100vw, 362px\" \/><\/a><\/p>\n<p>&nbsp;<\/p>\n<hr \/>\n<p><a name=\"Conf_MT_2019\"><\/a><\/p>\n<h2 style=\"text-align: center;\"><strong>Pr. Michel THOMAS<\/strong><\/h2>\n<h2 style=\"text-align: center;\">Conf\u00e9rence<\/h2>\n<p>&nbsp;<\/p>\n<h1 style=\"text-align: center;\"><strong>\u00ab La sur-sp\u00e9cialisation des \u00e9tudes et<br \/>\nde la pratique m\u00e9dicale comme facteur de l\u2019extension du domaine du pathologique \u00bb<\/strong><\/h1>\n<p>&nbsp;<\/p>\n<p><span style=\"font-size: 10pt;\">Cliquer pour ouvrir\u00a0\u00a0\u00a0\u00a0\u00a0\u00a0\u00a0\u00a0\u00a0\u00a0\u00a0\u00a0\u00a0\u00a0\u00a0\u00a0\u00a0\u00a0\u00a0\u00a0 Mettez vos \u00e9couteurs et cliquer ci-dessous pour\u00a0\u00a0\u00a0\u00a0\u00a0\u00a0\u00a0\u00a0\u00a0\u00a0\u00a0\u00a0\u00a0 Cliquer pour ouvrir<\/span><br \/>\n<span style=\"font-size: 10pt;\">l&rsquo;enregistrement audio\u00a0\u00a0\u00a0\u00a0\u00a0\u00a0\u00a0\u00a0\u00a0\u00a0\u00a0\u00a0\u00a0\u00a0 ouvrir la pr\u00e9sentation diapositives sonoris\u00e9e\u00a0\u00a0\u00a0\u00a0\u00a0\u00a0\u00a0\u00a0\u00a0\u00a0\u00a0\u00a0\u00a0\u00a0\u00a0\u00a0\u00a0\u00a0\u00a0\u00a0\u00a0\u00a0 la version .pdf<\/span><br \/>\n<a href=\"http:\/\/surmedicalisation.fr\/blog\/WordPress3\/wp-content\/uploads\/2020\/03\/2_Michel_THOMAS_conf\u00e9rence_sur-sp\u00e9cialisation_facteur_de_surm\u00e9dicalisation_colloque_2019_corr.mp3\" rel=\"noopener noreferrer\"><img loading=\"lazy\" class=\"alignleft wp-image-5046\" src=\"http:\/\/surmedicalisation.fr\/blog\/WordPress3\/wp-content\/uploads\/2018\/11\/Fichier_audio_logo_haut-parleur.jpg\" alt=\"\" width=\"100\" height=\"100\" \/><\/a><a href=\"http:\/\/surmedicalisation.fr\/blog\/WordPress3\/wp-content\/uploads\/2020\/03\/MT_surspecialisation-et-extension-du-pathologique.pdf\" target=\"_blank\" rel=\"noopener noreferrer\"><img loading=\"lazy\" class=\"wp-image-5051 alignright\" src=\"http:\/\/surmedicalisation.fr\/blog\/WordPress3\/wp-content\/uploads\/2018\/11\/pdf_logo.jpg\" alt=\"\" width=\"93\" height=\"100\" \/><\/a><a href=\"http:\/\/surmedicalisation.fr\/blog\/WordPress3\/wp-content\/uploads\/2020\/02\/Michel_THOMAS_Conf\u00e9rence_sursp\u00e9cialisation-et-extension-du-pathologique_Colloque_2019_sonoris\u00e9.ppsx\" target=\"_blank\" rel=\"noopener noreferrer\"><img loading=\"lazy\" class=\"alignnone wp-image-5749\" src=\"http:\/\/surmedicalisation.fr\/blog\/WordPress3\/wp-content\/uploads\/2020\/03\/MT_surspecialisation-et-extension-du-pathologique-300x225.jpg\" alt=\"\" width=\"362\" height=\"272\" srcset=\"https:\/\/surmedicalisation.fr\/blog\/WordPress3\/wp-content\/uploads\/2020\/03\/MT_surspecialisation-et-extension-du-pathologique-300x225.jpg 300w, https:\/\/surmedicalisation.fr\/blog\/WordPress3\/wp-content\/uploads\/2020\/03\/MT_surspecialisation-et-extension-du-pathologique-768x576.jpg 768w, https:\/\/surmedicalisation.fr\/blog\/WordPress3\/wp-content\/uploads\/2020\/03\/MT_surspecialisation-et-extension-du-pathologique.jpg 960w\" sizes=\"(max-width: 362px) 100vw, 362px\" \/><\/a><br \/>\n<a name=\"Discussion_sp\u00e9cialistes\"><\/a><\/p>\n<h2 style=\"text-align: center;\">Discussion<\/h2>\n<p><a href=\"http:\/\/surmedicalisation.fr\/blog\/WordPress3\/wp-content\/uploads\/2020\/03\/3_Discussion_apr\u00e8s_conf\u00e9rence_Michel_THOMAS_colloque_2019_corr.mp3\" rel=\"noopener noreferrer\"><img loading=\"lazy\" class=\"wp-image-5046 aligncenter\" src=\"http:\/\/surmedicalisation.fr\/blog\/WordPress3\/wp-content\/uploads\/2018\/11\/Fichier_audio_logo_haut-parleur.jpg\" alt=\"\" width=\"100\" height=\"100\" \/><\/a><\/p>\n<hr \/>\n<p><a name=\"MT_intro_Atelier_1\"><\/a><\/p>\n<h2 style=\"text-align: center;\"><strong>Pr. Michel THOMAS<\/strong><\/h2>\n<h2 style=\"text-align: center;\">Pr\u00e9sentation de l&rsquo;atelier N\u00b01<\/h2>\n<p>&nbsp;<\/p>\n<h1 style=\"text-align: center;\"><strong>\u00ab Le mal-\u00eatre et les \u00ab\u00a0maladies soci\u00e9tales\u00a0\u00bb, l\u2019extension du domaine de certains diagnostics, facteurs de transformation de sujets normaux en malades \u00bb<\/strong><\/h1>\n<p>&nbsp;<\/p>\n<p><span style=\"font-size: 10pt;\">Cliquer pour ouvrir\u00a0\u00a0\u00a0\u00a0\u00a0\u00a0\u00a0\u00a0\u00a0\u00a0\u00a0\u00a0\u00a0\u00a0\u00a0\u00a0\u00a0\u00a0 Mettez vos \u00e9couteurs et cliquer ci-dessous pour\u00a0\u00a0\u00a0\u00a0\u00a0\u00a0\u00a0\u00a0\u00a0\u00a0\u00a0\u00a0\u00a0\u00a0\u00a0 Cliquer pour ouvrir<\/span><br \/>\n<span style=\"font-size: 10pt;\">l&rsquo;enregistrement audio\u00a0\u00a0\u00a0\u00a0\u00a0\u00a0\u00a0\u00a0\u00a0\u00a0\u00a0\u00a0 ouvrir la pr\u00e9sentation diapositives sonoris\u00e9e\u00a0\u00a0\u00a0\u00a0\u00a0\u00a0\u00a0\u00a0\u00a0\u00a0\u00a0\u00a0\u00a0\u00a0\u00a0\u00a0\u00a0\u00a0\u00a0\u00a0\u00a0\u00a0\u00a0 la version .pdf<\/span><br \/>\n<a href=\"http:\/\/surmedicalisation.fr\/blog\/WordPress3\/wp-content\/uploads\/2020\/03\/4_Michel_THOMAS_pr\u00e9sentation_Atelier_N\u00b01_colloque_2019_corr.mp3\" rel=\"noopener noreferrer\"><img loading=\"lazy\" class=\"alignleft wp-image-5046\" src=\"http:\/\/surmedicalisation.fr\/blog\/WordPress3\/wp-content\/uploads\/2018\/11\/Fichier_audio_logo_haut-parleur.jpg\" alt=\"\" width=\"100\" height=\"100\" \/><\/a><a href=\"http:\/\/surmedicalisation.fr\/blog\/WordPress3\/wp-content\/uploads\/2020\/03\/Michel_THOMAS_Pr\u00e9sentation-atelier-N\u00b01-Colloque-2019.pdf\" target=\"_blank\" rel=\"noopener noreferrer\"><img loading=\"lazy\" class=\"wp-image-5051 alignright\" src=\"http:\/\/surmedicalisation.fr\/blog\/WordPress3\/wp-content\/uploads\/2018\/11\/pdf_logo.jpg\" alt=\"\" width=\"93\" height=\"100\" \/><\/a><a href=\"http:\/\/surmedicalisation.fr\/blog\/WordPress3\/wp-content\/uploads\/2020\/02\/Michel_THOMAS_Pr\u00e9sentation-atelier-N\u00b01-Colloque-2019_Sonoris\u00e9.ppsx\" target=\"_blank\" rel=\"noopener noreferrer\"><img loading=\"lazy\" class=\"alignleft wp-image-5784\" src=\"http:\/\/surmedicalisation.fr\/blog\/WordPress3\/wp-content\/uploads\/2020\/03\/Michel_THOMAS_Pr\u00e9sentation-atelier-N\u00b01-Colloque-2019-300x225.jpg\" alt=\"\" width=\"362\" height=\"272\" srcset=\"https:\/\/surmedicalisation.fr\/blog\/WordPress3\/wp-content\/uploads\/2020\/03\/Michel_THOMAS_Pr\u00e9sentation-atelier-N\u00b01-Colloque-2019-300x225.jpg 300w, https:\/\/surmedicalisation.fr\/blog\/WordPress3\/wp-content\/uploads\/2020\/03\/Michel_THOMAS_Pr\u00e9sentation-atelier-N\u00b01-Colloque-2019-768x576.jpg 768w, https:\/\/surmedicalisation.fr\/blog\/WordPress3\/wp-content\/uploads\/2020\/03\/Michel_THOMAS_Pr\u00e9sentation-atelier-N\u00b01-Colloque-2019.jpg 960w\" sizes=\"(max-width: 362px) 100vw, 362px\" \/><\/a><\/p>\n<p>&nbsp;<\/p>\n<p>&nbsp;<\/p>\n<p>&nbsp;<\/p>\n<p>&nbsp;<\/p>\n<p>&nbsp;<\/p>\n<hr \/>\n<p><a name=\"CO\"><\/a><\/p>\n<h2 style=\"text-align: center;\">Communications orales<\/h2>\n<p>&nbsp;<\/p>\n<p><a name=\"Nouveaux_territoires_extra-m\u00e9dicalisation\"><\/a><\/p>\n<h2 style=\"text-align: center;\"><strong>Florence TABOULET<\/strong>, Bettina COUDERC<\/h2>\n<p>&nbsp;<\/p>\n<h1 style=\"text-align: center;\"><strong>\u00ab\u00a0Les nouveaux territoires de l\u2019extra-m\u00e9dicalisation \u00bb<\/strong><\/h1>\n<p>&nbsp;<\/p>\n<p>&nbsp;<\/p>\n<p><span style=\"font-size: 10pt;\">Cliquer pour ouvrir\u00a0\u00a0\u00a0\u00a0\u00a0\u00a0\u00a0\u00a0\u00a0\u00a0\u00a0\u00a0\u00a0\u00a0\u00a0 Mettez vos \u00e9couteurs et cliquer ci-dessous pour\u00a0\u00a0\u00a0\u00a0\u00a0\u00a0\u00a0\u00a0\u00a0\u00a0\u00a0\u00a0\u00a0\u00a0\u00a0\u00a0 \u00a0 \u00a0 \u00a0\u00a0\u00a0 Cliquer pour ouvrir<\/span><br \/>\n<span style=\"font-size: 10pt;\">l&rsquo;enregistrement audio\u00a0\u00a0\u00a0\u00a0\u00a0\u00a0\u00a0\u00a0\u00a0\u00a0\u00a0\u00a0 ouvrir la pr\u00e9sentation diapositives sonoris\u00e9e\u00a0\u00a0\u00a0\u00a0\u00a0\u00a0\u00a0\u00a0\u00a0\u00a0\u00a0\u00a0\u00a0\u00a0\u00a0\u00a0\u00a0\u00a0\u00a0\u00a0 \u00a0 \u00a0 \u00a0\u00a0 la version .pdf<\/span><br \/>\n<a href=\"http:\/\/surmedicalisation.fr\/blog\/WordPress3\/wp-content\/uploads\/2020\/03\/5_Florence_TABOULET_Les-nouveaux-territoires-de-l\u2019extra-m\u00e9dicalisation_avec_intro_Colloque_2019_corr.mp3\" rel=\"noopener noreferrer\"><img loading=\"lazy\" class=\"alignleft wp-image-5046\" src=\"http:\/\/surmedicalisation.fr\/blog\/WordPress3\/wp-content\/uploads\/2018\/11\/Fichier_audio_logo_haut-parleur.jpg\" alt=\"\" width=\"100\" height=\"100\" \/><\/a><a href=\"http:\/\/surmedicalisation.fr\/blog\/WordPress3\/wp-content\/uploads\/2020\/03\/Pr_Florence_TABOULET_Nouveaux-territoires_extram\u00e9dicalisation_Colloque_2019.pdf\" target=\"_blank\" rel=\"noopener noreferrer\"><img loading=\"lazy\" class=\"wp-image-5051 alignright\" src=\"http:\/\/surmedicalisation.fr\/blog\/WordPress3\/wp-content\/uploads\/2018\/11\/pdf_logo.jpg\" alt=\"\" width=\"93\" height=\"100\" \/><\/a><a href=\"http:\/\/surmedicalisation.fr\/blog\/WordPress3\/wp-content\/uploads\/2020\/02\/Pr_Florence_TABOULET_Nouveaux-territoires_extram\u00e9dicalisation_Colloque_2019_Sonoris\u00e9.ppsx\" target=\"_blank\" rel=\"noopener noreferrer\"><img loading=\"lazy\" class=\"alignleft wp-image-5796\" style=\"border-style: solid;\" src=\"http:\/\/surmedicalisation.fr\/blog\/WordPress3\/wp-content\/uploads\/2020\/03\/Pr_Florence_TABOULET_Nouveaux-territoires_extram\u00e9dicalisation_Colloque_2019-300x225.jpg\" alt=\"\" width=\"362\" height=\"272\" srcset=\"https:\/\/surmedicalisation.fr\/blog\/WordPress3\/wp-content\/uploads\/2020\/03\/Pr_Florence_TABOULET_Nouveaux-territoires_extram\u00e9dicalisation_Colloque_2019-300x225.jpg 300w, https:\/\/surmedicalisation.fr\/blog\/WordPress3\/wp-content\/uploads\/2020\/03\/Pr_Florence_TABOULET_Nouveaux-territoires_extram\u00e9dicalisation_Colloque_2019-768x576.jpg 768w, https:\/\/surmedicalisation.fr\/blog\/WordPress3\/wp-content\/uploads\/2020\/03\/Pr_Florence_TABOULET_Nouveaux-territoires_extram\u00e9dicalisation_Colloque_2019.jpg 960w\" sizes=\"(max-width: 362px) 100vw, 362px\" \/><\/a><\/p>\n<p>&nbsp;<\/p>\n<p>&nbsp;<\/p>\n<p>&nbsp;<\/p>\n<p>&nbsp;<\/p>\n<p>&nbsp;<\/p>\n<p>&nbsp;<\/p>\n<p>&nbsp;<\/p>\n<p><a name=\"Discussion_extram\u00e9dicalisation\"><\/a><\/p>\n<h2 style=\"text-align: center;\">Discussion<\/h2>\n<p><a href=\"http:\/\/surmedicalisation.fr\/blog\/WordPress3\/wp-content\/uploads\/2020\/03\/6_Discussion_apr\u00e8s_extram\u00e9dicalisation_Florence_TABOULET_colloque_2019_corr.mp3\" rel=\"noopener noreferrer\"><img loading=\"lazy\" class=\"wp-image-5046 aligncenter\" src=\"http:\/\/surmedicalisation.fr\/blog\/WordPress3\/wp-content\/uploads\/2018\/11\/Fichier_audio_logo_haut-parleur.jpg\" alt=\"\" width=\"100\" height=\"100\" \/><\/a><\/p>\n<hr \/>\n<p>&nbsp;<\/p>\n<p>&nbsp;<\/p>\n<p>&nbsp;<\/p>\n<p>&nbsp;<\/p>\n<p>&nbsp;<\/p>\n<p><a name=\"Extension_remboursement_hors_pathologique\"><\/a><\/p>\n<h2 style=\"text-align: center;\"><strong>Florence TABOULET<\/strong>, Blandine JUILLARD-CONDAT<\/h2>\n<p>&nbsp;<\/p>\n<h1 style=\"text-align: center;\"><strong>\u00ab L\u2019extension du remboursement en dehors du pathologique : vers plus d\u2019\u00e9quit\u00e9 et d\u2019efficience \u00bb<\/strong><\/h1>\n<p>&nbsp;<\/p>\n<p><span style=\"font-size: 10pt;\">Cliquer pour ouvrir\u00a0\u00a0\u00a0\u00a0\u00a0\u00a0\u00a0\u00a0\u00a0\u00a0\u00a0\u00a0 Mettez vos \u00e9couteurs et cliquer ci-dessous pour\u00a0\u00a0\u00a0\u00a0\u00a0\u00a0\u00a0\u00a0\u00a0\u00a0\u00a0\u00a0\u00a0\u00a0\u00a0\u00a0\u00a0\u00a0\u00a0\u00a0\u00a0\u00a0\u00a0\u00a0\u00a0\u00a0\u00a0 Cliquer pour ouvrir<\/span><br \/>\n<span style=\"font-size: 10pt;\">l&rsquo;enregistrement audio\u00a0\u00a0\u00a0\u00a0\u00a0\u00a0\u00a0 ouvrir la pr\u00e9sentation diapositives sonoris\u00e9e\u00a0\u00a0\u00a0\u00a0\u00a0\u00a0\u00a0\u00a0\u00a0\u00a0\u00a0\u00a0\u00a0\u00a0\u00a0\u00a0\u00a0\u00a0\u00a0\u00a0\u00a0\u00a0\u00a0\u00a0\u00a0\u00a0\u00a0\u00a0\u00a0\u00a0\u00a0\u00a0\u00a0 la version .pdf<\/span><br \/>\n<a href=\"http:\/\/surmedicalisation.fr\/blog\/WordPress3\/wp-content\/uploads\/2020\/03\/7_Florence_TABOULET_Extension_du_remboursement_au-del\u00e0_du_pathologique_Colloque_2019_corr.mp3\" rel=\"noopener noreferrer\"><img loading=\"lazy\" class=\"alignleft wp-image-5046\" src=\"http:\/\/surmedicalisation.fr\/blog\/WordPress3\/wp-content\/uploads\/2018\/11\/Fichier_audio_logo_haut-parleur.jpg\" alt=\"\" width=\"100\" height=\"100\" \/><\/a><a href=\"http:\/\/surmedicalisation.fr\/blog\/WordPress3\/wp-content\/uploads\/2020\/03\/Pr_Florence_TABOULET_Extension_du_remboursement_au-del\u00e0_du_pathologique_colloque_2019.pdf\" target=\"_blank\" rel=\"noopener noreferrer\"><img loading=\"lazy\" class=\"wp-image-5051 alignright\" src=\"http:\/\/surmedicalisation.fr\/blog\/WordPress3\/wp-content\/uploads\/2018\/11\/pdf_logo.jpg\" alt=\"\" width=\"93\" height=\"100\" \/><\/a><a href=\"http:\/\/surmedicalisation.fr\/blog\/WordPress3\/wp-content\/uploads\/2020\/02\/Pr_Florence_TABOULET_Extension_du_remboursement_au-del\u00e0_du_pathologique_colloque_2019_sonoris\u00e9.ppsx\" target=\"_blank\" rel=\"noopener noreferrer\"><img loading=\"lazy\" class=\"alignleft wp-image-5806\" style=\"border-style: solid;\" src=\"http:\/\/surmedicalisation.fr\/blog\/WordPress3\/wp-content\/uploads\/2020\/03\/Pr_Florence_TABOULET_Extension_du_remboursement_au-del\u00e0_du_pathologique_colloque_2019-300x225.jpg\" alt=\"\" width=\"362\" height=\"272\" srcset=\"https:\/\/surmedicalisation.fr\/blog\/WordPress3\/wp-content\/uploads\/2020\/03\/Pr_Florence_TABOULET_Extension_du_remboursement_au-del\u00e0_du_pathologique_colloque_2019-300x225.jpg 300w, https:\/\/surmedicalisation.fr\/blog\/WordPress3\/wp-content\/uploads\/2020\/03\/Pr_Florence_TABOULET_Extension_du_remboursement_au-del\u00e0_du_pathologique_colloque_2019-768x576.jpg 768w, https:\/\/surmedicalisation.fr\/blog\/WordPress3\/wp-content\/uploads\/2020\/03\/Pr_Florence_TABOULET_Extension_du_remboursement_au-del\u00e0_du_pathologique_colloque_2019.jpg 960w\" sizes=\"(max-width: 362px) 100vw, 362px\" \/><\/a><\/p>\n<p>&nbsp;<\/p>\n<p>&nbsp;<\/p>\n<p>&nbsp;<\/p>\n<p>&nbsp;<\/p>\n<p>&nbsp;<\/p>\n<p>&nbsp;<\/p>\n<p>&nbsp;<\/p>\n<p>&nbsp;<\/p>\n<hr \/>\n<p><a name=\"MyPEBS_nouvel_essai_d\u00e9pistage_K_sein\"><\/a><\/p>\n<h2 style=\"text-align: center;\"><strong>Dr. C\u00e9cile BOUR, <\/strong>Dr. Jean DOUBOVETZKY<\/h2>\n<p>&nbsp;<\/p>\n<h1 style=\"text-align: center;\"><strong>\u00ab Le nouvel essai europ\u00e9en de d\u00e9pistage du cancer du sein \u00bb<\/strong><\/h1>\n<p>&nbsp;<\/p>\n<p><span style=\"font-size: 10pt;\">Cliquer pour ouvrir\u00a0\u00a0\u00a0\u00a0\u00a0\u00a0\u00a0\u00a0\u00a0\u00a0\u00a0\u00a0\u00a0 Mettez des \u00e9couteurs et cliquer ci-dessous pour\u00a0\u00a0\u00a0\u00a0\u00a0\u00a0\u00a0\u00a0\u00a0\u00a0\u00a0\u00a0\u00a0\u00a0\u00a0\u00a0\u00a0\u00a0\u00a0\u00a0\u00a0\u00a0 \u00a0\u00a0 Cliquer pour ouvrir<\/span><br \/>\n<span style=\"font-size: 10pt;\">l&rsquo;enregistrement audio \u00a0\u00a0\u00a0\u00a0\u00a0\u00a0\u00a0\u00a0 ouvrir la pr\u00e9sentation diapositives sonoris\u00e9e\u00a0\u00a0\u00a0\u00a0\u00a0\u00a0\u00a0\u00a0\u00a0\u00a0\u00a0\u00a0\u00a0\u00a0\u00a0\u00a0\u00a0\u00a0\u00a0\u00a0\u00a0\u00a0\u00a0\u00a0\u00a0\u00a0\u00a0\u00a0\u00a0 la version .pdf<\/span><br \/>\n<a href=\"http:\/\/surmedicalisation.fr\/blog\/WordPress3\/wp-content\/uploads\/2020\/03\/8_C\u00e9cile_BOUR_le_nouvel_essai_europ\u00e9en_de_d\u00e9pistage_des_K_sein_corr_aug.mp3\" rel=\"noopener noreferrer\"><img loading=\"lazy\" class=\"alignleft wp-image-5046\" src=\"http:\/\/surmedicalisation.fr\/blog\/WordPress3\/wp-content\/uploads\/2018\/11\/Fichier_audio_logo_haut-parleur.jpg\" alt=\"\" width=\"100\" height=\"100\" \/><\/a><a href=\"http:\/\/surmedicalisation.fr\/blog\/WordPress3\/wp-content\/uploads\/2020\/03\/C\u00e9cile_BOUR_Cancer-Rose_Etudes_non-inf\u00e9riorit\u00e9__Etude_MyPebs_Colloque_2019.pdf\" target=\"_blank\" rel=\"noopener noreferrer\"><img loading=\"lazy\" class=\"wp-image-5051 alignright\" src=\"http:\/\/surmedicalisation.fr\/blog\/WordPress3\/wp-content\/uploads\/2018\/11\/pdf_logo.jpg\" alt=\"\" width=\"93\" height=\"100\" \/><\/a><a href=\"http:\/\/surmedicalisation.fr\/blog\/WordPress3\/wp-content\/uploads\/2020\/02\/C\u00e9cile_BOUR_Cancer-Rose_Etudes_non-inf\u00e9riorit\u00e9__Etude_MyPebs_Colloque_2019_sonoris\u00e9.ppsx\" target=\"_blank\" rel=\"noopener noreferrer\"><img loading=\"lazy\" class=\"alignleft wp-image-5812\" style=\"border-style: solid;\" src=\"http:\/\/surmedicalisation.fr\/blog\/WordPress3\/wp-content\/uploads\/2020\/03\/C\u00e9cile_BOUR_Cancer-Rose_Etudes_non-inf\u00e9riorit\u00e9__Etude_MyPebs_Colloque_2019-300x225.jpg\" alt=\"\" width=\"362\" height=\"272\" srcset=\"https:\/\/surmedicalisation.fr\/blog\/WordPress3\/wp-content\/uploads\/2020\/03\/C\u00e9cile_BOUR_Cancer-Rose_Etudes_non-inf\u00e9riorit\u00e9__Etude_MyPebs_Colloque_2019-300x225.jpg 300w, https:\/\/surmedicalisation.fr\/blog\/WordPress3\/wp-content\/uploads\/2020\/03\/C\u00e9cile_BOUR_Cancer-Rose_Etudes_non-inf\u00e9riorit\u00e9__Etude_MyPebs_Colloque_2019-768x576.jpg 768w, https:\/\/surmedicalisation.fr\/blog\/WordPress3\/wp-content\/uploads\/2020\/03\/C\u00e9cile_BOUR_Cancer-Rose_Etudes_non-inf\u00e9riorit\u00e9__Etude_MyPebs_Colloque_2019.jpg 960w\" sizes=\"(max-width: 362px) 100vw, 362px\" \/><\/a><\/p>\n<p>&nbsp;<\/p>\n<p>&nbsp;<\/p>\n<p>&nbsp;<\/p>\n<p>&nbsp;<\/p>\n<p>&nbsp;<\/p>\n<p>&nbsp;<\/p>\n<p>&nbsp;<\/p>\n<p><a name=\"Discussion_MyPEBS\"><\/a><\/p>\n<h2 style=\"text-align: center;\">Discussion<\/h2>\n<p><a href=\"http:\/\/surmedicalisation.fr\/blog\/WordPress3\/wp-content\/uploads\/2020\/03\/9_Discussion_apr\u00e8s_pr\u00e9sentation_C\u00e9cile_BOUR_Colloque_2019_corr.mp3\"><img loading=\"lazy\" class=\"wp-image-5046 aligncenter\" src=\"http:\/\/surmedicalisation.fr\/blog\/WordPress3\/wp-content\/uploads\/2018\/11\/Fichier_audio_logo_haut-parleur.jpg\" alt=\"\" width=\"100\" height=\"100\" \/><\/a><\/p>\n<p>&nbsp;<\/p>\n<p>&nbsp;<\/p>\n","protected":false},"excerpt":{"rendered":"<p>&nbsp; 8\u00e8me colloque de Bobigny : \u00ab L\u2019int\u00e9r\u00eat public face \u00e0 l\u2019extension du domaine du pathologique \u00bb Vendredi 29 novembre 2019 &#8211; matin\u00e9e &nbsp; Pour \u00e9couter les enregistrements audio, visionner les pr\u00e9sentations diapositives sonoris\u00e9es et pour t\u00e9l\u00e9charger les versions pdf &hellip; <a href=\"https:\/\/surmedicalisation.fr\/?page_id=5733\">Continuer la lecture <span class=\"meta-nav\">&rarr;<\/span><\/a><\/p>\n","protected":false},"author":1,"featured_media":0,"parent":5707,"menu_order":1,"comment_status":"closed","ping_status":"closed","template":"","meta":[],"_links":{"self":[{"href":"https:\/\/surmedicalisation.fr\/index.php?rest_route=\/wp\/v2\/pages\/5733"}],"collection":[{"href":"https:\/\/surmedicalisation.fr\/index.php?rest_route=\/wp\/v2\/pages"}],"about":[{"href":"https:\/\/surmedicalisation.fr\/index.php?rest_route=\/wp\/v2\/types\/page"}],"author":[{"embeddable":true,"href":"https:\/\/surmedicalisation.fr\/index.php?rest_route=\/wp\/v2\/users\/1"}],"replies":[{"embeddable":true,"href":"https:\/\/surmedicalisation.fr\/index.php?rest_route=%2Fwp%2Fv2%2Fcomments&post=5733"}],"version-history":[{"count":50,"href":"https:\/\/surmedicalisation.fr\/index.php?rest_route=\/wp\/v2\/pages\/5733\/revisions"}],"predecessor-version":[{"id":6013,"href":"https:\/\/surmedicalisation.fr\/index.php?rest_route=\/wp\/v2\/pages\/5733\/revisions\/6013"}],"up":[{"embeddable":true,"href":"https:\/\/surmedicalisation.fr\/index.php?rest_route=\/wp\/v2\/pages\/5707"}],"wp:attachment":[{"href":"https:\/\/surmedicalisation.fr\/index.php?rest_route=%2Fwp%2Fv2%2Fmedia&parent=5733"}],"curies":[{"name":"wp","href":"https:\/\/api.w.org\/{rel}","templated":true}]}}